{"id":16419,"date":"2020-09-22T15:48:01","date_gmt":"2020-09-22T15:48:01","guid":{"rendered":"https:\/\/cmnordeste.pt\/cultura\/?page_id=16419"},"modified":"2025-09-22T15:49:03","modified_gmt":"2025-09-22T15:49:03","slug":"centro-de-divulgacao-florestal-do-nordeste","status":"publish","type":"page","link":"https:\/\/cmnordeste.pt\/cultura\/museus-do_nordeste\/centro-de-divulgacao-florestal-do-nordeste\/","title":{"rendered":"Centro de Divulga\u00e7\u00e3o Florestal do Nordeste"},"content":{"rendered":"<script>fsg_json['fsg_post_16419'] = [\n{id: 16420, image: 'http:\/\/cmnordeste.pt\/cultura\/wp-content\/uploads\/sites\/4\/2020\/04\/centro_divulgacao_florestal_1.jpg', extlink: '', thumb: 'https:\/\/cmnordeste.pt\/cultura\/wp-content\/uploads\/sites\/4\/2020\/04\/centro_divulgacao_florestal_1-300x300.jpg', permalink: '<div class=\"galleria-layeritem\"><a title=\"Permalink\" href=\"https:\/\/cmnordeste.pt\/cultura\/museus-do_nordeste\/centro-de-divulgacao-florestal-do-nordeste\/#16420\"><div class=\"galleria-link-bookmark\"><\/div><\/a><\/div>', layer: '<div class=\"galleria-infolayer\"><div class=\"galleria-layeritem\" style=\"padding-right: 20px;\"><h1>centro divulgacao florestal 1<\/h1><\/div><div class=\"galleria-layeritem\"><a title=\"Permalink\" href=\"https:\/\/cmnordeste.pt\/cultura\/museus-do_nordeste\/centro-de-divulgacao-florestal-do-nordeste\/#16420\"><div class=\"galleria-link-bookmark\"><\/div><\/a><\/div><div class=\"galleria-layeritem\" style=\"padding-right: 20px;\"><\/div>'},\n{id: 16421, image: 'http:\/\/cmnordeste.pt\/cultura\/wp-content\/uploads\/sites\/4\/2020\/04\/centro_divulgacao_florestal_2.jpg', extlink: '', thumb: 'https:\/\/cmnordeste.pt\/cultura\/wp-content\/uploads\/sites\/4\/2020\/04\/centro_divulgacao_florestal_2-300x300.jpg', permalink: '<div class=\"galleria-layeritem\"><a title=\"Permalink\" href=\"https:\/\/cmnordeste.pt\/cultura\/museus-do_nordeste\/centro-de-divulgacao-florestal-do-nordeste\/#16421\"><div class=\"galleria-link-bookmark\"><\/div><\/a><\/div>', layer: '<div class=\"galleria-infolayer\"><div class=\"galleria-layeritem\" style=\"padding-right: 20px;\"><h1>centro divulgacao florestal 2<\/h1><\/div><div class=\"galleria-layeritem\"><a title=\"Permalink\" href=\"https:\/\/cmnordeste.pt\/cultura\/museus-do_nordeste\/centro-de-divulgacao-florestal-do-nordeste\/#16421\"><div class=\"galleria-link-bookmark\"><\/div><\/a><\/div><div class=\"galleria-layeritem\" style=\"padding-right: 20px;\"><\/div>'},\n{id: 16422, image: 'http:\/\/cmnordeste.pt\/cultura\/wp-content\/uploads\/sites\/4\/2020\/04\/centro_divulgacao_florestal_mapa.jpg', extlink: '', thumb: 'https:\/\/cmnordeste.pt\/cultura\/wp-content\/uploads\/sites\/4\/2020\/04\/centro_divulgacao_florestal_mapa-300x300.jpg', permalink: '<div class=\"galleria-layeritem\"><a title=\"Permalink\" href=\"https:\/\/cmnordeste.pt\/cultura\/museus-do_nordeste\/centro-de-divulgacao-florestal-do-nordeste\/#16422\"><div class=\"galleria-link-bookmark\"><\/div><\/a><\/div>', layer: '<div class=\"galleria-infolayer\"><div class=\"galleria-layeritem\" style=\"padding-right: 20px;\"><h1>centro divulgacao florestal mapa<\/h1><\/div><div class=\"galleria-layeritem\"><a title=\"Permalink\" href=\"https:\/\/cmnordeste.pt\/cultura\/museus-do_nordeste\/centro-de-divulgacao-florestal-do-nordeste\/#16422\"><div class=\"galleria-link-bookmark\"><\/div><\/a><\/div><div class=\"galleria-layeritem\" style=\"padding-right: 20px;\"><\/div>'}\n];<\/script>\n<p>O Centro de Divulga\u00e7\u00e3o Florestal do Nordeste, inaugurado em 2012, \u00e9 um espa\u00e7o de divulga\u00e7\u00e3o e informa\u00e7\u00e3o sobre a floresta, integrado na Reserva Florestal de Recreio do Viveiro do Nordeste e localizado no concelho onde se encontra a maior mancha florestal da ilha de S\u00e3o Miguel.<\/p>\n<p>Este centro divulga o trabalho realizado pelos Servi\u00e7os Florestais neste concelho desde meados do s\u00e9culo XX, e alerta para a import\u00e2ncia da preserva\u00e7\u00e3o do patrim\u00f3nio florestal dos A\u00e7ores como recurso essencial \u00e0 vida e \u00e0 sustentabilidade do territ\u00f3rio.<\/p>\n<p>Disp\u00f5e ainda de um pequeno n\u00facleo museol\u00f3gico com instrumentos que antigamente eram utilizados pelos guardas florestais.<\/p>\n<p><strong>Morada<\/strong>: Estrada Regional da Tronqueira (Poceir\u00e3o), 9630-171 Vila de Nordeste<\/p>\n<p><strong>Coordenadas Geogr\u00e1ficas:<\/strong><\/p>\n<div style=\"padding-left: 40px\"><strong>Longitude<\/strong> (x) = 662837.66; Latitude (y) = 4188374.26 (PTRA08\/UTM Fuso 26N)<\/div>\n<div style=\"padding-left: 40px\"><strong>Longitude<\/strong> (x) = -25.14979; Latitude (y) = 37.82827 (WGS 84)<\/div>\n<p><strong>Telefone<\/strong>: 296480570<\/p>\n<p><strong>Hor\u00e1rio<\/strong>:<\/p>\n<p>2\u00aa\u00a0 a 6.\u00aa feira das 09:00h \u00e0s 16:00h<\/p>\n<p>S\u00e1bado das 13:00h \u00e0s 18:00h<\/p>\n<p>Domingo &#8211; Marca\u00e7\u00e3o pr\u00e9via para grupos<\/p>\n<p><strong>Email<\/strong>: info.sfn@azores.gov.pt<\/p>\n<p><\/p>\n<p><a data-postid=\"fsg_post_16419\" data-imgid=\"16420\" href=\"https:\/\/cmnordeste.pt\/cultura\/wp-content\/uploads\/sites\/4\/2020\/04\/centro_divulgacao_florestal_1.jpg\"><img loading=\"lazy\" decoding=\"async\" title=\"centro divulgacao florestal 1\" src=\"https:\/\/cmnordeste.pt\/cultura\/wp-content\/uploads\/sites\/4\/2020\/04\/centro_divulgacao_florestal_1-768x512.jpg\" alt=\"centro divulgacao florestal 1\" class=\"_img_responsive_grid col-xs-12 col-sm-4 alignnone wp-image-16420 size-medium_large\" width=\"768\" height=\"512\" srcset=\"https:\/\/cmnordeste.pt\/cultura\/wp-content\/uploads\/sites\/4\/2020\/04\/centro_divulgacao_florestal_1-768x512.jpg 768w, https:\/\/cmnordeste.pt\/cultura\/wp-content\/uploads\/sites\/4\/2020\/04\/centro_divulgacao_florestal_1-1024x683.jpg 1024w, https:\/\/cmnordeste.pt\/cultura\/wp-content\/uploads\/sites\/4\/2020\/04\/centro_divulgacao_florestal_1.jpg 1200w\" sizes=\"auto, (max-width: 768px) 100vw, 768px\" \/><\/a><\/p>\n<p><a data-postid=\"fsg_post_16419\" data-imgid=\"16421\" href=\"https:\/\/cmnordeste.pt\/cultura\/wp-content\/uploads\/sites\/4\/2020\/04\/centro_divulgacao_florestal_2.jpg\"><img loading=\"lazy\" decoding=\"async\" title=\"centro divulgacao florestal 2\" src=\"https:\/\/cmnordeste.pt\/cultura\/wp-content\/uploads\/sites\/4\/2020\/04\/centro_divulgacao_florestal_2-768x512.jpg\" alt=\"centro divulgacao florestal 2\" class=\"_img_responsive_grid col-xs-12 col-sm-4 alignnone wp-image-16421 size-medium_large\" width=\"768\" height=\"512\" srcset=\"https:\/\/cmnordeste.pt\/cultura\/wp-content\/uploads\/sites\/4\/2020\/04\/centro_divulgacao_florestal_2-768x512.jpg 768w, https:\/\/cmnordeste.pt\/cultura\/wp-content\/uploads\/sites\/4\/2020\/04\/centro_divulgacao_florestal_2-1024x683.jpg 1024w, https:\/\/cmnordeste.pt\/cultura\/wp-content\/uploads\/sites\/4\/2020\/04\/centro_divulgacao_florestal_2.jpg 1200w\" sizes=\"auto, (max-width: 768px) 100vw, 768px\" \/><\/a><\/p>\n<p><a data-postid=\"fsg_post_16419\" data-imgid=\"16422\" href=\"https:\/\/cmnordeste.pt\/cultura\/wp-content\/uploads\/sites\/4\/2020\/04\/centro_divulgacao_florestal_mapa.jpg\"><img loading=\"lazy\" decoding=\"async\" title=\"centro divulgacao florestal mapa\" src=\"https:\/\/cmnordeste.pt\/cultura\/wp-content\/uploads\/sites\/4\/2020\/04\/centro_divulgacao_florestal_mapa-768x512.jpg\" alt=\"centro divulgacao florestal mapa\" class=\"_img_responsive_grid col-xs-12 col-sm-4 alignnone wp-image-16422 size-medium_large\" width=\"768\" height=\"512\" srcset=\"https:\/\/cmnordeste.pt\/cultura\/wp-content\/uploads\/sites\/4\/2020\/04\/centro_divulgacao_florestal_mapa-768x512.jpg 768w, https:\/\/cmnordeste.pt\/cultura\/wp-content\/uploads\/sites\/4\/2020\/04\/centro_divulgacao_florestal_mapa-1024x683.jpg 1024w, https:\/\/cmnordeste.pt\/cultura\/wp-content\/uploads\/sites\/4\/2020\/04\/centro_divulgacao_florestal_mapa.jpg 1200w\" sizes=\"auto, (max-width: 768px) 100vw, 768px\" \/><\/a><\/p>\n<p class=\"separador_bloco\">\n","protected":false},"excerpt":{"rendered":"<p>O Centro de Divulga\u00e7\u00e3o Florestal do Nordeste, inaugurado em 2012, \u00e9 um espa\u00e7o de divulga\u00e7\u00e3o e informa\u00e7\u00e3o sobre a floresta, integrado na Reserva Florestal de Recreio do Viveiro do Nordeste e localizado no concelho onde se encontra a maior mancha florestal da ilha de S\u00e3o Miguel. Este centro divulga o trabalho realizado pelos Servi\u00e7os Florestais [&hellip;]<\/p>\n","protected":false},"author":1,"featured_media":0,"parent":22,"menu_order":27,"comment_status":"closed","ping_status":"closed","template":"","meta":{"_acf_changed":false,"footnotes":""},"class_list":["post-16419","page","type-page","status-publish","hentry"],"acf":[],"yoast_head":"<!-- This site is optimized with the Yoast SEO plugin v27.4 - https:\/\/yoast.com\/product\/yoast-seo-wordpress\/ -->\n<title>Centro de Divulga\u00e7\u00e3o Florestal do Nordeste - Cultura<\/title>\n<meta name=\"robots\" content=\"index, follow, max-snippet:-1, max-image-preview:large, max-video-preview:-1\" \/>\n<link rel=\"canonical\" href=\"https:\/\/cmnordeste.pt\/cultura\/museus-do_nordeste\/centro-de-divulgacao-florestal-do-nordeste\/\" \/>\n<meta property=\"og:locale\" content=\"pt_PT\" \/>\n<meta property=\"og:type\" content=\"article\" \/>\n<meta property=\"og:title\" content=\"Centro de Divulga\u00e7\u00e3o Florestal do Nordeste - Cultura\" \/>\n<meta property=\"og:description\" content=\"O Centro de Divulga\u00e7\u00e3o Florestal do Nordeste, inaugurado em 2012, \u00e9 um espa\u00e7o de divulga\u00e7\u00e3o e informa\u00e7\u00e3o sobre a floresta, integrado na Reserva Florestal de Recreio do Viveiro do Nordeste e localizado no concelho onde se encontra a maior mancha florestal da ilha de S\u00e3o Miguel. Este centro divulga o trabalho realizado pelos Servi\u00e7os Florestais [&hellip;]\" \/>\n<meta property=\"og:url\" content=\"https:\/\/cmnordeste.pt\/cultura\/museus-do_nordeste\/centro-de-divulgacao-florestal-do-nordeste\/\" \/>\n<meta property=\"og:site_name\" content=\"Cultura\" \/>\n<meta property=\"article:modified_time\" content=\"2025-09-22T15:49:03+00:00\" \/>\n<meta property=\"og:image\" content=\"https:\/\/cmnordeste.pt\/cultura\/wp-content\/uploads\/sites\/4\/2020\/04\/centro_divulgacao_florestal_1-768x512.jpg\" \/>\n<meta name=\"twitter:card\" content=\"summary_large_image\" \/>\n<meta name=\"twitter:label1\" content=\"Tempo estimado de leitura\" \/>\n\t<meta name=\"twitter:data1\" content=\"1 minuto\" \/>\n<script type=\"application\/ld+json\" class=\"yoast-schema-graph\">{\"@context\":\"https:\\\/\\\/schema.org\",\"@graph\":[{\"@type\":\"WebPage\",\"@id\":\"https:\\\/\\\/cmnordeste.pt\\\/cultura\\\/museus-do_nordeste\\\/centro-de-divulgacao-florestal-do-nordeste\\\/\",\"url\":\"https:\\\/\\\/cmnordeste.pt\\\/cultura\\\/museus-do_nordeste\\\/centro-de-divulgacao-florestal-do-nordeste\\\/\",\"name\":\"Centro de Divulga\u00e7\u00e3o Florestal do Nordeste - Cultura\",\"isPartOf\":{\"@id\":\"https:\\\/\\\/cmnordeste.pt\\\/cultura\\\/#website\"},\"primaryImageOfPage\":{\"@id\":\"https:\\\/\\\/cmnordeste.pt\\\/cultura\\\/museus-do_nordeste\\\/centro-de-divulgacao-florestal-do-nordeste\\\/#primaryimage\"},\"image\":{\"@id\":\"https:\\\/\\\/cmnordeste.pt\\\/cultura\\\/museus-do_nordeste\\\/centro-de-divulgacao-florestal-do-nordeste\\\/#primaryimage\"},\"thumbnailUrl\":\"https:\\\/\\\/cmnordeste.pt\\\/cultura\\\/wp-content\\\/uploads\\\/sites\\\/4\\\/2020\\\/04\\\/centro_divulgacao_florestal_1-768x512.jpg\",\"datePublished\":\"2020-09-22T15:48:01+00:00\",\"dateModified\":\"2025-09-22T15:49:03+00:00\",\"breadcrumb\":{\"@id\":\"https:\\\/\\\/cmnordeste.pt\\\/cultura\\\/museus-do_nordeste\\\/centro-de-divulgacao-florestal-do-nordeste\\\/#breadcrumb\"},\"inLanguage\":\"pt-PT\",\"potentialAction\":[{\"@type\":\"ReadAction\",\"target\":[\"https:\\\/\\\/cmnordeste.pt\\\/cultura\\\/museus-do_nordeste\\\/centro-de-divulgacao-florestal-do-nordeste\\\/\"]}]},{\"@type\":\"ImageObject\",\"inLanguage\":\"pt-PT\",\"@id\":\"https:\\\/\\\/cmnordeste.pt\\\/cultura\\\/museus-do_nordeste\\\/centro-de-divulgacao-florestal-do-nordeste\\\/#primaryimage\",\"url\":\"https:\\\/\\\/cmnordeste.pt\\\/cultura\\\/wp-content\\\/uploads\\\/sites\\\/4\\\/2020\\\/04\\\/centro_divulgacao_florestal_1.jpg\",\"contentUrl\":\"https:\\\/\\\/cmnordeste.pt\\\/cultura\\\/wp-content\\\/uploads\\\/sites\\\/4\\\/2020\\\/04\\\/centro_divulgacao_florestal_1.jpg\",\"width\":1200,\"height\":800,\"caption\":\"centro divulgacao florestal 1\"},{\"@type\":\"BreadcrumbList\",\"@id\":\"https:\\\/\\\/cmnordeste.pt\\\/cultura\\\/museus-do_nordeste\\\/centro-de-divulgacao-florestal-do-nordeste\\\/#breadcrumb\",\"itemListElement\":[{\"@type\":\"ListItem\",\"position\":1,\"name\":\"In\u00edcio\",\"item\":\"https:\\\/\\\/cmnordeste.pt\\\/cultura\\\/\"},{\"@type\":\"ListItem\",\"position\":2,\"name\":\"Espa\u00e7os Museol\u00f3gicos e de Exposi\u00e7\u00e3o do Nordeste\",\"item\":\"https:\\\/\\\/cmnordeste.pt\\\/cultura\\\/museus-do_nordeste\\\/\"},{\"@type\":\"ListItem\",\"position\":3,\"name\":\"Centro de Divulga\u00e7\u00e3o Florestal do Nordeste\"}]},{\"@type\":\"WebSite\",\"@id\":\"https:\\\/\\\/cmnordeste.pt\\\/cultura\\\/#website\",\"url\":\"https:\\\/\\\/cmnordeste.pt\\\/cultura\\\/\",\"name\":\"Cultura\",\"description\":\"Nordeste - Cultura\",\"potentialAction\":[{\"@type\":\"SearchAction\",\"target\":{\"@type\":\"EntryPoint\",\"urlTemplate\":\"https:\\\/\\\/cmnordeste.pt\\\/cultura\\\/?s={search_term_string}\"},\"query-input\":{\"@type\":\"PropertyValueSpecification\",\"valueRequired\":true,\"valueName\":\"search_term_string\"}}],\"inLanguage\":\"pt-PT\"}]}<\/script>\n<!-- \/ Yoast SEO plugin. -->","yoast_head_json":{"title":"Centro de Divulga\u00e7\u00e3o Florestal do Nordeste - Cultura","robots":{"index":"index","follow":"follow","max-snippet":"max-snippet:-1","max-image-preview":"max-image-preview:large","max-video-preview":"max-video-preview:-1"},"canonical":"https:\/\/cmnordeste.pt\/cultura\/museus-do_nordeste\/centro-de-divulgacao-florestal-do-nordeste\/","og_locale":"pt_PT","og_type":"article","og_title":"Centro de Divulga\u00e7\u00e3o Florestal do Nordeste - Cultura","og_description":"O Centro de Divulga\u00e7\u00e3o Florestal do Nordeste, inaugurado em 2012, \u00e9 um espa\u00e7o de divulga\u00e7\u00e3o e informa\u00e7\u00e3o sobre a floresta, integrado na Reserva Florestal de Recreio do Viveiro do Nordeste e localizado no concelho onde se encontra a maior mancha florestal da ilha de S\u00e3o Miguel. Este centro divulga o trabalho realizado pelos Servi\u00e7os Florestais [&hellip;]","og_url":"https:\/\/cmnordeste.pt\/cultura\/museus-do_nordeste\/centro-de-divulgacao-florestal-do-nordeste\/","og_site_name":"Cultura","article_modified_time":"2025-09-22T15:49:03+00:00","og_image":[{"url":"https:\/\/cmnordeste.pt\/cultura\/wp-content\/uploads\/sites\/4\/2020\/04\/centro_divulgacao_florestal_1-768x512.jpg","type":"","width":"","height":""}],"twitter_card":"summary_large_image","twitter_misc":{"Tempo estimado de leitura":"1 minuto"},"schema":{"@context":"https:\/\/schema.org","@graph":[{"@type":"WebPage","@id":"https:\/\/cmnordeste.pt\/cultura\/museus-do_nordeste\/centro-de-divulgacao-florestal-do-nordeste\/","url":"https:\/\/cmnordeste.pt\/cultura\/museus-do_nordeste\/centro-de-divulgacao-florestal-do-nordeste\/","name":"Centro de Divulga\u00e7\u00e3o Florestal do Nordeste - Cultura","isPartOf":{"@id":"https:\/\/cmnordeste.pt\/cultura\/#website"},"primaryImageOfPage":{"@id":"https:\/\/cmnordeste.pt\/cultura\/museus-do_nordeste\/centro-de-divulgacao-florestal-do-nordeste\/#primaryimage"},"image":{"@id":"https:\/\/cmnordeste.pt\/cultura\/museus-do_nordeste\/centro-de-divulgacao-florestal-do-nordeste\/#primaryimage"},"thumbnailUrl":"https:\/\/cmnordeste.pt\/cultura\/wp-content\/uploads\/sites\/4\/2020\/04\/centro_divulgacao_florestal_1-768x512.jpg","datePublished":"2020-09-22T15:48:01+00:00","dateModified":"2025-09-22T15:49:03+00:00","breadcrumb":{"@id":"https:\/\/cmnordeste.pt\/cultura\/museus-do_nordeste\/centro-de-divulgacao-florestal-do-nordeste\/#breadcrumb"},"inLanguage":"pt-PT","potentialAction":[{"@type":"ReadAction","target":["https:\/\/cmnordeste.pt\/cultura\/museus-do_nordeste\/centro-de-divulgacao-florestal-do-nordeste\/"]}]},{"@type":"ImageObject","inLanguage":"pt-PT","@id":"https:\/\/cmnordeste.pt\/cultura\/museus-do_nordeste\/centro-de-divulgacao-florestal-do-nordeste\/#primaryimage","url":"https:\/\/cmnordeste.pt\/cultura\/wp-content\/uploads\/sites\/4\/2020\/04\/centro_divulgacao_florestal_1.jpg","contentUrl":"https:\/\/cmnordeste.pt\/cultura\/wp-content\/uploads\/sites\/4\/2020\/04\/centro_divulgacao_florestal_1.jpg","width":1200,"height":800,"caption":"centro divulgacao florestal 1"},{"@type":"BreadcrumbList","@id":"https:\/\/cmnordeste.pt\/cultura\/museus-do_nordeste\/centro-de-divulgacao-florestal-do-nordeste\/#breadcrumb","itemListElement":[{"@type":"ListItem","position":1,"name":"In\u00edcio","item":"https:\/\/cmnordeste.pt\/cultura\/"},{"@type":"ListItem","position":2,"name":"Espa\u00e7os Museol\u00f3gicos e de Exposi\u00e7\u00e3o do Nordeste","item":"https:\/\/cmnordeste.pt\/cultura\/museus-do_nordeste\/"},{"@type":"ListItem","position":3,"name":"Centro de Divulga\u00e7\u00e3o Florestal do Nordeste"}]},{"@type":"WebSite","@id":"https:\/\/cmnordeste.pt\/cultura\/#website","url":"https:\/\/cmnordeste.pt\/cultura\/","name":"Cultura","description":"Nordeste - Cultura","potentialAction":[{"@type":"SearchAction","target":{"@type":"EntryPoint","urlTemplate":"https:\/\/cmnordeste.pt\/cultura\/?s={search_term_string}"},"query-input":{"@type":"PropertyValueSpecification","valueRequired":true,"valueName":"search_term_string"}}],"inLanguage":"pt-PT"}]}},"_links":{"self":[{"href":"https:\/\/cmnordeste.pt\/cultura\/wp-json\/wp\/v2\/pages\/16419","targetHints":{"allow":["GET"]}}],"collection":[{"href":"https:\/\/cmnordeste.pt\/cultura\/wp-json\/wp\/v2\/pages"}],"about":[{"href":"https:\/\/cmnordeste.pt\/cultura\/wp-json\/wp\/v2\/types\/page"}],"author":[{"embeddable":true,"href":"https:\/\/cmnordeste.pt\/cultura\/wp-json\/wp\/v2\/users\/1"}],"replies":[{"embeddable":true,"href":"https:\/\/cmnordeste.pt\/cultura\/wp-json\/wp\/v2\/comments?post=16419"}],"version-history":[{"count":6,"href":"https:\/\/cmnordeste.pt\/cultura\/wp-json\/wp\/v2\/pages\/16419\/revisions"}],"predecessor-version":[{"id":16828,"href":"https:\/\/cmnordeste.pt\/cultura\/wp-json\/wp\/v2\/pages\/16419\/revisions\/16828"}],"up":[{"embeddable":true,"href":"https:\/\/cmnordeste.pt\/cultura\/wp-json\/wp\/v2\/pages\/22"}],"wp:attachment":[{"href":"https:\/\/cmnordeste.pt\/cultura\/wp-json\/wp\/v2\/media?parent=16419"}],"curies":[{"name":"wp","href":"https:\/\/api.w.org\/{rel}","templated":true}]}}