{"id":16528,"date":"2021-06-13T06:14:10","date_gmt":"2021-06-13T06:14:10","guid":{"rendered":"https:\/\/cmnordeste.pt\/cultura\/?page_id=16528"},"modified":"2021-09-13T16:34:59","modified_gmt":"2021-09-13T16:34:59","slug":"nucleo-museologico","status":"publish","type":"page","link":"https:\/\/cmnordeste.pt\/cultura\/casa-joao-de-melo\/visita-virtual\/nucleo-museologico\/","title":{"rendered":"Casa Jo\u00e3o de Melo &#8211; N\u00facleo museol\u00f3gico"},"content":{"rendered":"<p class=\"_citacao\">&#8220;Conheci os trens de cozinha, as trempes e peneiras, os talh\u00f5es de barro e os alguidares de Santa Maria, a engorda e a matan\u00e7a do porco, a venda de peixe ao cento para a salgadeira, tal como os torresmos e a carne de ca\u00e7oila. Muita sopa de fervedouro comi, e muita fatia de p\u00e3o de milho barrada com banha de porco, e outro tanto feij\u00e3o preto assado em forno de lenha. E caldos de toucinho de porco mal chamuscado, cujos p\u00ealos se viam \u00e0 transpar\u00eancia do couro e da gordura.&#8221; <strong>Jo\u00e3o de Melo<\/strong><\/p>\n<p>No \u00e2mbito museol\u00f3gico e etnogr\u00e1fico, apresenta-se uma exposi\u00e7\u00e3o permanente que aborda a tem\u00e1tica da casa tradicional a\u00e7oriana\/nordestense, com especial destaque para as cozinhas tradicionais, os objetos de uso di\u00e1rio, a confe\u00e7\u00e3o dos alimentos e algumas receitas locais. Os objetos expostos fazem parte do esp\u00f3lio do Museu Municipal Nestor de Sousa que passa a possuir um n\u00facleo na Achadinha para divulga\u00e7\u00e3o da tem\u00e1tica das habita\u00e7\u00f5es antigas.<\/p>\n<p><iframe style=\"width: 100%; height: 100%; min-height: 400px;\" src=\"https:\/\/momento360.com\/e\/u\/5f56b4e21f444286b9b2104ad168aa4c?utm_campaign=embed&amp;utm_source=other&amp;heading=0&amp;pitch=0&amp;field-of-view=75&amp;size=medium\" frameborder=\"0\"><span data-mce-type=\"bookmark\" style=\"display: inline-block; width: 0px; overflow: hidden; line-height: 0;\" class=\"mce_SELRES_start\">\ufeff<\/span><\/iframe><\/p>\n<p class=\"_citacao\">&#8220;(\u2026) recordo-me de vivermos numa casa pequena, com ch\u00e3o de terra batida e escura como o breu. As paredes n\u00e3o tinham cal nem outro qualquer revestimento, e traziam a pedra \u00e0 mostra. As portas e as janelas nunca tinham visto uma l\u00e1grima de tinta. Viam-se as telhas por cima dos barrotes armados sobre uma trave torta, a qual atravessava a casa de uma ponta \u00e0 outra (\u2026) Saindo a porta da cozinha para as traseiras, do lado de l\u00e1 da estrumeira, havia a arribana das reses, t\u00e3o baixa que alguns animais viviam como que agachados dentro dela&#8221;. <strong>Jo\u00e3o de Melo<\/strong><\/p>\n<p>No piso superior encontra-se uma recria\u00e7\u00e3o de um antigo quarto de dormir. A mob\u00edlia e os objetos pessoais deste quarto pertenciam aos pais da Sr.\u00aa Maria Rosa Machado Mendes, e foram doados ao Museu Municipal Nestor de Sousa em 2020, passando a integrar o n\u00facleo museol\u00f3gico da Casa Jo\u00e3o de Melo para que possam estar vis\u00edveis ao p\u00fablico.<\/p>\n<p><iframe style=\"width: 100%; height: 100%; min-height: 400px;\" src=\"https:\/\/momento360.com\/e\/u\/258ee836ef4b422f9ba048031297c475?utm_campaign=embed&amp;utm_source=other&amp;heading=0&amp;pitch=0&amp;field-of-view=75&amp;size=medium\" frameborder=\"0\"><span data-mce-type=\"bookmark\" style=\"display: inline-block; width: 0px; overflow: hidden; line-height: 0;\" class=\"mce_SELRES_start\">\ufeff<\/span><\/iframe><\/p>\n","protected":false},"excerpt":{"rendered":"<p>&#8220;Conheci os trens de cozinha, as trempes e peneiras, os talh\u00f5es de barro e os alguidares de Santa Maria, a engorda e a matan\u00e7a do porco, a venda de peixe ao cento para a salgadeira, tal como os torresmos e a carne de ca\u00e7oila. Muita sopa de fervedouro comi, e muita fatia de p\u00e3o de [&hellip;]<\/p>\n","protected":false},"author":1,"featured_media":0,"parent":16516,"menu_order":114,"comment_status":"closed","ping_status":"closed","template":"page-museu.php","meta":{"_acf_changed":false,"footnotes":""},"class_list":["post-16528","page","type-page","status-publish","hentry"],"acf":[],"yoast_head":"<!-- This site is optimized with the Yoast SEO plugin v27.4 - https:\/\/yoast.com\/product\/yoast-seo-wordpress\/ -->\n<title>Casa Jo\u00e3o de Melo - N\u00facleo museol\u00f3gico - Cultura<\/title>\n<meta name=\"robots\" content=\"index, follow, max-snippet:-1, max-image-preview:large, max-video-preview:-1\" \/>\n<link rel=\"canonical\" href=\"https:\/\/cmnordeste.pt\/cultura\/casa-joao-de-melo\/visita-virtual\/nucleo-museologico\/\" \/>\n<meta property=\"og:locale\" content=\"pt_PT\" \/>\n<meta property=\"og:type\" content=\"article\" \/>\n<meta property=\"og:title\" content=\"Casa Jo\u00e3o de Melo - N\u00facleo museol\u00f3gico - Cultura\" \/>\n<meta property=\"og:description\" content=\"&#8220;Conheci os trens de cozinha, as trempes e peneiras, os talh\u00f5es de barro e os alguidares de Santa Maria, a engorda e a matan\u00e7a do porco, a venda de peixe ao cento para a salgadeira, tal como os torresmos e a carne de ca\u00e7oila. Muita sopa de fervedouro comi, e muita fatia de p\u00e3o de [&hellip;]\" \/>\n<meta property=\"og:url\" content=\"https:\/\/cmnordeste.pt\/cultura\/casa-joao-de-melo\/visita-virtual\/nucleo-museologico\/\" \/>\n<meta property=\"og:site_name\" content=\"Cultura\" \/>\n<meta property=\"article:modified_time\" content=\"2021-09-13T16:34:59+00:00\" \/>\n<meta name=\"twitter:card\" content=\"summary_large_image\" \/>\n<meta name=\"twitter:label1\" content=\"Tempo estimado de leitura\" \/>\n\t<meta name=\"twitter:data1\" content=\"2 minutos\" \/>\n<script type=\"application\/ld+json\" class=\"yoast-schema-graph\">{\"@context\":\"https:\\\/\\\/schema.org\",\"@graph\":[{\"@type\":\"WebPage\",\"@id\":\"https:\\\/\\\/cmnordeste.pt\\\/cultura\\\/casa-joao-de-melo\\\/visita-virtual\\\/nucleo-museologico\\\/\",\"url\":\"https:\\\/\\\/cmnordeste.pt\\\/cultura\\\/casa-joao-de-melo\\\/visita-virtual\\\/nucleo-museologico\\\/\",\"name\":\"Casa Jo\u00e3o de Melo - N\u00facleo museol\u00f3gico - Cultura\",\"isPartOf\":{\"@id\":\"https:\\\/\\\/cmnordeste.pt\\\/cultura\\\/#website\"},\"datePublished\":\"2021-06-13T06:14:10+00:00\",\"dateModified\":\"2021-09-13T16:34:59+00:00\",\"breadcrumb\":{\"@id\":\"https:\\\/\\\/cmnordeste.pt\\\/cultura\\\/casa-joao-de-melo\\\/visita-virtual\\\/nucleo-museologico\\\/#breadcrumb\"},\"inLanguage\":\"pt-PT\",\"potentialAction\":[{\"@type\":\"ReadAction\",\"target\":[\"https:\\\/\\\/cmnordeste.pt\\\/cultura\\\/casa-joao-de-melo\\\/visita-virtual\\\/nucleo-museologico\\\/\"]}]},{\"@type\":\"BreadcrumbList\",\"@id\":\"https:\\\/\\\/cmnordeste.pt\\\/cultura\\\/casa-joao-de-melo\\\/visita-virtual\\\/nucleo-museologico\\\/#breadcrumb\",\"itemListElement\":[{\"@type\":\"ListItem\",\"position\":1,\"name\":\"In\u00edcio\",\"item\":\"https:\\\/\\\/cmnordeste.pt\\\/cultura\\\/\"},{\"@type\":\"ListItem\",\"position\":2,\"name\":\"Casa Jo\u00e3o de Melo\",\"item\":\"https:\\\/\\\/cmnordeste.pt\\\/cultura\\\/casa-joao-de-melo\\\/\"},{\"@type\":\"ListItem\",\"position\":3,\"name\":\"Casa Jo\u00e3o de Melo &#8211; Visita Virtual\",\"item\":\"https:\\\/\\\/cmnordeste.pt\\\/cultura\\\/casa-joao-de-melo\\\/visita-virtual\\\/\"},{\"@type\":\"ListItem\",\"position\":4,\"name\":\"Casa Jo\u00e3o de Melo &#8211; N\u00facleo museol\u00f3gico\"}]},{\"@type\":\"WebSite\",\"@id\":\"https:\\\/\\\/cmnordeste.pt\\\/cultura\\\/#website\",\"url\":\"https:\\\/\\\/cmnordeste.pt\\\/cultura\\\/\",\"name\":\"Cultura\",\"description\":\"Nordeste - Cultura\",\"potentialAction\":[{\"@type\":\"SearchAction\",\"target\":{\"@type\":\"EntryPoint\",\"urlTemplate\":\"https:\\\/\\\/cmnordeste.pt\\\/cultura\\\/?s={search_term_string}\"},\"query-input\":{\"@type\":\"PropertyValueSpecification\",\"valueRequired\":true,\"valueName\":\"search_term_string\"}}],\"inLanguage\":\"pt-PT\"}]}<\/script>\n<!-- \/ Yoast SEO plugin. -->","yoast_head_json":{"title":"Casa Jo\u00e3o de Melo - N\u00facleo museol\u00f3gico - Cultura","robots":{"index":"index","follow":"follow","max-snippet":"max-snippet:-1","max-image-preview":"max-image-preview:large","max-video-preview":"max-video-preview:-1"},"canonical":"https:\/\/cmnordeste.pt\/cultura\/casa-joao-de-melo\/visita-virtual\/nucleo-museologico\/","og_locale":"pt_PT","og_type":"article","og_title":"Casa Jo\u00e3o de Melo - N\u00facleo museol\u00f3gico - Cultura","og_description":"&#8220;Conheci os trens de cozinha, as trempes e peneiras, os talh\u00f5es de barro e os alguidares de Santa Maria, a engorda e a matan\u00e7a do porco, a venda de peixe ao cento para a salgadeira, tal como os torresmos e a carne de ca\u00e7oila. Muita sopa de fervedouro comi, e muita fatia de p\u00e3o de [&hellip;]","og_url":"https:\/\/cmnordeste.pt\/cultura\/casa-joao-de-melo\/visita-virtual\/nucleo-museologico\/","og_site_name":"Cultura","article_modified_time":"2021-09-13T16:34:59+00:00","twitter_card":"summary_large_image","twitter_misc":{"Tempo estimado de leitura":"2 minutos"},"schema":{"@context":"https:\/\/schema.org","@graph":[{"@type":"WebPage","@id":"https:\/\/cmnordeste.pt\/cultura\/casa-joao-de-melo\/visita-virtual\/nucleo-museologico\/","url":"https:\/\/cmnordeste.pt\/cultura\/casa-joao-de-melo\/visita-virtual\/nucleo-museologico\/","name":"Casa Jo\u00e3o de Melo - N\u00facleo museol\u00f3gico - Cultura","isPartOf":{"@id":"https:\/\/cmnordeste.pt\/cultura\/#website"},"datePublished":"2021-06-13T06:14:10+00:00","dateModified":"2021-09-13T16:34:59+00:00","breadcrumb":{"@id":"https:\/\/cmnordeste.pt\/cultura\/casa-joao-de-melo\/visita-virtual\/nucleo-museologico\/#breadcrumb"},"inLanguage":"pt-PT","potentialAction":[{"@type":"ReadAction","target":["https:\/\/cmnordeste.pt\/cultura\/casa-joao-de-melo\/visita-virtual\/nucleo-museologico\/"]}]},{"@type":"BreadcrumbList","@id":"https:\/\/cmnordeste.pt\/cultura\/casa-joao-de-melo\/visita-virtual\/nucleo-museologico\/#breadcrumb","itemListElement":[{"@type":"ListItem","position":1,"name":"In\u00edcio","item":"https:\/\/cmnordeste.pt\/cultura\/"},{"@type":"ListItem","position":2,"name":"Casa Jo\u00e3o de Melo","item":"https:\/\/cmnordeste.pt\/cultura\/casa-joao-de-melo\/"},{"@type":"ListItem","position":3,"name":"Casa Jo\u00e3o de Melo &#8211; Visita Virtual","item":"https:\/\/cmnordeste.pt\/cultura\/casa-joao-de-melo\/visita-virtual\/"},{"@type":"ListItem","position":4,"name":"Casa Jo\u00e3o de Melo &#8211; N\u00facleo museol\u00f3gico"}]},{"@type":"WebSite","@id":"https:\/\/cmnordeste.pt\/cultura\/#website","url":"https:\/\/cmnordeste.pt\/cultura\/","name":"Cultura","description":"Nordeste - Cultura","potentialAction":[{"@type":"SearchAction","target":{"@type":"EntryPoint","urlTemplate":"https:\/\/cmnordeste.pt\/cultura\/?s={search_term_string}"},"query-input":{"@type":"PropertyValueSpecification","valueRequired":true,"valueName":"search_term_string"}}],"inLanguage":"pt-PT"}]}},"_links":{"self":[{"href":"https:\/\/cmnordeste.pt\/cultura\/wp-json\/wp\/v2\/pages\/16528","targetHints":{"allow":["GET"]}}],"collection":[{"href":"https:\/\/cmnordeste.pt\/cultura\/wp-json\/wp\/v2\/pages"}],"about":[{"href":"https:\/\/cmnordeste.pt\/cultura\/wp-json\/wp\/v2\/types\/page"}],"author":[{"embeddable":true,"href":"https:\/\/cmnordeste.pt\/cultura\/wp-json\/wp\/v2\/users\/1"}],"replies":[{"embeddable":true,"href":"https:\/\/cmnordeste.pt\/cultura\/wp-json\/wp\/v2\/comments?post=16528"}],"version-history":[{"count":4,"href":"https:\/\/cmnordeste.pt\/cultura\/wp-json\/wp\/v2\/pages\/16528\/revisions"}],"predecessor-version":[{"id":16553,"href":"https:\/\/cmnordeste.pt\/cultura\/wp-json\/wp\/v2\/pages\/16528\/revisions\/16553"}],"up":[{"embeddable":true,"href":"https:\/\/cmnordeste.pt\/cultura\/wp-json\/wp\/v2\/pages\/16516"}],"wp:attachment":[{"href":"https:\/\/cmnordeste.pt\/cultura\/wp-json\/wp\/v2\/media?parent=16528"}],"curies":[{"name":"wp","href":"https:\/\/api.w.org\/{rel}","templated":true}]}}

Casa João de Melo &#8211; Núcleo museológico

<p class="_citacao">&#8220;Conheci os trens de cozinha, as trempes e peneiras, os talhões de barro e os alguidares de Santa Maria, a engorda e a matança do porco, a venda de peixe ao cento para a salgadeira, tal como os torresmos e a carne de caçoila. Muita sopa de fervedouro comi, e muita fatia de pão de milho barrada com banha de porco, e outro tanto feijão preto assado em forno de lenha. E caldos de toucinho de porco mal chamuscado, cujos pêlos se viam à transparência do couro e da gordura.&#8221; <strong>João de Melo</strong></p>
<p>No âmbito museológico e etnográfico, apresenta-se uma exposição permanente que aborda a temática da casa tradicional açoriana/nordestense, com especial destaque para as cozinhas tradicionais, os objetos de uso diário, a confeção dos alimentos e algumas receitas locais. Os objetos expostos fazem parte do espólio do Museu Municipal Nestor de Sousa que passa a possuir um núcleo na Achadinha para divulgação da temática das habitações antigas.</p>
<p><iframe style="width: 100%; height: 100%; min-height: 400px;" src="https://momento360.com/e/u/5f56b4e21f444286b9b2104ad168aa4c?utm_campaign=embed&amp;utm_source=other&amp;heading=0&amp;pitch=0&amp;field-of-view=75&amp;size=medium" frameborder="0"><span data-mce-type="bookmark" style="display: inline-block; width: 0px; overflow: hidden; line-height: 0;" class="mce_SELRES_start">﻿</span></iframe></p>
<p class="_citacao">&#8220;(…) recordo-me de vivermos numa casa pequena, com chão de terra batida e escura como o breu. As paredes não tinham cal nem outro qualquer revestimento, e traziam a pedra à mostra. As portas e as janelas nunca tinham visto uma lágrima de tinta. Viam-se as telhas por cima dos barrotes armados sobre uma trave torta, a qual atravessava a casa de uma ponta à outra (…) Saindo a porta da cozinha para as traseiras, do lado de lá da estrumeira, havia a arribana das reses, tão baixa que alguns animais viviam como que agachados dentro dela&#8221;. <strong>João de Melo</strong></p>
<p>No piso superior encontra-se uma recriação de um antigo quarto de dormir. A mobília e os objetos pessoais deste quarto pertenciam aos pais da Sr.ª Maria Rosa Machado Mendes, e foram doados ao Museu Municipal Nestor de Sousa em 2020, passando a integrar o núcleo museológico da Casa João de Melo para que possam estar visíveis ao público.</p>
<p><iframe style="width: 100%; height: 100%; min-height: 400px;" src="https://momento360.com/e/u/258ee836ef4b422f9ba048031297c475?utm_campaign=embed&amp;utm_source=other&amp;heading=0&amp;pitch=0&amp;field-of-view=75&amp;size=medium" frameborder="0"><span data-mce-type="bookmark" style="display: inline-block; width: 0px; overflow: hidden; line-height: 0;" class="mce_SELRES_start">﻿</span></iframe></p>

<p>&#8220;Conheci os trens de cozinha, as trempes e peneiras, os talhões de barro e os alguidares de Santa Maria, a engorda e a matança do porco, a venda de peixe ao cento para a salgadeira, tal como os torresmos e a carne de caçoila. Muita sopa de fervedouro comi, e muita fatia de pão de [&hellip;]</p>

<!-- This site is optimized with the Yoast SEO plugin v27.4 - https://yoast.com/product/yoast-seo-wordpress/ -->
<title>Casa João de Melo - Núcleo museológico - Cultura</title>
<meta name="robots" content="index, follow, max-snippet:-1, max-image-preview:large, max-video-preview:-1" />
<link rel="canonical" href="https://cmnordeste.pt/cultura/casa-joao-de-melo/visita-virtual/nucleo-museologico/" />
<meta property="og:locale" content="pt_PT" />
<meta property="og:type" content="article" />
<meta property="og:title" content="Casa João de Melo - Núcleo museológico - Cultura" />
<meta property="og:description" content="&#8220;Conheci os trens de cozinha, as trempes e peneiras, os talhões de barro e os alguidares de Santa Maria, a engorda e a matança do porco, a venda de peixe ao cento para a salgadeira, tal como os torresmos e a carne de caçoila. Muita sopa de fervedouro comi, e muita fatia de pão de [&hellip;]" />
<meta property="og:url" content="https://cmnordeste.pt/cultura/casa-joao-de-melo/visita-virtual/nucleo-museologico/" />
<meta property="og:site_name" content="Cultura" />
<meta property="article:modified_time" content="2021-09-13T16:34:59+00:00" />
<meta name="twitter:card" content="summary_large_image" />
<meta name="twitter:label1" content="Tempo estimado de leitura" />
	<meta name="twitter:data1" content="2 minutos" />
<script type="application/ld+json" class="yoast-schema-graph">{"@context":"https:\/\/schema.org","@graph":[{"@type":"WebPage","@id":"https:\/\/cmnordeste.pt\/cultura\/casa-joao-de-melo\/visita-virtual\/nucleo-museologico\/","url":"https:\/\/cmnordeste.pt\/cultura\/casa-joao-de-melo\/visita-virtual\/nucleo-museologico\/","name":"Casa João de Melo - Núcleo museológico - Cultura","isPartOf":{"@id":"https:\/\/cmnordeste.pt\/cultura\/#website"},"datePublished":"2021-06-13T06:14:10+00:00","dateModified":"2021-09-13T16:34:59+00:00","breadcrumb":{"@id":"https:\/\/cmnordeste.pt\/cultura\/casa-joao-de-melo\/visita-virtual\/nucleo-museologico\/#breadcrumb"},"inLanguage":"pt-PT","potentialAction":[{"@type":"ReadAction","target":["https:\/\/cmnordeste.pt\/cultura\/casa-joao-de-melo\/visita-virtual\/nucleo-museologico\/"]}]},{"@type":"BreadcrumbList","@id":"https:\/\/cmnordeste.pt\/cultura\/casa-joao-de-melo\/visita-virtual\/nucleo-museologico\/#breadcrumb","itemListElement":[{"@type":"ListItem","position":1,"name":"Início","item":"https:\/\/cmnordeste.pt\/cultura\/"},{"@type":"ListItem","position":2,"name":"Casa João de Melo","item":"https:\/\/cmnordeste.pt\/cultura\/casa-joao-de-melo\/"},{"@type":"ListItem","position":3,"name":"Casa João de Melo &#8211; Visita Virtual","item":"https:\/\/cmnordeste.pt\/cultura\/casa-joao-de-melo\/visita-virtual\/"},{"@type":"ListItem","position":4,"name":"Casa João de Melo &#8211; Núcleo museológico"}]},{"@type":"WebSite","@id":"https:\/\/cmnordeste.pt\/cultura\/#website","url":"https:\/\/cmnordeste.pt\/cultura\/","name":"Cultura","description":"Nordeste - Cultura","potentialAction":[{"@type":"SearchAction","target":{"@type":"EntryPoint","urlTemplate":"https:\/\/cmnordeste.pt\/cultura\/?s={search_term_string}"},"query-input":{"@type":"PropertyValueSpecification","valueRequired":true,"valueName":"search_term_string"}}],"inLanguage":"pt-PT"}]}</script>
<!-- / Yoast SEO plugin. -->

Casa João de Melo - Núcleo museológico - Cultura

&#8220;Conheci os trens de cozinha, as trempes e peneiras, os talhões de barro e os alguidares de Santa Maria, a engorda e a matança do porco, a venda de peixe ao cento para a salgadeira, tal como os torresmos e a carne de caçoila. Muita sopa de fervedouro comi, e muita fatia de pão de [&hellip;]

Início

Casa João de Melo

Casa João de Melo &#8211; Visita Virtual
