{"id":16532,"date":"2021-06-13T06:21:20","date_gmt":"2021-06-13T06:21:20","guid":{"rendered":"https:\/\/cmnordeste.pt\/cultura\/?page_id=16532"},"modified":"2021-09-13T16:33:34","modified_gmt":"2021-09-13T16:33:34","slug":"sala-de-exposicoes","status":"publish","type":"page","link":"https:\/\/cmnordeste.pt\/cultura\/casa-joao-de-melo\/visita-virtual\/sala-de-exposicoes\/","title":{"rendered":"Casa Jo\u00e3o de Melo &#8211; Sala de exposi\u00e7\u00f5es"},"content":{"rendered":"<p class=\"_citacao\">&#8220;A minha vida esteve sempre separada deste sil\u00eancio que s\u00f3 existe dentro de casas pousadas no centro dos jardins, se poss\u00edvel com um arco de mar \u00e0 vista e com os seus p\u00e1ssaros \u2013 gar\u00e7as, pombos-da-rocha ou cagarras noturnas. (\u2026) Que ao menos a vida me devolvesse as \u00e1rvores, os pombais, os muros que um dia rodearam a casa da minha inf\u00e2ncia!&#8221; <strong>Jo\u00e3o de Melo<\/strong><\/p>\n<p>A Casa disp\u00f5e tamb\u00e9m de uma sala polivalente onde periodicamente s\u00e3o apresentadas exposi\u00e7\u00f5es e\/ou eventos culturais, cuja agenda pode ser consultada <a href=\"https:\/\/cmnordeste.pt\/agenda\/proximos-eventos\/cultura-x\/\">aqui<\/a>.<\/p>\n<p><iframe style=\"width: 100%; height: 100%; min-height: 400px;\" src=\"https:\/\/momento360.com\/e\/u\/20f5e15957ca465dbd52b53a9e06b6ba?utm_campaign=embed&amp;utm_source=other&amp;heading=0&amp;pitch=0&amp;field-of-view=75&amp;size=medium\" frameborder=\"0\"><span data-mce-type=\"bookmark\" style=\"display: inline-block; width: 0px; overflow: hidden; line-height: 0;\" class=\"mce_SELRES_start\">\ufeff<\/span><\/iframe><\/p>\n","protected":false},"excerpt":{"rendered":"<p>&#8220;A minha vida esteve sempre separada deste sil\u00eancio que s\u00f3 existe dentro de casas pousadas no centro dos jardins, se poss\u00edvel com um arco de mar \u00e0 vista e com os seus p\u00e1ssaros \u2013 gar\u00e7as, pombos-da-rocha ou cagarras noturnas. (\u2026) Que ao menos a vida me devolvesse as \u00e1rvores, os pombais, os muros que um [&hellip;]<\/p>\n","protected":false},"author":1,"featured_media":0,"parent":16516,"menu_order":115,"comment_status":"closed","ping_status":"closed","template":"page-museu.php","meta":{"_acf_changed":false,"footnotes":""},"class_list":["post-16532","page","type-page","status-publish","hentry"],"acf":[],"yoast_head":"<!-- This site is optimized with the Yoast SEO plugin v27.4 - https:\/\/yoast.com\/product\/yoast-seo-wordpress\/ -->\n<title>Casa Jo\u00e3o de Melo - Sala de exposi\u00e7\u00f5es - Cultura<\/title>\n<meta name=\"robots\" content=\"index, follow, max-snippet:-1, max-image-preview:large, max-video-preview:-1\" \/>\n<link rel=\"canonical\" href=\"https:\/\/cmnordeste.pt\/cultura\/casa-joao-de-melo\/visita-virtual\/sala-de-exposicoes\/\" \/>\n<meta property=\"og:locale\" content=\"pt_PT\" \/>\n<meta property=\"og:type\" content=\"article\" \/>\n<meta property=\"og:title\" content=\"Casa Jo\u00e3o de Melo - Sala de exposi\u00e7\u00f5es - Cultura\" \/>\n<meta property=\"og:description\" content=\"&#8220;A minha vida esteve sempre separada deste sil\u00eancio que s\u00f3 existe dentro de casas pousadas no centro dos jardins, se poss\u00edvel com um arco de mar \u00e0 vista e com os seus p\u00e1ssaros \u2013 gar\u00e7as, pombos-da-rocha ou cagarras noturnas. (\u2026) Que ao menos a vida me devolvesse as \u00e1rvores, os pombais, os muros que um [&hellip;]\" \/>\n<meta property=\"og:url\" content=\"https:\/\/cmnordeste.pt\/cultura\/casa-joao-de-melo\/visita-virtual\/sala-de-exposicoes\/\" \/>\n<meta property=\"og:site_name\" content=\"Cultura\" \/>\n<meta property=\"article:modified_time\" content=\"2021-09-13T16:33:34+00:00\" \/>\n<meta name=\"twitter:card\" content=\"summary_large_image\" \/>\n<script type=\"application\/ld+json\" class=\"yoast-schema-graph\">{\"@context\":\"https:\\\/\\\/schema.org\",\"@graph\":[{\"@type\":\"WebPage\",\"@id\":\"https:\\\/\\\/cmnordeste.pt\\\/cultura\\\/casa-joao-de-melo\\\/visita-virtual\\\/sala-de-exposicoes\\\/\",\"url\":\"https:\\\/\\\/cmnordeste.pt\\\/cultura\\\/casa-joao-de-melo\\\/visita-virtual\\\/sala-de-exposicoes\\\/\",\"name\":\"Casa Jo\u00e3o de Melo - Sala de exposi\u00e7\u00f5es - Cultura\",\"isPartOf\":{\"@id\":\"https:\\\/\\\/cmnordeste.pt\\\/cultura\\\/#website\"},\"datePublished\":\"2021-06-13T06:21:20+00:00\",\"dateModified\":\"2021-09-13T16:33:34+00:00\",\"breadcrumb\":{\"@id\":\"https:\\\/\\\/cmnordeste.pt\\\/cultura\\\/casa-joao-de-melo\\\/visita-virtual\\\/sala-de-exposicoes\\\/#breadcrumb\"},\"inLanguage\":\"pt-PT\",\"potentialAction\":[{\"@type\":\"ReadAction\",\"target\":[\"https:\\\/\\\/cmnordeste.pt\\\/cultura\\\/casa-joao-de-melo\\\/visita-virtual\\\/sala-de-exposicoes\\\/\"]}]},{\"@type\":\"BreadcrumbList\",\"@id\":\"https:\\\/\\\/cmnordeste.pt\\\/cultura\\\/casa-joao-de-melo\\\/visita-virtual\\\/sala-de-exposicoes\\\/#breadcrumb\",\"itemListElement\":[{\"@type\":\"ListItem\",\"position\":1,\"name\":\"In\u00edcio\",\"item\":\"https:\\\/\\\/cmnordeste.pt\\\/cultura\\\/\"},{\"@type\":\"ListItem\",\"position\":2,\"name\":\"Casa Jo\u00e3o de Melo\",\"item\":\"https:\\\/\\\/cmnordeste.pt\\\/cultura\\\/casa-joao-de-melo\\\/\"},{\"@type\":\"ListItem\",\"position\":3,\"name\":\"Casa Jo\u00e3o de Melo &#8211; Visita Virtual\",\"item\":\"https:\\\/\\\/cmnordeste.pt\\\/cultura\\\/casa-joao-de-melo\\\/visita-virtual\\\/\"},{\"@type\":\"ListItem\",\"position\":4,\"name\":\"Casa Jo\u00e3o de Melo &#8211; Sala de exposi\u00e7\u00f5es\"}]},{\"@type\":\"WebSite\",\"@id\":\"https:\\\/\\\/cmnordeste.pt\\\/cultura\\\/#website\",\"url\":\"https:\\\/\\\/cmnordeste.pt\\\/cultura\\\/\",\"name\":\"Cultura\",\"description\":\"Nordeste - Cultura\",\"potentialAction\":[{\"@type\":\"SearchAction\",\"target\":{\"@type\":\"EntryPoint\",\"urlTemplate\":\"https:\\\/\\\/cmnordeste.pt\\\/cultura\\\/?s={search_term_string}\"},\"query-input\":{\"@type\":\"PropertyValueSpecification\",\"valueRequired\":true,\"valueName\":\"search_term_string\"}}],\"inLanguage\":\"pt-PT\"}]}<\/script>\n<!-- \/ Yoast SEO plugin. -->","yoast_head_json":{"title":"Casa Jo\u00e3o de Melo - Sala de exposi\u00e7\u00f5es - Cultura","robots":{"index":"index","follow":"follow","max-snippet":"max-snippet:-1","max-image-preview":"max-image-preview:large","max-video-preview":"max-video-preview:-1"},"canonical":"https:\/\/cmnordeste.pt\/cultura\/casa-joao-de-melo\/visita-virtual\/sala-de-exposicoes\/","og_locale":"pt_PT","og_type":"article","og_title":"Casa Jo\u00e3o de Melo - Sala de exposi\u00e7\u00f5es - Cultura","og_description":"&#8220;A minha vida esteve sempre separada deste sil\u00eancio que s\u00f3 existe dentro de casas pousadas no centro dos jardins, se poss\u00edvel com um arco de mar \u00e0 vista e com os seus p\u00e1ssaros \u2013 gar\u00e7as, pombos-da-rocha ou cagarras noturnas. (\u2026) Que ao menos a vida me devolvesse as \u00e1rvores, os pombais, os muros que um [&hellip;]","og_url":"https:\/\/cmnordeste.pt\/cultura\/casa-joao-de-melo\/visita-virtual\/sala-de-exposicoes\/","og_site_name":"Cultura","article_modified_time":"2021-09-13T16:33:34+00:00","twitter_card":"summary_large_image","schema":{"@context":"https:\/\/schema.org","@graph":[{"@type":"WebPage","@id":"https:\/\/cmnordeste.pt\/cultura\/casa-joao-de-melo\/visita-virtual\/sala-de-exposicoes\/","url":"https:\/\/cmnordeste.pt\/cultura\/casa-joao-de-melo\/visita-virtual\/sala-de-exposicoes\/","name":"Casa Jo\u00e3o de Melo - Sala de exposi\u00e7\u00f5es - Cultura","isPartOf":{"@id":"https:\/\/cmnordeste.pt\/cultura\/#website"},"datePublished":"2021-06-13T06:21:20+00:00","dateModified":"2021-09-13T16:33:34+00:00","breadcrumb":{"@id":"https:\/\/cmnordeste.pt\/cultura\/casa-joao-de-melo\/visita-virtual\/sala-de-exposicoes\/#breadcrumb"},"inLanguage":"pt-PT","potentialAction":[{"@type":"ReadAction","target":["https:\/\/cmnordeste.pt\/cultura\/casa-joao-de-melo\/visita-virtual\/sala-de-exposicoes\/"]}]},{"@type":"BreadcrumbList","@id":"https:\/\/cmnordeste.pt\/cultura\/casa-joao-de-melo\/visita-virtual\/sala-de-exposicoes\/#breadcrumb","itemListElement":[{"@type":"ListItem","position":1,"name":"In\u00edcio","item":"https:\/\/cmnordeste.pt\/cultura\/"},{"@type":"ListItem","position":2,"name":"Casa Jo\u00e3o de Melo","item":"https:\/\/cmnordeste.pt\/cultura\/casa-joao-de-melo\/"},{"@type":"ListItem","position":3,"name":"Casa Jo\u00e3o de Melo &#8211; Visita Virtual","item":"https:\/\/cmnordeste.pt\/cultura\/casa-joao-de-melo\/visita-virtual\/"},{"@type":"ListItem","position":4,"name":"Casa Jo\u00e3o de Melo &#8211; Sala de exposi\u00e7\u00f5es"}]},{"@type":"WebSite","@id":"https:\/\/cmnordeste.pt\/cultura\/#website","url":"https:\/\/cmnordeste.pt\/cultura\/","name":"Cultura","description":"Nordeste - Cultura","potentialAction":[{"@type":"SearchAction","target":{"@type":"EntryPoint","urlTemplate":"https:\/\/cmnordeste.pt\/cultura\/?s={search_term_string}"},"query-input":{"@type":"PropertyValueSpecification","valueRequired":true,"valueName":"search_term_string"}}],"inLanguage":"pt-PT"}]}},"_links":{"self":[{"href":"https:\/\/cmnordeste.pt\/cultura\/wp-json\/wp\/v2\/pages\/16532","targetHints":{"allow":["GET"]}}],"collection":[{"href":"https:\/\/cmnordeste.pt\/cultura\/wp-json\/wp\/v2\/pages"}],"about":[{"href":"https:\/\/cmnordeste.pt\/cultura\/wp-json\/wp\/v2\/types\/page"}],"author":[{"embeddable":true,"href":"https:\/\/cmnordeste.pt\/cultura\/wp-json\/wp\/v2\/users\/1"}],"replies":[{"embeddable":true,"href":"https:\/\/cmnordeste.pt\/cultura\/wp-json\/wp\/v2\/comments?post=16532"}],"version-history":[{"count":2,"href":"https:\/\/cmnordeste.pt\/cultura\/wp-json\/wp\/v2\/pages\/16532\/revisions"}],"predecessor-version":[{"id":16554,"href":"https:\/\/cmnordeste.pt\/cultura\/wp-json\/wp\/v2\/pages\/16532\/revisions\/16554"}],"up":[{"embeddable":true,"href":"https:\/\/cmnordeste.pt\/cultura\/wp-json\/wp\/v2\/pages\/16516"}],"wp:attachment":[{"href":"https:\/\/cmnordeste.pt\/cultura\/wp-json\/wp\/v2\/media?parent=16532"}],"curies":[{"name":"wp","href":"https:\/\/api.w.org\/{rel}","templated":true}]}}

Casa João de Melo &#8211; Sala de exposições

<p class="_citacao">&#8220;A minha vida esteve sempre separada deste silêncio que só existe dentro de casas pousadas no centro dos jardins, se possível com um arco de mar à vista e com os seus pássaros – garças, pombos-da-rocha ou cagarras noturnas. (…) Que ao menos a vida me devolvesse as árvores, os pombais, os muros que um dia rodearam a casa da minha infância!&#8221; <strong>João de Melo</strong></p>
<p>A Casa dispõe também de uma sala polivalente onde periodicamente são apresentadas exposições e/ou eventos culturais, cuja agenda pode ser consultada <a href="https://cmnordeste.pt/agenda/proximos-eventos/cultura-x/">aqui</a>.</p>
<p><iframe style="width: 100%; height: 100%; min-height: 400px;" src="https://momento360.com/e/u/20f5e15957ca465dbd52b53a9e06b6ba?utm_campaign=embed&amp;utm_source=other&amp;heading=0&amp;pitch=0&amp;field-of-view=75&amp;size=medium" frameborder="0"><span data-mce-type="bookmark" style="display: inline-block; width: 0px; overflow: hidden; line-height: 0;" class="mce_SELRES_start">﻿</span></iframe></p>

<p>&#8220;A minha vida esteve sempre separada deste silêncio que só existe dentro de casas pousadas no centro dos jardins, se possível com um arco de mar à vista e com os seus pássaros – garças, pombos-da-rocha ou cagarras noturnas. (…) Que ao menos a vida me devolvesse as árvores, os pombais, os muros que um [&hellip;]</p>

<!-- This site is optimized with the Yoast SEO plugin v27.4 - https://yoast.com/product/yoast-seo-wordpress/ -->
<title>Casa João de Melo - Sala de exposições - Cultura</title>
<meta name="robots" content="index, follow, max-snippet:-1, max-image-preview:large, max-video-preview:-1" />
<link rel="canonical" href="https://cmnordeste.pt/cultura/casa-joao-de-melo/visita-virtual/sala-de-exposicoes/" />
<meta property="og:locale" content="pt_PT" />
<meta property="og:type" content="article" />
<meta property="og:title" content="Casa João de Melo - Sala de exposições - Cultura" />
<meta property="og:description" content="&#8220;A minha vida esteve sempre separada deste silêncio que só existe dentro de casas pousadas no centro dos jardins, se possível com um arco de mar à vista e com os seus pássaros – garças, pombos-da-rocha ou cagarras noturnas. (…) Que ao menos a vida me devolvesse as árvores, os pombais, os muros que um [&hellip;]" />
<meta property="og:url" content="https://cmnordeste.pt/cultura/casa-joao-de-melo/visita-virtual/sala-de-exposicoes/" />
<meta property="og:site_name" content="Cultura" />
<meta property="article:modified_time" content="2021-09-13T16:33:34+00:00" />
<meta name="twitter:card" content="summary_large_image" />
<script type="application/ld+json" class="yoast-schema-graph">{"@context":"https:\/\/schema.org","@graph":[{"@type":"WebPage","@id":"https:\/\/cmnordeste.pt\/cultura\/casa-joao-de-melo\/visita-virtual\/sala-de-exposicoes\/","url":"https:\/\/cmnordeste.pt\/cultura\/casa-joao-de-melo\/visita-virtual\/sala-de-exposicoes\/","name":"Casa João de Melo - Sala de exposições - Cultura","isPartOf":{"@id":"https:\/\/cmnordeste.pt\/cultura\/#website"},"datePublished":"2021-06-13T06:21:20+00:00","dateModified":"2021-09-13T16:33:34+00:00","breadcrumb":{"@id":"https:\/\/cmnordeste.pt\/cultura\/casa-joao-de-melo\/visita-virtual\/sala-de-exposicoes\/#breadcrumb"},"inLanguage":"pt-PT","potentialAction":[{"@type":"ReadAction","target":["https:\/\/cmnordeste.pt\/cultura\/casa-joao-de-melo\/visita-virtual\/sala-de-exposicoes\/"]}]},{"@type":"BreadcrumbList","@id":"https:\/\/cmnordeste.pt\/cultura\/casa-joao-de-melo\/visita-virtual\/sala-de-exposicoes\/#breadcrumb","itemListElement":[{"@type":"ListItem","position":1,"name":"Início","item":"https:\/\/cmnordeste.pt\/cultura\/"},{"@type":"ListItem","position":2,"name":"Casa João de Melo","item":"https:\/\/cmnordeste.pt\/cultura\/casa-joao-de-melo\/"},{"@type":"ListItem","position":3,"name":"Casa João de Melo &#8211; Visita Virtual","item":"https:\/\/cmnordeste.pt\/cultura\/casa-joao-de-melo\/visita-virtual\/"},{"@type":"ListItem","position":4,"name":"Casa João de Melo &#8211; Sala de exposições"}]},{"@type":"WebSite","@id":"https:\/\/cmnordeste.pt\/cultura\/#website","url":"https:\/\/cmnordeste.pt\/cultura\/","name":"Cultura","description":"Nordeste - Cultura","potentialAction":[{"@type":"SearchAction","target":{"@type":"EntryPoint","urlTemplate":"https:\/\/cmnordeste.pt\/cultura\/?s={search_term_string}"},"query-input":{"@type":"PropertyValueSpecification","valueRequired":true,"valueName":"search_term_string"}}],"inLanguage":"pt-PT"}]}</script>
<!-- / Yoast SEO plugin. -->

Casa João de Melo - Sala de exposições - Cultura

&#8220;A minha vida esteve sempre separada deste silêncio que só existe dentro de casas pousadas no centro dos jardins, se possível com um arco de mar à vista e com os seus pássaros – garças, pombos-da-rocha ou cagarras noturnas. (…) Que ao menos a vida me devolvesse as árvores, os pombais, os muros que um [&hellip;]

Início

Casa João de Melo

Casa João de Melo &#8211; Visita Virtual
