{"id":16537,"date":"2025-09-22T16:23:39","date_gmt":"2025-09-22T16:23:39","guid":{"rendered":"https:\/\/cmnordeste.pt\/cultura\/?page_id=16537"},"modified":"2025-09-22T16:23:48","modified_gmt":"2025-09-22T16:23:48","slug":"atelier-do-artesao-presepio-da-achadinha","status":"publish","type":"page","link":"https:\/\/cmnordeste.pt\/cultura\/casa-joao-de-melo\/visita-virtual\/atelier-do-artesao-presepio-da-achadinha\/","title":{"rendered":"Casa Jo\u00e3o de Melo &#8211; Atelier do artes\u00e3o \u2013 &#8220;Pres\u00e9pio da Achadinha&#8221;"},"content":{"rendered":"<p>No piso inferior encontra o atelier de um artes\u00e3o local, Jos\u00e9 Medeiros, que reproduz as casas da freguesia, em miniaturas de madeira, que formam o pres\u00e9pio da Achadinha durante a \u00e9poca de Natal.<\/p>\n<p>O atelier manteve-se dispon\u00edvel ao p\u00fablico ap\u00f3s a aposenta\u00e7\u00e3o do artes\u00e3o, sendo agora complementado por outras pe\u00e7as de artesanato confecionadas no local por artes\u00e3s da freguesia.\u00a0<\/p>\n<p>&nbsp;<\/p>\n<p>&nbsp;<\/p>\n<p>&nbsp;<\/p>\n","protected":false},"excerpt":{"rendered":"<p>No piso inferior encontra o atelier de um artes\u00e3o local, Jos\u00e9 Medeiros, que reproduz as casas da freguesia, em miniaturas de madeira, que formam o pres\u00e9pio da Achadinha durante a \u00e9poca de Natal. O atelier manteve-se dispon\u00edvel ao p\u00fablico ap\u00f3s a aposenta\u00e7\u00e3o do artes\u00e3o, sendo agora complementado por outras pe\u00e7as de artesanato confecionadas no local [&hellip;]<\/p>\n","protected":false},"author":1,"featured_media":0,"parent":16516,"menu_order":117,"comment_status":"closed","ping_status":"closed","template":"page-museu.php","meta":{"_acf_changed":false,"footnotes":""},"class_list":["post-16537","page","type-page","status-publish","hentry"],"acf":[],"yoast_head":"<!-- This site is optimized with the Yoast SEO plugin v27.4 - https:\/\/yoast.com\/product\/yoast-seo-wordpress\/ -->\n<title>Casa Jo\u00e3o de Melo - Atelier do artes\u00e3o \u2013 &quot;Pres\u00e9pio da Achadinha&quot; - Cultura<\/title>\n<meta name=\"robots\" content=\"index, follow, max-snippet:-1, max-image-preview:large, max-video-preview:-1\" \/>\n<link rel=\"canonical\" href=\"https:\/\/cmnordeste.pt\/cultura\/casa-joao-de-melo\/visita-virtual\/atelier-do-artesao-presepio-da-achadinha\/\" \/>\n<meta property=\"og:locale\" content=\"pt_PT\" \/>\n<meta property=\"og:type\" content=\"article\" \/>\n<meta property=\"og:title\" content=\"Casa Jo\u00e3o de Melo - Atelier do artes\u00e3o \u2013 &quot;Pres\u00e9pio da Achadinha&quot; - Cultura\" \/>\n<meta property=\"og:description\" content=\"No piso inferior encontra o atelier de um artes\u00e3o local, Jos\u00e9 Medeiros, que reproduz as casas da freguesia, em miniaturas de madeira, que formam o pres\u00e9pio da Achadinha durante a \u00e9poca de Natal. O atelier manteve-se dispon\u00edvel ao p\u00fablico ap\u00f3s a aposenta\u00e7\u00e3o do artes\u00e3o, sendo agora complementado por outras pe\u00e7as de artesanato confecionadas no local [&hellip;]\" \/>\n<meta property=\"og:url\" content=\"https:\/\/cmnordeste.pt\/cultura\/casa-joao-de-melo\/visita-virtual\/atelier-do-artesao-presepio-da-achadinha\/\" \/>\n<meta property=\"og:site_name\" content=\"Cultura\" \/>\n<meta property=\"article:modified_time\" content=\"2025-09-22T16:23:48+00:00\" \/>\n<meta name=\"twitter:card\" content=\"summary_large_image\" \/>\n<script type=\"application\/ld+json\" class=\"yoast-schema-graph\">{\"@context\":\"https:\\\/\\\/schema.org\",\"@graph\":[{\"@type\":\"WebPage\",\"@id\":\"https:\\\/\\\/cmnordeste.pt\\\/cultura\\\/casa-joao-de-melo\\\/visita-virtual\\\/atelier-do-artesao-presepio-da-achadinha\\\/\",\"url\":\"https:\\\/\\\/cmnordeste.pt\\\/cultura\\\/casa-joao-de-melo\\\/visita-virtual\\\/atelier-do-artesao-presepio-da-achadinha\\\/\",\"name\":\"Casa Jo\u00e3o de Melo - Atelier do artes\u00e3o \u2013 \\\"Pres\u00e9pio da Achadinha\\\" - Cultura\",\"isPartOf\":{\"@id\":\"https:\\\/\\\/cmnordeste.pt\\\/cultura\\\/#website\"},\"datePublished\":\"2025-09-22T16:23:39+00:00\",\"dateModified\":\"2025-09-22T16:23:48+00:00\",\"breadcrumb\":{\"@id\":\"https:\\\/\\\/cmnordeste.pt\\\/cultura\\\/casa-joao-de-melo\\\/visita-virtual\\\/atelier-do-artesao-presepio-da-achadinha\\\/#breadcrumb\"},\"inLanguage\":\"pt-PT\",\"potentialAction\":[{\"@type\":\"ReadAction\",\"target\":[\"https:\\\/\\\/cmnordeste.pt\\\/cultura\\\/casa-joao-de-melo\\\/visita-virtual\\\/atelier-do-artesao-presepio-da-achadinha\\\/\"]}]},{\"@type\":\"BreadcrumbList\",\"@id\":\"https:\\\/\\\/cmnordeste.pt\\\/cultura\\\/casa-joao-de-melo\\\/visita-virtual\\\/atelier-do-artesao-presepio-da-achadinha\\\/#breadcrumb\",\"itemListElement\":[{\"@type\":\"ListItem\",\"position\":1,\"name\":\"In\u00edcio\",\"item\":\"https:\\\/\\\/cmnordeste.pt\\\/cultura\\\/\"},{\"@type\":\"ListItem\",\"position\":2,\"name\":\"Casa Jo\u00e3o de Melo\",\"item\":\"https:\\\/\\\/cmnordeste.pt\\\/cultura\\\/casa-joao-de-melo\\\/\"},{\"@type\":\"ListItem\",\"position\":3,\"name\":\"Casa Jo\u00e3o de Melo &#8211; Visita Virtual\",\"item\":\"https:\\\/\\\/cmnordeste.pt\\\/cultura\\\/casa-joao-de-melo\\\/visita-virtual\\\/\"},{\"@type\":\"ListItem\",\"position\":4,\"name\":\"Casa Jo\u00e3o de Melo &#8211; Atelier do artes\u00e3o \u2013 &#8220;Pres\u00e9pio da Achadinha&#8221;\"}]},{\"@type\":\"WebSite\",\"@id\":\"https:\\\/\\\/cmnordeste.pt\\\/cultura\\\/#website\",\"url\":\"https:\\\/\\\/cmnordeste.pt\\\/cultura\\\/\",\"name\":\"Cultura\",\"description\":\"Nordeste - Cultura\",\"potentialAction\":[{\"@type\":\"SearchAction\",\"target\":{\"@type\":\"EntryPoint\",\"urlTemplate\":\"https:\\\/\\\/cmnordeste.pt\\\/cultura\\\/?s={search_term_string}\"},\"query-input\":{\"@type\":\"PropertyValueSpecification\",\"valueRequired\":true,\"valueName\":\"search_term_string\"}}],\"inLanguage\":\"pt-PT\"}]}<\/script>\n<!-- \/ Yoast SEO plugin. -->","yoast_head_json":{"title":"Casa Jo\u00e3o de Melo - Atelier do artes\u00e3o \u2013 \"Pres\u00e9pio da Achadinha\" - Cultura","robots":{"index":"index","follow":"follow","max-snippet":"max-snippet:-1","max-image-preview":"max-image-preview:large","max-video-preview":"max-video-preview:-1"},"canonical":"https:\/\/cmnordeste.pt\/cultura\/casa-joao-de-melo\/visita-virtual\/atelier-do-artesao-presepio-da-achadinha\/","og_locale":"pt_PT","og_type":"article","og_title":"Casa Jo\u00e3o de Melo - Atelier do artes\u00e3o \u2013 \"Pres\u00e9pio da Achadinha\" - Cultura","og_description":"No piso inferior encontra o atelier de um artes\u00e3o local, Jos\u00e9 Medeiros, que reproduz as casas da freguesia, em miniaturas de madeira, que formam o pres\u00e9pio da Achadinha durante a \u00e9poca de Natal. O atelier manteve-se dispon\u00edvel ao p\u00fablico ap\u00f3s a aposenta\u00e7\u00e3o do artes\u00e3o, sendo agora complementado por outras pe\u00e7as de artesanato confecionadas no local [&hellip;]","og_url":"https:\/\/cmnordeste.pt\/cultura\/casa-joao-de-melo\/visita-virtual\/atelier-do-artesao-presepio-da-achadinha\/","og_site_name":"Cultura","article_modified_time":"2025-09-22T16:23:48+00:00","twitter_card":"summary_large_image","schema":{"@context":"https:\/\/schema.org","@graph":[{"@type":"WebPage","@id":"https:\/\/cmnordeste.pt\/cultura\/casa-joao-de-melo\/visita-virtual\/atelier-do-artesao-presepio-da-achadinha\/","url":"https:\/\/cmnordeste.pt\/cultura\/casa-joao-de-melo\/visita-virtual\/atelier-do-artesao-presepio-da-achadinha\/","name":"Casa Jo\u00e3o de Melo - Atelier do artes\u00e3o \u2013 \"Pres\u00e9pio da Achadinha\" - Cultura","isPartOf":{"@id":"https:\/\/cmnordeste.pt\/cultura\/#website"},"datePublished":"2025-09-22T16:23:39+00:00","dateModified":"2025-09-22T16:23:48+00:00","breadcrumb":{"@id":"https:\/\/cmnordeste.pt\/cultura\/casa-joao-de-melo\/visita-virtual\/atelier-do-artesao-presepio-da-achadinha\/#breadcrumb"},"inLanguage":"pt-PT","potentialAction":[{"@type":"ReadAction","target":["https:\/\/cmnordeste.pt\/cultura\/casa-joao-de-melo\/visita-virtual\/atelier-do-artesao-presepio-da-achadinha\/"]}]},{"@type":"BreadcrumbList","@id":"https:\/\/cmnordeste.pt\/cultura\/casa-joao-de-melo\/visita-virtual\/atelier-do-artesao-presepio-da-achadinha\/#breadcrumb","itemListElement":[{"@type":"ListItem","position":1,"name":"In\u00edcio","item":"https:\/\/cmnordeste.pt\/cultura\/"},{"@type":"ListItem","position":2,"name":"Casa Jo\u00e3o de Melo","item":"https:\/\/cmnordeste.pt\/cultura\/casa-joao-de-melo\/"},{"@type":"ListItem","position":3,"name":"Casa Jo\u00e3o de Melo &#8211; Visita Virtual","item":"https:\/\/cmnordeste.pt\/cultura\/casa-joao-de-melo\/visita-virtual\/"},{"@type":"ListItem","position":4,"name":"Casa Jo\u00e3o de Melo &#8211; Atelier do artes\u00e3o \u2013 &#8220;Pres\u00e9pio da Achadinha&#8221;"}]},{"@type":"WebSite","@id":"https:\/\/cmnordeste.pt\/cultura\/#website","url":"https:\/\/cmnordeste.pt\/cultura\/","name":"Cultura","description":"Nordeste - Cultura","potentialAction":[{"@type":"SearchAction","target":{"@type":"EntryPoint","urlTemplate":"https:\/\/cmnordeste.pt\/cultura\/?s={search_term_string}"},"query-input":{"@type":"PropertyValueSpecification","valueRequired":true,"valueName":"search_term_string"}}],"inLanguage":"pt-PT"}]}},"_links":{"self":[{"href":"https:\/\/cmnordeste.pt\/cultura\/wp-json\/wp\/v2\/pages\/16537","targetHints":{"allow":["GET"]}}],"collection":[{"href":"https:\/\/cmnordeste.pt\/cultura\/wp-json\/wp\/v2\/pages"}],"about":[{"href":"https:\/\/cmnordeste.pt\/cultura\/wp-json\/wp\/v2\/types\/page"}],"author":[{"embeddable":true,"href":"https:\/\/cmnordeste.pt\/cultura\/wp-json\/wp\/v2\/users\/1"}],"replies":[{"embeddable":true,"href":"https:\/\/cmnordeste.pt\/cultura\/wp-json\/wp\/v2\/comments?post=16537"}],"version-history":[{"count":5,"href":"https:\/\/cmnordeste.pt\/cultura\/wp-json\/wp\/v2\/pages\/16537\/revisions"}],"predecessor-version":[{"id":16837,"href":"https:\/\/cmnordeste.pt\/cultura\/wp-json\/wp\/v2\/pages\/16537\/revisions\/16837"}],"up":[{"embeddable":true,"href":"https:\/\/cmnordeste.pt\/cultura\/wp-json\/wp\/v2\/pages\/16516"}],"wp:attachment":[{"href":"https:\/\/cmnordeste.pt\/cultura\/wp-json\/wp\/v2\/media?parent=16537"}],"curies":[{"name":"wp","href":"https:\/\/api.w.org\/{rel}","templated":true}]}}

Casa João de Melo &#8211; Atelier do artesão – &#8220;Presépio da Achadinha&#8221;

<p>No piso inferior encontra o atelier de um artesão local, José Medeiros, que reproduz as casas da freguesia, em miniaturas de madeira, que formam o presépio da Achadinha durante a época de Natal.</p>
<p>O atelier manteve-se disponível ao público após a aposentação do artesão, sendo agora complementado por outras peças de artesanato confecionadas no local por artesãs da freguesia. </p>
<p>&nbsp;</p>
<p>&nbsp;</p>
<p>&nbsp;</p>

<p>No piso inferior encontra o atelier de um artesão local, José Medeiros, que reproduz as casas da freguesia, em miniaturas de madeira, que formam o presépio da Achadinha durante a época de Natal. O atelier manteve-se disponível ao público após a aposentação do artesão, sendo agora complementado por outras peças de artesanato confecionadas no local [&hellip;]</p>

<!-- This site is optimized with the Yoast SEO plugin v27.4 - https://yoast.com/product/yoast-seo-wordpress/ -->
<title>Casa João de Melo - Atelier do artesão – &quot;Presépio da Achadinha&quot; - Cultura</title>
<meta name="robots" content="index, follow, max-snippet:-1, max-image-preview:large, max-video-preview:-1" />
<link rel="canonical" href="https://cmnordeste.pt/cultura/casa-joao-de-melo/visita-virtual/atelier-do-artesao-presepio-da-achadinha/" />
<meta property="og:locale" content="pt_PT" />
<meta property="og:type" content="article" />
<meta property="og:title" content="Casa João de Melo - Atelier do artesão – &quot;Presépio da Achadinha&quot; - Cultura" />
<meta property="og:description" content="No piso inferior encontra o atelier de um artesão local, José Medeiros, que reproduz as casas da freguesia, em miniaturas de madeira, que formam o presépio da Achadinha durante a época de Natal. O atelier manteve-se disponível ao público após a aposentação do artesão, sendo agora complementado por outras peças de artesanato confecionadas no local [&hellip;]" />
<meta property="og:url" content="https://cmnordeste.pt/cultura/casa-joao-de-melo/visita-virtual/atelier-do-artesao-presepio-da-achadinha/" />
<meta property="og:site_name" content="Cultura" />
<meta property="article:modified_time" content="2025-09-22T16:23:48+00:00" />
<meta name="twitter:card" content="summary_large_image" />
<script type="application/ld+json" class="yoast-schema-graph">{"@context":"https:\/\/schema.org","@graph":[{"@type":"WebPage","@id":"https:\/\/cmnordeste.pt\/cultura\/casa-joao-de-melo\/visita-virtual\/atelier-do-artesao-presepio-da-achadinha\/","url":"https:\/\/cmnordeste.pt\/cultura\/casa-joao-de-melo\/visita-virtual\/atelier-do-artesao-presepio-da-achadinha\/","name":"Casa João de Melo - Atelier do artesão – \"Presépio da Achadinha\" - Cultura","isPartOf":{"@id":"https:\/\/cmnordeste.pt\/cultura\/#website"},"datePublished":"2025-09-22T16:23:39+00:00","dateModified":"2025-09-22T16:23:48+00:00","breadcrumb":{"@id":"https:\/\/cmnordeste.pt\/cultura\/casa-joao-de-melo\/visita-virtual\/atelier-do-artesao-presepio-da-achadinha\/#breadcrumb"},"inLanguage":"pt-PT","potentialAction":[{"@type":"ReadAction","target":["https:\/\/cmnordeste.pt\/cultura\/casa-joao-de-melo\/visita-virtual\/atelier-do-artesao-presepio-da-achadinha\/"]}]},{"@type":"BreadcrumbList","@id":"https:\/\/cmnordeste.pt\/cultura\/casa-joao-de-melo\/visita-virtual\/atelier-do-artesao-presepio-da-achadinha\/#breadcrumb","itemListElement":[{"@type":"ListItem","position":1,"name":"Início","item":"https:\/\/cmnordeste.pt\/cultura\/"},{"@type":"ListItem","position":2,"name":"Casa João de Melo","item":"https:\/\/cmnordeste.pt\/cultura\/casa-joao-de-melo\/"},{"@type":"ListItem","position":3,"name":"Casa João de Melo &#8211; Visita Virtual","item":"https:\/\/cmnordeste.pt\/cultura\/casa-joao-de-melo\/visita-virtual\/"},{"@type":"ListItem","position":4,"name":"Casa João de Melo &#8211; Atelier do artesão – &#8220;Presépio da Achadinha&#8221;"}]},{"@type":"WebSite","@id":"https:\/\/cmnordeste.pt\/cultura\/#website","url":"https:\/\/cmnordeste.pt\/cultura\/","name":"Cultura","description":"Nordeste - Cultura","potentialAction":[{"@type":"SearchAction","target":{"@type":"EntryPoint","urlTemplate":"https:\/\/cmnordeste.pt\/cultura\/?s={search_term_string}"},"query-input":{"@type":"PropertyValueSpecification","valueRequired":true,"valueName":"search_term_string"}}],"inLanguage":"pt-PT"}]}</script>
<!-- / Yoast SEO plugin. -->

Casa João de Melo - Atelier do artesão – "Presépio da Achadinha" - Cultura

No piso inferior encontra o atelier de um artesão local, José Medeiros, que reproduz as casas da freguesia, em miniaturas de madeira, que formam o presépio da Achadinha durante a época de Natal. O atelier manteve-se disponível ao público após a aposentação do artesão, sendo agora complementado por outras peças de artesanato confecionadas no local [&hellip;]

Início

Casa João de Melo

Casa João de Melo &#8211; Visita Virtual
