{"id":13396,"date":"2019-02-01T11:53:19","date_gmt":"2019-02-01T11:53:19","guid":{"rendered":"https:\/\/cmnordeste.pt\/municipio\/?page_id=13396"},"modified":"2019-06-04T13:08:34","modified_gmt":"2019-06-04T13:08:34","slug":"atendimentos","status":"publish","type":"page","link":"https:\/\/cmnordeste.pt\/municipio\/contactos\/atendimentos\/","title":{"rendered":"Atendimentos"},"content":{"rendered":"<p>Os mun\u00edcipes interessados em marcar atendimento, por forma a serem atendidos presencialmente, para tratar de assuntos como emprego, habita\u00e7\u00e3o ou assuntos diversos, devem dirigir-se ao <strong>Gabinete da Presid\u00eancia<\/strong> da Autarquia, ou entrar em contato com o referido gabinete atrav\u00e9s do telefone <strong>296 480 060<\/strong>, sendo que, posteriormente, os t\u00e9cnicos daquele gabinete dever\u00e3o informar o dia e a hora a comparecer na autarquia.<\/p>\n<p>&nbsp;<\/p>\n<p><img loading=\"lazy\" decoding=\"async\" title=\"atendimento - presid\u00eancia\" src=\"https:\/\/cmnordeste.pt\/municipio\/wp-content\/uploads\/sites\/3\/2019\/06\/atendimento_1920_1280-1920x1080.jpg\" alt=\"atendimento - presid\u00eancia\" class=\"_img_responsive_grid col-xs-12 col-sm-6 alignnone wp-image-13393 size-full\" width=\"1920\" height=\"1080\" \/><\/p>\n<p><img loading=\"lazy\" decoding=\"async\" title=\"Atendimento - Munic\u00edpio de Nordeste\" src=\"https:\/\/cmnordeste.pt\/municipio\/wp-content\/uploads\/sites\/3\/2019\/06\/praca_republica_cmn_1920_1280-1920x1080.jpg\" alt=\"Atendimento - Munic\u00edpio de Nordeste\" class=\"_img_responsive_grid col-xs-12 col-sm-6 alignnone wp-image-13394 size-full\" width=\"1920\" height=\"1080\" \/><\/p>\n<p>&nbsp;<\/p>\n","protected":false},"excerpt":{"rendered":"<p>Os mun\u00edcipes interessados em marcar atendimento, por forma a serem atendidos presencialmente, para tratar de assuntos como emprego, habita\u00e7\u00e3o ou assuntos diversos, devem dirigir-se ao Gabinete da Presid\u00eancia da Autarquia, ou entrar em contato com o referido gabinete atrav\u00e9s do telefone 296 480 060, sendo que, posteriormente, os t\u00e9cnicos daquele gabinete dever\u00e3o informar o dia [&hellip;]<\/p>\n","protected":false},"author":1,"featured_media":13393,"parent":5,"menu_order":13,"comment_status":"closed","ping_status":"closed","template":"page-width-max.php","meta":{"_acf_changed":false,"footnotes":""},"class_list":["post-13396","page","type-page","status-publish","has-post-thumbnail","hentry"],"acf":[],"yoast_head":"<!-- This site is optimized with the Yoast SEO plugin v27.4 - https:\/\/yoast.com\/product\/yoast-seo-wordpress\/ -->\n<title>Atendimentos - Munic\u00edpio<\/title>\n<meta name=\"robots\" content=\"index, follow, max-snippet:-1, max-image-preview:large, max-video-preview:-1\" \/>\n<link rel=\"canonical\" href=\"https:\/\/cmnordeste.pt\/municipio\/contactos\/atendimentos\/\" \/>\n<meta property=\"og:locale\" content=\"pt_PT\" \/>\n<meta property=\"og:type\" content=\"article\" \/>\n<meta property=\"og:title\" content=\"Atendimentos - Munic\u00edpio\" \/>\n<meta property=\"og:description\" content=\"Os mun\u00edcipes interessados em marcar atendimento, por forma a serem atendidos presencialmente, para tratar de assuntos como emprego, habita\u00e7\u00e3o ou assuntos diversos, devem dirigir-se ao Gabinete da Presid\u00eancia da Autarquia, ou entrar em contato com o referido gabinete atrav\u00e9s do telefone 296 480 060, sendo que, posteriormente, os t\u00e9cnicos daquele gabinete dever\u00e3o informar o dia [&hellip;]\" \/>\n<meta property=\"og:url\" content=\"https:\/\/cmnordeste.pt\/municipio\/contactos\/atendimentos\/\" \/>\n<meta property=\"og:site_name\" content=\"Munic\u00edpio\" \/>\n<meta property=\"article:modified_time\" content=\"2019-06-04T13:08:34+00:00\" \/>\n<meta property=\"og:image\" content=\"https:\/\/cmnordeste.pt\/municipio\/wp-content\/uploads\/sites\/3\/2019\/06\/atendimento_1920_1280-1920x1080.jpg\" \/>\n\t<meta property=\"og:image:width\" content=\"1920\" \/>\n\t<meta property=\"og:image:height\" content=\"1280\" \/>\n\t<meta property=\"og:image:type\" content=\"image\/jpeg\" \/>\n<meta name=\"twitter:card\" content=\"summary_large_image\" \/>\n<script type=\"application\/ld+json\" class=\"yoast-schema-graph\">{\"@context\":\"https:\\\/\\\/schema.org\",\"@graph\":[{\"@type\":\"WebPage\",\"@id\":\"https:\\\/\\\/cmnordeste.pt\\\/municipio\\\/contactos\\\/atendimentos\\\/\",\"url\":\"https:\\\/\\\/cmnordeste.pt\\\/municipio\\\/contactos\\\/atendimentos\\\/\",\"name\":\"Atendimentos - Munic\u00edpio\",\"isPartOf\":{\"@id\":\"https:\\\/\\\/cmnordeste.pt\\\/municipio\\\/#website\"},\"primaryImageOfPage\":{\"@id\":\"https:\\\/\\\/cmnordeste.pt\\\/municipio\\\/contactos\\\/atendimentos\\\/#primaryimage\"},\"image\":{\"@id\":\"https:\\\/\\\/cmnordeste.pt\\\/municipio\\\/contactos\\\/atendimentos\\\/#primaryimage\"},\"thumbnailUrl\":\"https:\\\/\\\/cmnordeste.pt\\\/municipio\\\/wp-content\\\/uploads\\\/sites\\\/3\\\/2019\\\/06\\\/atendimento_1920_1280-1920x1080.jpg\",\"datePublished\":\"2019-02-01T11:53:19+00:00\",\"dateModified\":\"2019-06-04T13:08:34+00:00\",\"breadcrumb\":{\"@id\":\"https:\\\/\\\/cmnordeste.pt\\\/municipio\\\/contactos\\\/atendimentos\\\/#breadcrumb\"},\"inLanguage\":\"pt-PT\",\"potentialAction\":[{\"@type\":\"ReadAction\",\"target\":[\"https:\\\/\\\/cmnordeste.pt\\\/municipio\\\/contactos\\\/atendimentos\\\/\"]}]},{\"@type\":\"ImageObject\",\"inLanguage\":\"pt-PT\",\"@id\":\"https:\\\/\\\/cmnordeste.pt\\\/municipio\\\/contactos\\\/atendimentos\\\/#primaryimage\",\"url\":\"https:\\\/\\\/cmnordeste.pt\\\/municipio\\\/wp-content\\\/uploads\\\/sites\\\/3\\\/2019\\\/06\\\/atendimento_1920_1280-1920x1080.jpg\",\"contentUrl\":\"https:\\\/\\\/cmnordeste.pt\\\/municipio\\\/wp-content\\\/uploads\\\/sites\\\/3\\\/2019\\\/06\\\/atendimento_1920_1280-1920x1080.jpg\",\"width\":1920,\"height\":1280,\"caption\":\"atendimento - presid\u00eancia\"},{\"@type\":\"BreadcrumbList\",\"@id\":\"https:\\\/\\\/cmnordeste.pt\\\/municipio\\\/contactos\\\/atendimentos\\\/#breadcrumb\",\"itemListElement\":[{\"@type\":\"ListItem\",\"position\":1,\"name\":\"In\u00edcio\",\"item\":\"https:\\\/\\\/cmnordeste.pt\\\/municipio\\\/\"},{\"@type\":\"ListItem\",\"position\":2,\"name\":\"Contactos\",\"item\":\"https:\\\/\\\/cmnordeste.pt\\\/municipio\\\/contactos\\\/\"},{\"@type\":\"ListItem\",\"position\":3,\"name\":\"Atendimentos\"}]},{\"@type\":\"WebSite\",\"@id\":\"https:\\\/\\\/cmnordeste.pt\\\/municipio\\\/#website\",\"url\":\"https:\\\/\\\/cmnordeste.pt\\\/municipio\\\/\",\"name\":\"Munic\u00edpio\",\"description\":\"Munic\u00edpio do Nordeste\",\"potentialAction\":[{\"@type\":\"SearchAction\",\"target\":{\"@type\":\"EntryPoint\",\"urlTemplate\":\"https:\\\/\\\/cmnordeste.pt\\\/municipio\\\/?s={search_term_string}\"},\"query-input\":{\"@type\":\"PropertyValueSpecification\",\"valueRequired\":true,\"valueName\":\"search_term_string\"}}],\"inLanguage\":\"pt-PT\"}]}<\/script>\n<!-- \/ Yoast SEO plugin. -->","yoast_head_json":{"title":"Atendimentos - Munic\u00edpio","robots":{"index":"index","follow":"follow","max-snippet":"max-snippet:-1","max-image-preview":"max-image-preview:large","max-video-preview":"max-video-preview:-1"},"canonical":"https:\/\/cmnordeste.pt\/municipio\/contactos\/atendimentos\/","og_locale":"pt_PT","og_type":"article","og_title":"Atendimentos - Munic\u00edpio","og_description":"Os mun\u00edcipes interessados em marcar atendimento, por forma a serem atendidos presencialmente, para tratar de assuntos como emprego, habita\u00e7\u00e3o ou assuntos diversos, devem dirigir-se ao Gabinete da Presid\u00eancia da Autarquia, ou entrar em contato com o referido gabinete atrav\u00e9s do telefone 296 480 060, sendo que, posteriormente, os t\u00e9cnicos daquele gabinete dever\u00e3o informar o dia [&hellip;]","og_url":"https:\/\/cmnordeste.pt\/municipio\/contactos\/atendimentos\/","og_site_name":"Munic\u00edpio","article_modified_time":"2019-06-04T13:08:34+00:00","og_image":[{"width":1920,"height":1280,"url":"https:\/\/cmnordeste.pt\/municipio\/wp-content\/uploads\/sites\/3\/2019\/06\/atendimento_1920_1280-1920x1080.jpg","type":"image\/jpeg"}],"twitter_card":"summary_large_image","schema":{"@context":"https:\/\/schema.org","@graph":[{"@type":"WebPage","@id":"https:\/\/cmnordeste.pt\/municipio\/contactos\/atendimentos\/","url":"https:\/\/cmnordeste.pt\/municipio\/contactos\/atendimentos\/","name":"Atendimentos - Munic\u00edpio","isPartOf":{"@id":"https:\/\/cmnordeste.pt\/municipio\/#website"},"primaryImageOfPage":{"@id":"https:\/\/cmnordeste.pt\/municipio\/contactos\/atendimentos\/#primaryimage"},"image":{"@id":"https:\/\/cmnordeste.pt\/municipio\/contactos\/atendimentos\/#primaryimage"},"thumbnailUrl":"https:\/\/cmnordeste.pt\/municipio\/wp-content\/uploads\/sites\/3\/2019\/06\/atendimento_1920_1280-1920x1080.jpg","datePublished":"2019-02-01T11:53:19+00:00","dateModified":"2019-06-04T13:08:34+00:00","breadcrumb":{"@id":"https:\/\/cmnordeste.pt\/municipio\/contactos\/atendimentos\/#breadcrumb"},"inLanguage":"pt-PT","potentialAction":[{"@type":"ReadAction","target":["https:\/\/cmnordeste.pt\/municipio\/contactos\/atendimentos\/"]}]},{"@type":"ImageObject","inLanguage":"pt-PT","@id":"https:\/\/cmnordeste.pt\/municipio\/contactos\/atendimentos\/#primaryimage","url":"https:\/\/cmnordeste.pt\/municipio\/wp-content\/uploads\/sites\/3\/2019\/06\/atendimento_1920_1280-1920x1080.jpg","contentUrl":"https:\/\/cmnordeste.pt\/municipio\/wp-content\/uploads\/sites\/3\/2019\/06\/atendimento_1920_1280-1920x1080.jpg","width":1920,"height":1280,"caption":"atendimento - presid\u00eancia"},{"@type":"BreadcrumbList","@id":"https:\/\/cmnordeste.pt\/municipio\/contactos\/atendimentos\/#breadcrumb","itemListElement":[{"@type":"ListItem","position":1,"name":"In\u00edcio","item":"https:\/\/cmnordeste.pt\/municipio\/"},{"@type":"ListItem","position":2,"name":"Contactos","item":"https:\/\/cmnordeste.pt\/municipio\/contactos\/"},{"@type":"ListItem","position":3,"name":"Atendimentos"}]},{"@type":"WebSite","@id":"https:\/\/cmnordeste.pt\/municipio\/#website","url":"https:\/\/cmnordeste.pt\/municipio\/","name":"Munic\u00edpio","description":"Munic\u00edpio do Nordeste","potentialAction":[{"@type":"SearchAction","target":{"@type":"EntryPoint","urlTemplate":"https:\/\/cmnordeste.pt\/municipio\/?s={search_term_string}"},"query-input":{"@type":"PropertyValueSpecification","valueRequired":true,"valueName":"search_term_string"}}],"inLanguage":"pt-PT"}]}},"_links":{"self":[{"href":"https:\/\/cmnordeste.pt\/municipio\/wp-json\/wp\/v2\/pages\/13396","targetHints":{"allow":["GET"]}}],"collection":[{"href":"https:\/\/cmnordeste.pt\/municipio\/wp-json\/wp\/v2\/pages"}],"about":[{"href":"https:\/\/cmnordeste.pt\/municipio\/wp-json\/wp\/v2\/types\/page"}],"author":[{"embeddable":true,"href":"https:\/\/cmnordeste.pt\/municipio\/wp-json\/wp\/v2\/users\/1"}],"replies":[{"embeddable":true,"href":"https:\/\/cmnordeste.pt\/municipio\/wp-json\/wp\/v2\/comments?post=13396"}],"version-history":[{"count":4,"href":"https:\/\/cmnordeste.pt\/municipio\/wp-json\/wp\/v2\/pages\/13396\/revisions"}],"predecessor-version":[{"id":13399,"href":"https:\/\/cmnordeste.pt\/municipio\/wp-json\/wp\/v2\/pages\/13396\/revisions\/13399"}],"up":[{"embeddable":true,"href":"https:\/\/cmnordeste.pt\/municipio\/wp-json\/wp\/v2\/pages\/5"}],"wp:featuredmedia":[{"embeddable":true,"href":"https:\/\/cmnordeste.pt\/municipio\/wp-json\/wp\/v2\/media\/13393"}],"wp:attachment":[{"href":"https:\/\/cmnordeste.pt\/municipio\/wp-json\/wp\/v2\/media?parent=13396"}],"curies":[{"name":"wp","href":"https:\/\/api.w.org\/{rel}","templated":true}]}}