{"id":32,"date":"2025-11-10T13:40:31","date_gmt":"2025-11-10T13:40:31","guid":{"rendered":"https:\/\/cmnordeste.pt\/municipio\/?page_id=32"},"modified":"2025-11-10T14:49:41","modified_gmt":"2025-11-10T14:49:41","slug":"assembleia-municipal","status":"publish","type":"page","link":"https:\/\/cmnordeste.pt\/municipio\/contactos\/assembleia-municipal\/","title":{"rendered":"Assembleia Municipal"},"content":{"rendered":"<h2>Presidente da Assembleia Municipal<\/h2>\n<p style=\"text-align: justify\">Rog\u00e9rio Cabral de Frias<br \/>\nTelef: 296480060<br \/>\nE-mail:\u00a0<a href=\"mailto:assembleia@cmnordeste.pt\">assembleia@cmnordeste.pt<br \/>\n<\/a><\/p>\n<h2><\/h2>\n<h2><\/h2>\n<h2>Membros eleitos pelo PSD<\/h2>\n<p>M\u00e1rio Nuno Maciel Arruda Fagundo \u2013 1.\u00ba Secret\u00e1rio<\/p>\n<p>S\u00f3nia Manuela Aires Rodrigues<\/p>\n<p>Rafael dos Santos Gatto<\/p>\n<p>Jorge Miguel Cabral Lopes<\/p>\n<p>Ana Isabel Dias Sousa Raposo<\/p>\n<p>R\u00faben Relva Soares<\/p>\n<p>Manuel Francisco Cabral da Costa<\/p>\n<p>Z\u00e9lia de F\u00e1tima Amaral Teixeira<\/p>\n<p>&nbsp;<\/p>\n<h2>Membros eleitos pelo PS<\/h2>\n<p>Jo\u00e3o Carlos Barbosa Rebelo<\/p>\n<p>Henrique Figueiredo Paiva<\/p>\n<p>Adriana Soares Melo<\/p>\n<p>Jos\u00e9 Alberto Raposo Mota<\/p>\n<p>&nbsp;<\/p>\n<h2>Membros eleitos pelo CHEGA<\/h2>\n<p>Alberto Macedo Torres<\/p>\n<p>Nuno Cabral de Lima Cymbron<\/p>\n","protected":false},"excerpt":{"rendered":"<p>Presidente da Assembleia Municipal Rog\u00e9rio Cabral de Frias Telef: 296480060 E-mail:\u00a0assembleia@cmnordeste.pt Membros eleitos pelo PSD M\u00e1rio Nuno Maciel Arruda Fagundo \u2013 1.\u00ba Secret\u00e1rio S\u00f3nia Manuela Aires Rodrigues Rafael dos Santos Gatto Jorge Miguel Cabral Lopes Ana Isabel Dias Sousa Raposo R\u00faben Relva Soares Manuel Francisco Cabral da Costa Z\u00e9lia de F\u00e1tima Amaral Teixeira &nbsp; Membros [&hellip;]<\/p>\n","protected":false},"author":1,"featured_media":0,"parent":5,"menu_order":12,"comment_status":"closed","ping_status":"closed","template":"page-width-max.php","meta":{"_acf_changed":false,"footnotes":""},"class_list":["post-32","page","type-page","status-publish","hentry"],"acf":[],"yoast_head":"<!-- This site is optimized with the Yoast SEO plugin v27.4 - https:\/\/yoast.com\/product\/yoast-seo-wordpress\/ -->\n<title>Assembleia Municipal - Munic\u00edpio<\/title>\n<meta name=\"robots\" content=\"index, follow, max-snippet:-1, max-image-preview:large, max-video-preview:-1\" \/>\n<link rel=\"canonical\" href=\"https:\/\/cmnordeste.pt\/municipio\/contactos\/assembleia-municipal\/\" \/>\n<meta property=\"og:locale\" content=\"pt_PT\" \/>\n<meta property=\"og:type\" content=\"article\" \/>\n<meta property=\"og:title\" content=\"Assembleia Municipal - Munic\u00edpio\" \/>\n<meta property=\"og:description\" content=\"Presidente da Assembleia Municipal Rog\u00e9rio Cabral de Frias Telef: 296480060 E-mail:\u00a0assembleia@cmnordeste.pt Membros eleitos pelo PSD M\u00e1rio Nuno Maciel Arruda Fagundo \u2013 1.\u00ba Secret\u00e1rio S\u00f3nia Manuela Aires Rodrigues Rafael dos Santos Gatto Jorge Miguel Cabral Lopes Ana Isabel Dias Sousa Raposo R\u00faben Relva Soares Manuel Francisco Cabral da Costa Z\u00e9lia de F\u00e1tima Amaral Teixeira &nbsp; Membros [&hellip;]\" \/>\n<meta property=\"og:url\" content=\"https:\/\/cmnordeste.pt\/municipio\/contactos\/assembleia-municipal\/\" \/>\n<meta property=\"og:site_name\" content=\"Munic\u00edpio\" \/>\n<meta property=\"article:modified_time\" content=\"2025-11-10T14:49:41+00:00\" \/>\n<meta name=\"twitter:card\" content=\"summary_large_image\" \/>\n<script type=\"application\/ld+json\" class=\"yoast-schema-graph\">{\"@context\":\"https:\\\/\\\/schema.org\",\"@graph\":[{\"@type\":\"WebPage\",\"@id\":\"https:\\\/\\\/cmnordeste.pt\\\/municipio\\\/contactos\\\/assembleia-municipal\\\/\",\"url\":\"https:\\\/\\\/cmnordeste.pt\\\/municipio\\\/contactos\\\/assembleia-municipal\\\/\",\"name\":\"Assembleia Municipal - Munic\u00edpio\",\"isPartOf\":{\"@id\":\"https:\\\/\\\/cmnordeste.pt\\\/municipio\\\/#website\"},\"datePublished\":\"2025-11-10T13:40:31+00:00\",\"dateModified\":\"2025-11-10T14:49:41+00:00\",\"breadcrumb\":{\"@id\":\"https:\\\/\\\/cmnordeste.pt\\\/municipio\\\/contactos\\\/assembleia-municipal\\\/#breadcrumb\"},\"inLanguage\":\"pt-PT\",\"potentialAction\":[{\"@type\":\"ReadAction\",\"target\":[\"https:\\\/\\\/cmnordeste.pt\\\/municipio\\\/contactos\\\/assembleia-municipal\\\/\"]}]},{\"@type\":\"BreadcrumbList\",\"@id\":\"https:\\\/\\\/cmnordeste.pt\\\/municipio\\\/contactos\\\/assembleia-municipal\\\/#breadcrumb\",\"itemListElement\":[{\"@type\":\"ListItem\",\"position\":1,\"name\":\"In\u00edcio\",\"item\":\"https:\\\/\\\/cmnordeste.pt\\\/municipio\\\/\"},{\"@type\":\"ListItem\",\"position\":2,\"name\":\"Contactos\",\"item\":\"https:\\\/\\\/cmnordeste.pt\\\/municipio\\\/contactos\\\/\"},{\"@type\":\"ListItem\",\"position\":3,\"name\":\"Assembleia Municipal\"}]},{\"@type\":\"WebSite\",\"@id\":\"https:\\\/\\\/cmnordeste.pt\\\/municipio\\\/#website\",\"url\":\"https:\\\/\\\/cmnordeste.pt\\\/municipio\\\/\",\"name\":\"Munic\u00edpio\",\"description\":\"Munic\u00edpio do Nordeste\",\"potentialAction\":[{\"@type\":\"SearchAction\",\"target\":{\"@type\":\"EntryPoint\",\"urlTemplate\":\"https:\\\/\\\/cmnordeste.pt\\\/municipio\\\/?s={search_term_string}\"},\"query-input\":{\"@type\":\"PropertyValueSpecification\",\"valueRequired\":true,\"valueName\":\"search_term_string\"}}],\"inLanguage\":\"pt-PT\"}]}<\/script>\n<!-- \/ Yoast SEO plugin. -->","yoast_head_json":{"title":"Assembleia Municipal - Munic\u00edpio","robots":{"index":"index","follow":"follow","max-snippet":"max-snippet:-1","max-image-preview":"max-image-preview:large","max-video-preview":"max-video-preview:-1"},"canonical":"https:\/\/cmnordeste.pt\/municipio\/contactos\/assembleia-municipal\/","og_locale":"pt_PT","og_type":"article","og_title":"Assembleia Municipal - Munic\u00edpio","og_description":"Presidente da Assembleia Municipal Rog\u00e9rio Cabral de Frias Telef: 296480060 E-mail:\u00a0assembleia@cmnordeste.pt Membros eleitos pelo PSD M\u00e1rio Nuno Maciel Arruda Fagundo \u2013 1.\u00ba Secret\u00e1rio S\u00f3nia Manuela Aires Rodrigues Rafael dos Santos Gatto Jorge Miguel Cabral Lopes Ana Isabel Dias Sousa Raposo R\u00faben Relva Soares Manuel Francisco Cabral da Costa Z\u00e9lia de F\u00e1tima Amaral Teixeira &nbsp; Membros [&hellip;]","og_url":"https:\/\/cmnordeste.pt\/municipio\/contactos\/assembleia-municipal\/","og_site_name":"Munic\u00edpio","article_modified_time":"2025-11-10T14:49:41+00:00","twitter_card":"summary_large_image","schema":{"@context":"https:\/\/schema.org","@graph":[{"@type":"WebPage","@id":"https:\/\/cmnordeste.pt\/municipio\/contactos\/assembleia-municipal\/","url":"https:\/\/cmnordeste.pt\/municipio\/contactos\/assembleia-municipal\/","name":"Assembleia Municipal - Munic\u00edpio","isPartOf":{"@id":"https:\/\/cmnordeste.pt\/municipio\/#website"},"datePublished":"2025-11-10T13:40:31+00:00","dateModified":"2025-11-10T14:49:41+00:00","breadcrumb":{"@id":"https:\/\/cmnordeste.pt\/municipio\/contactos\/assembleia-municipal\/#breadcrumb"},"inLanguage":"pt-PT","potentialAction":[{"@type":"ReadAction","target":["https:\/\/cmnordeste.pt\/municipio\/contactos\/assembleia-municipal\/"]}]},{"@type":"BreadcrumbList","@id":"https:\/\/cmnordeste.pt\/municipio\/contactos\/assembleia-municipal\/#breadcrumb","itemListElement":[{"@type":"ListItem","position":1,"name":"In\u00edcio","item":"https:\/\/cmnordeste.pt\/municipio\/"},{"@type":"ListItem","position":2,"name":"Contactos","item":"https:\/\/cmnordeste.pt\/municipio\/contactos\/"},{"@type":"ListItem","position":3,"name":"Assembleia Municipal"}]},{"@type":"WebSite","@id":"https:\/\/cmnordeste.pt\/municipio\/#website","url":"https:\/\/cmnordeste.pt\/municipio\/","name":"Munic\u00edpio","description":"Munic\u00edpio do Nordeste","potentialAction":[{"@type":"SearchAction","target":{"@type":"EntryPoint","urlTemplate":"https:\/\/cmnordeste.pt\/municipio\/?s={search_term_string}"},"query-input":{"@type":"PropertyValueSpecification","valueRequired":true,"valueName":"search_term_string"}}],"inLanguage":"pt-PT"}]}},"_links":{"self":[{"href":"https:\/\/cmnordeste.pt\/municipio\/wp-json\/wp\/v2\/pages\/32","targetHints":{"allow":["GET"]}}],"collection":[{"href":"https:\/\/cmnordeste.pt\/municipio\/wp-json\/wp\/v2\/pages"}],"about":[{"href":"https:\/\/cmnordeste.pt\/municipio\/wp-json\/wp\/v2\/types\/page"}],"author":[{"embeddable":true,"href":"https:\/\/cmnordeste.pt\/municipio\/wp-json\/wp\/v2\/users\/1"}],"replies":[{"embeddable":true,"href":"https:\/\/cmnordeste.pt\/municipio\/wp-json\/wp\/v2\/comments?post=32"}],"version-history":[{"count":6,"href":"https:\/\/cmnordeste.pt\/municipio\/wp-json\/wp\/v2\/pages\/32\/revisions"}],"predecessor-version":[{"id":13950,"href":"https:\/\/cmnordeste.pt\/municipio\/wp-json\/wp\/v2\/pages\/32\/revisions\/13950"}],"up":[{"embeddable":true,"href":"https:\/\/cmnordeste.pt\/municipio\/wp-json\/wp\/v2\/pages\/5"}],"wp:attachment":[{"href":"https:\/\/cmnordeste.pt\/municipio\/wp-json\/wp\/v2\/media?parent=32"}],"curies":[{"name":"wp","href":"https:\/\/api.w.org\/{rel}","templated":true}]}}

<h2>Presidente da Assembleia Municipal</h2>
<p style="text-align: justify">Rogério Cabral de Frias<br />
Telef: 296480060<br />
E-mail: <a href="mailto:assembleia@cmnordeste.pt">assembleia@cmnordeste.pt<br />
</a></p>
<h2></h2>
<h2></h2>
<h2>Membros eleitos pelo PSD</h2>
<p>Mário Nuno Maciel Arruda Fagundo – 1.º Secretário</p>
<p>Sónia Manuela Aires Rodrigues</p>
<p>Rafael dos Santos Gatto</p>
<p>Jorge Miguel Cabral Lopes</p>
<p>Ana Isabel Dias Sousa Raposo</p>
<p>Rúben Relva Soares</p>
<p>Manuel Francisco Cabral da Costa</p>
<p>Zélia de Fátima Amaral Teixeira</p>
<p>&nbsp;</p>
<h2>Membros eleitos pelo PS</h2>
<p>João Carlos Barbosa Rebelo</p>
<p>Henrique Figueiredo Paiva</p>
<p>Adriana Soares Melo</p>
<p>José Alberto Raposo Mota</p>
<p>&nbsp;</p>
<h2>Membros eleitos pelo CHEGA</h2>
<p>Alberto Macedo Torres</p>
<p>Nuno Cabral de Lima Cymbron</p>

<p>Presidente da Assembleia Municipal Rogério Cabral de Frias Telef: 296480060 E-mail: assembleia@cmnordeste.pt Membros eleitos pelo PSD Mário Nuno Maciel Arruda Fagundo – 1.º Secretário Sónia Manuela Aires Rodrigues Rafael dos Santos Gatto Jorge Miguel Cabral Lopes Ana Isabel Dias Sousa Raposo Rúben Relva Soares Manuel Francisco Cabral da Costa Zélia de Fátima Amaral Teixeira &nbsp; Membros [&hellip;]</p>

<!-- This site is optimized with the Yoast SEO plugin v27.4 - https://yoast.com/product/yoast-seo-wordpress/ -->
<title>Assembleia Municipal - Município</title>
<meta name="robots" content="index, follow, max-snippet:-1, max-image-preview:large, max-video-preview:-1" />
<link rel="canonical" href="https://cmnordeste.pt/municipio/contactos/assembleia-municipal/" />
<meta property="og:locale" content="pt_PT" />
<meta property="og:type" content="article" />
<meta property="og:title" content="Assembleia Municipal - Município" />
<meta property="og:description" content="Presidente da Assembleia Municipal Rogério Cabral de Frias Telef: 296480060 E-mail: assembleia@cmnordeste.pt Membros eleitos pelo PSD Mário Nuno Maciel Arruda Fagundo – 1.º Secretário Sónia Manuela Aires Rodrigues Rafael dos Santos Gatto Jorge Miguel Cabral Lopes Ana Isabel Dias Sousa Raposo Rúben Relva Soares Manuel Francisco Cabral da Costa Zélia de Fátima Amaral Teixeira &nbsp; Membros [&hellip;]" />
<meta property="og:url" content="https://cmnordeste.pt/municipio/contactos/assembleia-municipal/" />
<meta property="og:site_name" content="Município" />
<meta property="article:modified_time" content="2025-11-10T14:49:41+00:00" />
<meta name="twitter:card" content="summary_large_image" />
<script type="application/ld+json" class="yoast-schema-graph">{"@context":"https:\/\/schema.org","@graph":[{"@type":"WebPage","@id":"https:\/\/cmnordeste.pt\/municipio\/contactos\/assembleia-municipal\/","url":"https:\/\/cmnordeste.pt\/municipio\/contactos\/assembleia-municipal\/","name":"Assembleia Municipal - Município","isPartOf":{"@id":"https:\/\/cmnordeste.pt\/municipio\/#website"},"datePublished":"2025-11-10T13:40:31+00:00","dateModified":"2025-11-10T14:49:41+00:00","breadcrumb":{"@id":"https:\/\/cmnordeste.pt\/municipio\/contactos\/assembleia-municipal\/#breadcrumb"},"inLanguage":"pt-PT","potentialAction":[{"@type":"ReadAction","target":["https:\/\/cmnordeste.pt\/municipio\/contactos\/assembleia-municipal\/"]}]},{"@type":"BreadcrumbList","@id":"https:\/\/cmnordeste.pt\/municipio\/contactos\/assembleia-municipal\/#breadcrumb","itemListElement":[{"@type":"ListItem","position":1,"name":"Início","item":"https:\/\/cmnordeste.pt\/municipio\/"},{"@type":"ListItem","position":2,"name":"Contactos","item":"https:\/\/cmnordeste.pt\/municipio\/contactos\/"},{"@type":"ListItem","position":3,"name":"Assembleia Municipal"}]},{"@type":"WebSite","@id":"https:\/\/cmnordeste.pt\/municipio\/#website","url":"https:\/\/cmnordeste.pt\/municipio\/","name":"Município","description":"Município do Nordeste","potentialAction":[{"@type":"SearchAction","target":{"@type":"EntryPoint","urlTemplate":"https:\/\/cmnordeste.pt\/municipio\/?s={search_term_string}"},"query-input":{"@type":"PropertyValueSpecification","valueRequired":true,"valueName":"search_term_string"}}],"inLanguage":"pt-PT"}]}</script>
<!-- / Yoast SEO plugin. -->

Assembleia Municipal - Município

Presidente da Assembleia Municipal Rogério Cabral de Frias Telef: 296480060 E-mail: assembleia@cmnordeste.pt Membros eleitos pelo PSD Mário Nuno Maciel Arruda Fagundo – 1.º Secretário Sónia Manuela Aires Rodrigues Rafael dos Santos Gatto Jorge Miguel Cabral Lopes Ana Isabel Dias Sousa Raposo Rúben Relva Soares Manuel Francisco Cabral da Costa Zélia de Fátima Amaral Teixeira &nbsp; Membros [&hellip;]

Município

Início

Município do Nordeste
