{"id":9343,"date":"2020-04-26T09:00:53","date_gmt":"2020-04-26T09:00:53","guid":{"rendered":"https:\/\/cmnordeste.pt\/municipio\/?page_id=9343"},"modified":"2023-04-26T09:11:57","modified_gmt":"2023-04-26T09:11:57","slug":"plano-municipal-de-emergencia","status":"publish","type":"page","link":"https:\/\/cmnordeste.pt\/municipio\/protecao-civil\/plano-municipal-de-emergencia\/","title":{"rendered":"Plano Municipal de Emerg\u00eancia"},"content":{"rendered":"<p>&nbsp;<\/p>\n<p><a href=\"https:\/\/cmnordeste.pt\/municipio\/wp-content\/uploads\/sites\/3\/2020\/05\/pmepcn-_-versao-sem-conteudos-reservados.pdf\" class=\"mtli_attachment mtli_pdf\">PMEPCN (vers\u00e3o final)<\/a><\/p>\n<p><a href=\"https:\/\/cmnordeste.pt\/municipio\/wp-content\/uploads\/sites\/3\/2017\/03\/Relat\u00f3rio-Consulta-P\u00fablica.pdf\" class=\"mtli_attachment mtli_pdf\" rel=\"\">Relat\u00f3rio Consulta P\u00fablica<\/a><\/p>\n<p><a href=\"https:\/\/cmnordeste.pt\/municipio\/wp-content\/uploads\/sites\/3\/2017\/03\/PMEPCN-_-vers\u00e3o-consulta-p\u00fablica-_p\u00e1g-85-118.pdf\" class=\"mtli_attachment mtli_pdf\" rel=\"\">PMEPCN _ vers\u00e3o consulta p\u00fablica _p\u00e1g 85-118<\/a><\/p>\n<p><a href=\"https:\/\/cmnordeste.pt\/municipio\/wp-content\/uploads\/sites\/3\/2017\/03\/PMEPCN-_-vers\u00e3o-consulta-p\u00fablica-_p\u00e1g-35-84.pdf\" class=\"mtli_attachment mtli_pdf\" rel=\"\">PMEPCN _ vers\u00e3o consulta p\u00fablica _p\u00e1g 35-84<\/a><\/p>\n<p><a href=\"https:\/\/cmnordeste.pt\/municipio\/wp-content\/uploads\/sites\/3\/2017\/03\/PMEPCN-_-vers\u00e3o-consulta-p\u00fablica-_p\u00e1g-1-34.pdf\" class=\"mtli_attachment mtli_pdf\" rel=\"\">PMEPCN _ vers\u00e3o consulta p\u00fablica _p\u00e1g 1-34<\/a><\/p>\n<p>\n<a href=\"https:\/\/cmnordeste.pt\/municipio\/wp-content\/uploads\/sites\/3\/2017\/03\/Edital-em-Di\u00e1rio-da-Rep\u00fablica.pdf\" class=\"mtli_attachment mtli_pdf\" rel=\"\">Di\u00e1rio da Rep\u00fablica &#8211; Edital<\/a><\/p>\n<p><a href=\"https:\/\/cmnordeste.pt\/municipio\/wp-content\/uploads\/sites\/3\/2017\/03\/Edital-Consulta-P\u00fablica-Plano-Municipal-de-Emerg\u00eancia-de-Prote\u00e7\u00e3o-Civil-de-Nordeste.pdf\" class=\"mtli_attachment mtli_pdf\" rel=\"\">Consulta P\u00fablica PME de Nordeste &#8211; Edital<\/a><br \/>\n\u00a0<\/p>\n<h4><\/h4>\n<p><strong><u>Plano Municipal de Emerg\u00eancia de Prote\u00e7\u00e3o Civil de Nordeste\u00a0<\/u><\/strong><\/p>\n<p>&#8211; O concelho de Nordeste disp\u00f5e de um Plano Municipal de Emerg\u00eancia de Prote\u00e7\u00e3o Civil (PMEPCN) \u00a0desde fevereiro de 2005, o qual sofreu a primeira revis\u00e3o em 2010. A vers\u00e3o do PMEPCN que se encontra atualmente em vigor foi elaborada em 2019 e aprovada por despacho de Sua Ex.\u00aa a Secret\u00e1ria Regional da Sa\u00fade, de 15\/11\/2019, publicado em Di\u00e1rio da Rep\u00fablica a 05\/12\/2019.<\/p>\n<p>&#8211; O PMEPCN \u00e9 uma ferramenta que est\u00e1 ao dispor da prote\u00e7\u00e3o civil municipal para unificar a coordena\u00e7\u00e3o dos trabalhos em caso de ativa\u00e7\u00e3o do plano, de modo a desencadear com efici\u00eancia as opera\u00e7\u00f5es de prote\u00e7\u00e3o civil, com vista a permitir uma unidade de preven\u00e7\u00e3o, dire\u00e7\u00e3o e controlo, a gest\u00e3o dos meios e recursos mobiliz\u00e1veis face a um acidente grave, cat\u00e1strofe e calamidades, no sentido de minimizar e repor rapidamente as condi\u00e7\u00f5es normais.<\/p>\n<p>&#8211; A miss\u00e3o deste plano (objetivo principal) \u00e9 minimizar a perda de vidas e bens, limitar os efeitos territoriais das situa\u00e7\u00f5es de acidente e cat\u00e1strofe e restabelecer com a prontid\u00e3o poss\u00edvel as condi\u00e7\u00f5es m\u00ednimas de normalidade.<\/p>\n<p>&#8211; Existem diversos riscos de natureza natural e tecnol\u00f3gica a que o concelho se encontra sujeito, nomeadamente a n\u00edvel natural, os riscos de movimento de vertente, de cheias e inunda\u00e7\u00f5es, seca, s\u00edsmicos, vulc\u00e2nicos, tsunamis e galgamentos de mar e de eros\u00e3o. A n\u00edvel tecnol\u00f3gico, os riscos associados a acidentes graves de tr\u00e1fego, acidentes no transporte de mercadorias perigosas, colapso de pontes e outras infraestruturas.<\/p>\n<p>&nbsp;<\/p>\n<p>&nbsp;<\/p>\n","protected":false},"excerpt":{"rendered":"<p>&nbsp; PMEPCN (vers\u00e3o final) Relat\u00f3rio Consulta P\u00fablica PMEPCN _ vers\u00e3o consulta p\u00fablica _p\u00e1g 85-118 PMEPCN _ vers\u00e3o consulta p\u00fablica _p\u00e1g 35-84 PMEPCN _ vers\u00e3o consulta p\u00fablica _p\u00e1g 1-34 Di\u00e1rio da Rep\u00fablica &#8211; Edital Consulta P\u00fablica PME de Nordeste &#8211; Edital \u00a0 Plano Municipal de Emerg\u00eancia de Prote\u00e7\u00e3o Civil de Nordeste\u00a0 &#8211; O concelho de Nordeste [&hellip;]<\/p>\n","protected":false},"author":6,"featured_media":0,"parent":13,"menu_order":0,"comment_status":"closed","ping_status":"closed","template":"","meta":{"_acf_changed":false,"footnotes":""},"class_list":["post-9343","page","type-page","status-publish","hentry"],"acf":[],"yoast_head":"<!-- This site is optimized with the Yoast SEO plugin v27.4 - https:\/\/yoast.com\/product\/yoast-seo-wordpress\/ -->\n<title>Plano Municipal de Emerg\u00eancia - Munic\u00edpio<\/title>\n<meta name=\"robots\" content=\"index, follow, max-snippet:-1, max-image-preview:large, max-video-preview:-1\" \/>\n<link rel=\"canonical\" href=\"https:\/\/cmnordeste.pt\/municipio\/protecao-civil\/plano-municipal-de-emergencia\/\" \/>\n<meta property=\"og:locale\" content=\"pt_PT\" \/>\n<meta property=\"og:type\" content=\"article\" \/>\n<meta property=\"og:title\" content=\"Plano Municipal de Emerg\u00eancia - Munic\u00edpio\" \/>\n<meta property=\"og:description\" content=\"&nbsp; PMEPCN (vers\u00e3o final) Relat\u00f3rio Consulta P\u00fablica PMEPCN _ vers\u00e3o consulta p\u00fablica _p\u00e1g 85-118 PMEPCN _ vers\u00e3o consulta p\u00fablica _p\u00e1g 35-84 PMEPCN _ vers\u00e3o consulta p\u00fablica _p\u00e1g 1-34 Di\u00e1rio da Rep\u00fablica &#8211; Edital Consulta P\u00fablica PME de Nordeste &#8211; Edital \u00a0 Plano Municipal de Emerg\u00eancia de Prote\u00e7\u00e3o Civil de Nordeste\u00a0 &#8211; O concelho de Nordeste [&hellip;]\" \/>\n<meta property=\"og:url\" content=\"https:\/\/cmnordeste.pt\/municipio\/protecao-civil\/plano-municipal-de-emergencia\/\" \/>\n<meta property=\"og:site_name\" content=\"Munic\u00edpio\" \/>\n<meta property=\"article:modified_time\" content=\"2023-04-26T09:11:57+00:00\" \/>\n<meta name=\"twitter:card\" content=\"summary_large_image\" \/>\n<meta name=\"twitter:label1\" content=\"Tempo estimado de leitura\" \/>\n\t<meta name=\"twitter:data1\" content=\"2 minutos\" \/>\n<script type=\"application\/ld+json\" class=\"yoast-schema-graph\">{\"@context\":\"https:\\\/\\\/schema.org\",\"@graph\":[{\"@type\":\"WebPage\",\"@id\":\"https:\\\/\\\/cmnordeste.pt\\\/municipio\\\/protecao-civil\\\/plano-municipal-de-emergencia\\\/\",\"url\":\"https:\\\/\\\/cmnordeste.pt\\\/municipio\\\/protecao-civil\\\/plano-municipal-de-emergencia\\\/\",\"name\":\"Plano Municipal de Emerg\u00eancia - Munic\u00edpio\",\"isPartOf\":{\"@id\":\"https:\\\/\\\/cmnordeste.pt\\\/municipio\\\/#website\"},\"datePublished\":\"2020-04-26T09:00:53+00:00\",\"dateModified\":\"2023-04-26T09:11:57+00:00\",\"breadcrumb\":{\"@id\":\"https:\\\/\\\/cmnordeste.pt\\\/municipio\\\/protecao-civil\\\/plano-municipal-de-emergencia\\\/#breadcrumb\"},\"inLanguage\":\"pt-PT\",\"potentialAction\":[{\"@type\":\"ReadAction\",\"target\":[\"https:\\\/\\\/cmnordeste.pt\\\/municipio\\\/protecao-civil\\\/plano-municipal-de-emergencia\\\/\"]}]},{\"@type\":\"BreadcrumbList\",\"@id\":\"https:\\\/\\\/cmnordeste.pt\\\/municipio\\\/protecao-civil\\\/plano-municipal-de-emergencia\\\/#breadcrumb\",\"itemListElement\":[{\"@type\":\"ListItem\",\"position\":1,\"name\":\"In\u00edcio\",\"item\":\"https:\\\/\\\/cmnordeste.pt\\\/municipio\\\/\"},{\"@type\":\"ListItem\",\"position\":2,\"name\":\"Prote\u00e7\u00e3o Civil\",\"item\":\"https:\\\/\\\/cmnordeste.pt\\\/municipio\\\/protecao-civil\\\/\"},{\"@type\":\"ListItem\",\"position\":3,\"name\":\"Plano Municipal de Emerg\u00eancia\"}]},{\"@type\":\"WebSite\",\"@id\":\"https:\\\/\\\/cmnordeste.pt\\\/municipio\\\/#website\",\"url\":\"https:\\\/\\\/cmnordeste.pt\\\/municipio\\\/\",\"name\":\"Munic\u00edpio\",\"description\":\"Munic\u00edpio do Nordeste\",\"potentialAction\":[{\"@type\":\"SearchAction\",\"target\":{\"@type\":\"EntryPoint\",\"urlTemplate\":\"https:\\\/\\\/cmnordeste.pt\\\/municipio\\\/?s={search_term_string}\"},\"query-input\":{\"@type\":\"PropertyValueSpecification\",\"valueRequired\":true,\"valueName\":\"search_term_string\"}}],\"inLanguage\":\"pt-PT\"}]}<\/script>\n<!-- \/ Yoast SEO plugin. -->","yoast_head_json":{"title":"Plano Municipal de Emerg\u00eancia - Munic\u00edpio","robots":{"index":"index","follow":"follow","max-snippet":"max-snippet:-1","max-image-preview":"max-image-preview:large","max-video-preview":"max-video-preview:-1"},"canonical":"https:\/\/cmnordeste.pt\/municipio\/protecao-civil\/plano-municipal-de-emergencia\/","og_locale":"pt_PT","og_type":"article","og_title":"Plano Municipal de Emerg\u00eancia - Munic\u00edpio","og_description":"&nbsp; PMEPCN (vers\u00e3o final) Relat\u00f3rio Consulta P\u00fablica PMEPCN _ vers\u00e3o consulta p\u00fablica _p\u00e1g 85-118 PMEPCN _ vers\u00e3o consulta p\u00fablica _p\u00e1g 35-84 PMEPCN _ vers\u00e3o consulta p\u00fablica _p\u00e1g 1-34 Di\u00e1rio da Rep\u00fablica &#8211; Edital Consulta P\u00fablica PME de Nordeste &#8211; Edital \u00a0 Plano Municipal de Emerg\u00eancia de Prote\u00e7\u00e3o Civil de Nordeste\u00a0 &#8211; O concelho de Nordeste [&hellip;]","og_url":"https:\/\/cmnordeste.pt\/municipio\/protecao-civil\/plano-municipal-de-emergencia\/","og_site_name":"Munic\u00edpio","article_modified_time":"2023-04-26T09:11:57+00:00","twitter_card":"summary_large_image","twitter_misc":{"Tempo estimado de leitura":"2 minutos"},"schema":{"@context":"https:\/\/schema.org","@graph":[{"@type":"WebPage","@id":"https:\/\/cmnordeste.pt\/municipio\/protecao-civil\/plano-municipal-de-emergencia\/","url":"https:\/\/cmnordeste.pt\/municipio\/protecao-civil\/plano-municipal-de-emergencia\/","name":"Plano Municipal de Emerg\u00eancia - Munic\u00edpio","isPartOf":{"@id":"https:\/\/cmnordeste.pt\/municipio\/#website"},"datePublished":"2020-04-26T09:00:53+00:00","dateModified":"2023-04-26T09:11:57+00:00","breadcrumb":{"@id":"https:\/\/cmnordeste.pt\/municipio\/protecao-civil\/plano-municipal-de-emergencia\/#breadcrumb"},"inLanguage":"pt-PT","potentialAction":[{"@type":"ReadAction","target":["https:\/\/cmnordeste.pt\/municipio\/protecao-civil\/plano-municipal-de-emergencia\/"]}]},{"@type":"BreadcrumbList","@id":"https:\/\/cmnordeste.pt\/municipio\/protecao-civil\/plano-municipal-de-emergencia\/#breadcrumb","itemListElement":[{"@type":"ListItem","position":1,"name":"In\u00edcio","item":"https:\/\/cmnordeste.pt\/municipio\/"},{"@type":"ListItem","position":2,"name":"Prote\u00e7\u00e3o Civil","item":"https:\/\/cmnordeste.pt\/municipio\/protecao-civil\/"},{"@type":"ListItem","position":3,"name":"Plano Municipal de Emerg\u00eancia"}]},{"@type":"WebSite","@id":"https:\/\/cmnordeste.pt\/municipio\/#website","url":"https:\/\/cmnordeste.pt\/municipio\/","name":"Munic\u00edpio","description":"Munic\u00edpio do Nordeste","potentialAction":[{"@type":"SearchAction","target":{"@type":"EntryPoint","urlTemplate":"https:\/\/cmnordeste.pt\/municipio\/?s={search_term_string}"},"query-input":{"@type":"PropertyValueSpecification","valueRequired":true,"valueName":"search_term_string"}}],"inLanguage":"pt-PT"}]}},"_links":{"self":[{"href":"https:\/\/cmnordeste.pt\/municipio\/wp-json\/wp\/v2\/pages\/9343","targetHints":{"allow":["GET"]}}],"collection":[{"href":"https:\/\/cmnordeste.pt\/municipio\/wp-json\/wp\/v2\/pages"}],"about":[{"href":"https:\/\/cmnordeste.pt\/municipio\/wp-json\/wp\/v2\/types\/page"}],"author":[{"embeddable":true,"href":"https:\/\/cmnordeste.pt\/municipio\/wp-json\/wp\/v2\/users\/6"}],"replies":[{"embeddable":true,"href":"https:\/\/cmnordeste.pt\/municipio\/wp-json\/wp\/v2\/comments?post=9343"}],"version-history":[{"count":3,"href":"https:\/\/cmnordeste.pt\/municipio\/wp-json\/wp\/v2\/pages\/9343\/revisions"}],"predecessor-version":[{"id":13687,"href":"https:\/\/cmnordeste.pt\/municipio\/wp-json\/wp\/v2\/pages\/9343\/revisions\/13687"}],"up":[{"embeddable":true,"href":"https:\/\/cmnordeste.pt\/municipio\/wp-json\/wp\/v2\/pages\/13"}],"wp:attachment":[{"href":"https:\/\/cmnordeste.pt\/municipio\/wp-json\/wp\/v2\/media?parent=9343"}],"curies":[{"name":"wp","href":"https:\/\/api.w.org\/{rel}","templated":true}]}}

Plano Municipal de Emergência

<p>&nbsp;</p>
<p><a href="https://cmnordeste.pt/municipio/wp-content/uploads/sites/3/2020/05/pmepcn-_-versao-sem-conteudos-reservados.pdf" class="mtli_attachment mtli_pdf">PMEPCN (versão final)</a></p>
<p><a href="https://cmnordeste.pt/municipio/wp-content/uploads/sites/3/2017/03/Relatório-Consulta-Pública.pdf" class="mtli_attachment mtli_pdf" rel="">Relatório Consulta Pública</a></p>
<p><a href="https://cmnordeste.pt/municipio/wp-content/uploads/sites/3/2017/03/PMEPCN-_-versão-consulta-pública-_pág-85-118.pdf" class="mtli_attachment mtli_pdf" rel="">PMEPCN _ versão consulta pública _pág 85-118</a></p>
<p><a href="https://cmnordeste.pt/municipio/wp-content/uploads/sites/3/2017/03/PMEPCN-_-versão-consulta-pública-_pág-35-84.pdf" class="mtli_attachment mtli_pdf" rel="">PMEPCN _ versão consulta pública _pág 35-84</a></p>
<p><a href="https://cmnordeste.pt/municipio/wp-content/uploads/sites/3/2017/03/PMEPCN-_-versão-consulta-pública-_pág-1-34.pdf" class="mtli_attachment mtli_pdf" rel="">PMEPCN _ versão consulta pública _pág 1-34</a></p>
<p>
<a href="https://cmnordeste.pt/municipio/wp-content/uploads/sites/3/2017/03/Edital-em-Diário-da-República.pdf" class="mtli_attachment mtli_pdf" rel="">Diário da República &#8211; Edital</a></p>
<p><a href="https://cmnordeste.pt/municipio/wp-content/uploads/sites/3/2017/03/Edital-Consulta-Pública-Plano-Municipal-de-Emergência-de-Proteção-Civil-de-Nordeste.pdf" class="mtli_attachment mtli_pdf" rel="">Consulta Pública PME de Nordeste &#8211; Edital</a><br />
 </p>
<h4></h4>
<p><strong><u>Plano Municipal de Emergência de Proteção Civil de Nordeste </u></strong></p>
<p>&#8211; O concelho de Nordeste dispõe de um Plano Municipal de Emergência de Proteção Civil (PMEPCN)  desde fevereiro de 2005, o qual sofreu a primeira revisão em 2010. A versão do PMEPCN que se encontra atualmente em vigor foi elaborada em 2019 e aprovada por despacho de Sua Ex.ª a Secretária Regional da Saúde, de 15/11/2019, publicado em Diário da República a 05/12/2019.</p>
<p>&#8211; O PMEPCN é uma ferramenta que está ao dispor da proteção civil municipal para unificar a coordenação dos trabalhos em caso de ativação do plano, de modo a desencadear com eficiência as operações de proteção civil, com vista a permitir uma unidade de prevenção, direção e controlo, a gestão dos meios e recursos mobilizáveis face a um acidente grave, catástrofe e calamidades, no sentido de minimizar e repor rapidamente as condições normais.</p>
<p>&#8211; A missão deste plano (objetivo principal) é minimizar a perda de vidas e bens, limitar os efeitos territoriais das situações de acidente e catástrofe e restabelecer com a prontidão possível as condições mínimas de normalidade.</p>
<p>&#8211; Existem diversos riscos de natureza natural e tecnológica a que o concelho se encontra sujeito, nomeadamente a nível natural, os riscos de movimento de vertente, de cheias e inundações, seca, sísmicos, vulcânicos, tsunamis e galgamentos de mar e de erosão. A nível tecnológico, os riscos associados a acidentes graves de tráfego, acidentes no transporte de mercadorias perigosas, colapso de pontes e outras infraestruturas.</p>
<p>&nbsp;</p>
<p>&nbsp;</p>

<p>&nbsp; PMEPCN (versão final) Relatório Consulta Pública PMEPCN _ versão consulta pública _pág 85-118 PMEPCN _ versão consulta pública _pág 35-84 PMEPCN _ versão consulta pública _pág 1-34 Diário da República &#8211; Edital Consulta Pública PME de Nordeste &#8211; Edital   Plano Municipal de Emergência de Proteção Civil de Nordeste  &#8211; O concelho de Nordeste [&hellip;]</p>

<!-- This site is optimized with the Yoast SEO plugin v27.4 - https://yoast.com/product/yoast-seo-wordpress/ -->
<title>Plano Municipal de Emergência - Município</title>
<meta name="robots" content="index, follow, max-snippet:-1, max-image-preview:large, max-video-preview:-1" />
<link rel="canonical" href="https://cmnordeste.pt/municipio/protecao-civil/plano-municipal-de-emergencia/" />
<meta property="og:locale" content="pt_PT" />
<meta property="og:type" content="article" />
<meta property="og:title" content="Plano Municipal de Emergência - Município" />
<meta property="og:description" content="&nbsp; PMEPCN (versão final) Relatório Consulta Pública PMEPCN _ versão consulta pública _pág 85-118 PMEPCN _ versão consulta pública _pág 35-84 PMEPCN _ versão consulta pública _pág 1-34 Diário da República &#8211; Edital Consulta Pública PME de Nordeste &#8211; Edital   Plano Municipal de Emergência de Proteção Civil de Nordeste  &#8211; O concelho de Nordeste [&hellip;]" />
<meta property="og:url" content="https://cmnordeste.pt/municipio/protecao-civil/plano-municipal-de-emergencia/" />
<meta property="og:site_name" content="Município" />
<meta property="article:modified_time" content="2023-04-26T09:11:57+00:00" />
<meta name="twitter:card" content="summary_large_image" />
<meta name="twitter:label1" content="Tempo estimado de leitura" />
	<meta name="twitter:data1" content="2 minutos" />
<script type="application/ld+json" class="yoast-schema-graph">{"@context":"https:\/\/schema.org","@graph":[{"@type":"WebPage","@id":"https:\/\/cmnordeste.pt\/municipio\/protecao-civil\/plano-municipal-de-emergencia\/","url":"https:\/\/cmnordeste.pt\/municipio\/protecao-civil\/plano-municipal-de-emergencia\/","name":"Plano Municipal de Emergência - Município","isPartOf":{"@id":"https:\/\/cmnordeste.pt\/municipio\/#website"},"datePublished":"2020-04-26T09:00:53+00:00","dateModified":"2023-04-26T09:11:57+00:00","breadcrumb":{"@id":"https:\/\/cmnordeste.pt\/municipio\/protecao-civil\/plano-municipal-de-emergencia\/#breadcrumb"},"inLanguage":"pt-PT","potentialAction":[{"@type":"ReadAction","target":["https:\/\/cmnordeste.pt\/municipio\/protecao-civil\/plano-municipal-de-emergencia\/"]}]},{"@type":"BreadcrumbList","@id":"https:\/\/cmnordeste.pt\/municipio\/protecao-civil\/plano-municipal-de-emergencia\/#breadcrumb","itemListElement":[{"@type":"ListItem","position":1,"name":"Início","item":"https:\/\/cmnordeste.pt\/municipio\/"},{"@type":"ListItem","position":2,"name":"Proteção Civil","item":"https:\/\/cmnordeste.pt\/municipio\/protecao-civil\/"},{"@type":"ListItem","position":3,"name":"Plano Municipal de Emergência"}]},{"@type":"WebSite","@id":"https:\/\/cmnordeste.pt\/municipio\/#website","url":"https:\/\/cmnordeste.pt\/municipio\/","name":"Município","description":"Município do Nordeste","potentialAction":[{"@type":"SearchAction","target":{"@type":"EntryPoint","urlTemplate":"https:\/\/cmnordeste.pt\/municipio\/?s={search_term_string}"},"query-input":{"@type":"PropertyValueSpecification","valueRequired":true,"valueName":"search_term_string"}}],"inLanguage":"pt-PT"}]}</script>
<!-- / Yoast SEO plugin. -->

Plano Municipal de Emergência - Município

&nbsp; PMEPCN (versão final) Relatório Consulta Pública PMEPCN _ versão consulta pública _pág 85-118 PMEPCN _ versão consulta pública _pág 35-84 PMEPCN _ versão consulta pública _pág 1-34 Diário da República &#8211; Edital Consulta Pública PME de Nordeste &#8211; Edital   Plano Municipal de Emergência de Proteção Civil de Nordeste  &#8211; O concelho de Nordeste [&hellip;]

Município

Início

Proteção Civil

Município do Nordeste
