{"id":4776,"date":"2024-01-22T16:39:34","date_gmt":"2024-01-22T16:39:34","guid":{"rendered":"https:\/\/cmnordeste.pt\/publicacoes\/?page_id=4776"},"modified":"2024-05-28T17:00:36","modified_gmt":"2024-05-28T17:00:36","slug":"mapa-de-pessoal","status":"publish","type":"page","link":"https:\/\/cmnordeste.pt\/publicacoes\/recursos-humanos\/mapa-de-pessoal\/","title":{"rendered":"Mapa de Pessoal"},"content":{"rendered":"<p><a href=\"https:\/\/cmnordeste.pt\/publicacoes\/wp-content\/uploads\/sites\/8\/2023\/01\/mapa-de-pessoal-ano-2023.pdf\" class=\"mtli_attachment mtli_pdf\">Mapa de Pessoal Ano 2023<\/a><\/p>\n<p><strong>Altera\u00e7\u00e3o do Mapa de Pessoal<br \/>\n<\/strong>Proposta da C\u00e2mara Municipal de 14 de Setembro de 2018, aprovada em reuni\u00e3o da Assembleia Municipal de 28 de Setembro de 2018.<\/p>\n<p><a href=\"https:\/\/cmnordeste.pt\/municipio\/wp-content\/uploads\/sites\/3\/2014\/12\/Mapa_Pessoal_2018_atualizado_em_10_09_2018.pdf\" class=\"mtli_attachment mtli_pdf\" rel=\"\">Mapa de Pessoal &#8211; Atualiza\u00e7\u00e3o de 2018<\/a><\/p>\n<p><a href=\"https:\/\/cmnordeste.pt\/municipio\/wp-content\/uploads\/sites\/3\/2014\/12\/Mapa_Resumo_Postos_de_Trabalho_atualizado_em_10_09_2018.pdf\" class=\"mtli_attachment mtli_pdf\" rel=\"\">Mapa Resumo dos Postos de Trabalho &#8211; Atualiza\u00e7\u00e3o de 2018<\/a><\/p>\n","protected":false},"excerpt":{"rendered":"<p>Mapa de Pessoal Ano 2023 Altera\u00e7\u00e3o do Mapa de Pessoal Proposta da C\u00e2mara Municipal de 14 de Setembro de 2018, aprovada em reuni\u00e3o da Assembleia Municipal de 28 de Setembro de 2018. Mapa de Pessoal &#8211; Atualiza\u00e7\u00e3o de 2018 Mapa Resumo dos Postos de Trabalho &#8211; Atualiza\u00e7\u00e3o de 2018<\/p>\n","protected":false},"author":1,"featured_media":0,"parent":66,"menu_order":86,"comment_status":"closed","ping_status":"closed","template":"page-publicacoes.php","meta":{"_acf_changed":false,"footnotes":""},"class_list":["post-4776","page","type-page","status-publish","hentry"],"acf":[],"yoast_head":"<!-- This site is optimized with the Yoast SEO plugin v27.4 - https:\/\/yoast.com\/product\/yoast-seo-wordpress\/ -->\n<title>Mapa de Pessoal - Publica\u00e7\u00f5es<\/title>\n<meta name=\"robots\" content=\"index, follow, max-snippet:-1, max-image-preview:large, max-video-preview:-1\" \/>\n<link rel=\"canonical\" href=\"https:\/\/cmnordeste.pt\/publicacoes\/?page_id=4776\" \/>\n<meta property=\"og:locale\" content=\"pt_PT\" \/>\n<meta property=\"og:type\" content=\"article\" \/>\n<meta property=\"og:title\" content=\"Mapa de Pessoal - Publica\u00e7\u00f5es\" \/>\n<meta property=\"og:description\" content=\"Mapa de Pessoal Ano 2023 Altera\u00e7\u00e3o do Mapa de Pessoal Proposta da C\u00e2mara Municipal de 14 de Setembro de 2018, aprovada em reuni\u00e3o da Assembleia Municipal de 28 de Setembro de 2018. Mapa de Pessoal &#8211; Atualiza\u00e7\u00e3o de 2018 Mapa Resumo dos Postos de Trabalho &#8211; Atualiza\u00e7\u00e3o de 2018\" \/>\n<meta property=\"og:url\" content=\"https:\/\/cmnordeste.pt\/publicacoes\/?page_id=4776\" \/>\n<meta property=\"og:site_name\" content=\"Publica\u00e7\u00f5es\" \/>\n<meta property=\"article:modified_time\" content=\"2024-05-28T17:00:36+00:00\" \/>\n<meta name=\"twitter:card\" content=\"summary_large_image\" \/>\n<script type=\"application\/ld+json\" class=\"yoast-schema-graph\">{\"@context\":\"https:\\\/\\\/schema.org\",\"@graph\":[{\"@type\":\"WebPage\",\"@id\":\"https:\\\/\\\/cmnordeste.pt\\\/publicacoes\\\/?page_id=4776\",\"url\":\"https:\\\/\\\/cmnordeste.pt\\\/publicacoes\\\/?page_id=4776\",\"name\":\"Mapa de Pessoal - Publica\u00e7\u00f5es\",\"isPartOf\":{\"@id\":\"https:\\\/\\\/cmnordeste.pt\\\/publicacoes\\\/#website\"},\"datePublished\":\"2024-01-22T16:39:34+00:00\",\"dateModified\":\"2024-05-28T17:00:36+00:00\",\"breadcrumb\":{\"@id\":\"https:\\\/\\\/cmnordeste.pt\\\/publicacoes\\\/?page_id=4776#breadcrumb\"},\"inLanguage\":\"pt-PT\",\"potentialAction\":[{\"@type\":\"ReadAction\",\"target\":[\"https:\\\/\\\/cmnordeste.pt\\\/publicacoes\\\/?page_id=4776\"]}]},{\"@type\":\"BreadcrumbList\",\"@id\":\"https:\\\/\\\/cmnordeste.pt\\\/publicacoes\\\/?page_id=4776#breadcrumb\",\"itemListElement\":[{\"@type\":\"ListItem\",\"position\":1,\"name\":\"In\u00edcio\",\"item\":\"https:\\\/\\\/cmnordeste.pt\\\/publicacoes\\\/\"},{\"@type\":\"ListItem\",\"position\":2,\"name\":\"Recursos Humanos\",\"item\":\"https:\\\/\\\/cmnordeste.pt\\\/publicacoes\\\/recursos-humanos\\\/\"},{\"@type\":\"ListItem\",\"position\":3,\"name\":\"Mapa de Pessoal\"}]},{\"@type\":\"WebSite\",\"@id\":\"https:\\\/\\\/cmnordeste.pt\\\/publicacoes\\\/#website\",\"url\":\"https:\\\/\\\/cmnordeste.pt\\\/publicacoes\\\/\",\"name\":\"Publica\u00e7\u00f5es\",\"description\":\"Publica\u00e7\u00f5es do Munic\u00edpio de Nordeste\",\"potentialAction\":[{\"@type\":\"SearchAction\",\"target\":{\"@type\":\"EntryPoint\",\"urlTemplate\":\"https:\\\/\\\/cmnordeste.pt\\\/publicacoes\\\/?s={search_term_string}\"},\"query-input\":{\"@type\":\"PropertyValueSpecification\",\"valueRequired\":true,\"valueName\":\"search_term_string\"}}],\"inLanguage\":\"pt-PT\"}]}<\/script>\n<!-- \/ Yoast SEO plugin. -->","yoast_head_json":{"title":"Mapa de Pessoal - Publica\u00e7\u00f5es","robots":{"index":"index","follow":"follow","max-snippet":"max-snippet:-1","max-image-preview":"max-image-preview:large","max-video-preview":"max-video-preview:-1"},"canonical":"https:\/\/cmnordeste.pt\/publicacoes\/?page_id=4776","og_locale":"pt_PT","og_type":"article","og_title":"Mapa de Pessoal - Publica\u00e7\u00f5es","og_description":"Mapa de Pessoal Ano 2023 Altera\u00e7\u00e3o do Mapa de Pessoal Proposta da C\u00e2mara Municipal de 14 de Setembro de 2018, aprovada em reuni\u00e3o da Assembleia Municipal de 28 de Setembro de 2018. Mapa de Pessoal &#8211; Atualiza\u00e7\u00e3o de 2018 Mapa Resumo dos Postos de Trabalho &#8211; Atualiza\u00e7\u00e3o de 2018","og_url":"https:\/\/cmnordeste.pt\/publicacoes\/?page_id=4776","og_site_name":"Publica\u00e7\u00f5es","article_modified_time":"2024-05-28T17:00:36+00:00","twitter_card":"summary_large_image","schema":{"@context":"https:\/\/schema.org","@graph":[{"@type":"WebPage","@id":"https:\/\/cmnordeste.pt\/publicacoes\/?page_id=4776","url":"https:\/\/cmnordeste.pt\/publicacoes\/?page_id=4776","name":"Mapa de Pessoal - Publica\u00e7\u00f5es","isPartOf":{"@id":"https:\/\/cmnordeste.pt\/publicacoes\/#website"},"datePublished":"2024-01-22T16:39:34+00:00","dateModified":"2024-05-28T17:00:36+00:00","breadcrumb":{"@id":"https:\/\/cmnordeste.pt\/publicacoes\/?page_id=4776#breadcrumb"},"inLanguage":"pt-PT","potentialAction":[{"@type":"ReadAction","target":["https:\/\/cmnordeste.pt\/publicacoes\/?page_id=4776"]}]},{"@type":"BreadcrumbList","@id":"https:\/\/cmnordeste.pt\/publicacoes\/?page_id=4776#breadcrumb","itemListElement":[{"@type":"ListItem","position":1,"name":"In\u00edcio","item":"https:\/\/cmnordeste.pt\/publicacoes\/"},{"@type":"ListItem","position":2,"name":"Recursos Humanos","item":"https:\/\/cmnordeste.pt\/publicacoes\/recursos-humanos\/"},{"@type":"ListItem","position":3,"name":"Mapa de Pessoal"}]},{"@type":"WebSite","@id":"https:\/\/cmnordeste.pt\/publicacoes\/#website","url":"https:\/\/cmnordeste.pt\/publicacoes\/","name":"Publica\u00e7\u00f5es","description":"Publica\u00e7\u00f5es do Munic\u00edpio de Nordeste","potentialAction":[{"@type":"SearchAction","target":{"@type":"EntryPoint","urlTemplate":"https:\/\/cmnordeste.pt\/publicacoes\/?s={search_term_string}"},"query-input":{"@type":"PropertyValueSpecification","valueRequired":true,"valueName":"search_term_string"}}],"inLanguage":"pt-PT"}]}},"_links":{"self":[{"href":"https:\/\/cmnordeste.pt\/publicacoes\/wp-json\/wp\/v2\/pages\/4776","targetHints":{"allow":["GET"]}}],"collection":[{"href":"https:\/\/cmnordeste.pt\/publicacoes\/wp-json\/wp\/v2\/pages"}],"about":[{"href":"https:\/\/cmnordeste.pt\/publicacoes\/wp-json\/wp\/v2\/types\/page"}],"author":[{"embeddable":true,"href":"https:\/\/cmnordeste.pt\/publicacoes\/wp-json\/wp\/v2\/users\/1"}],"replies":[{"embeddable":true,"href":"https:\/\/cmnordeste.pt\/publicacoes\/wp-json\/wp\/v2\/comments?post=4776"}],"version-history":[{"count":2,"href":"https:\/\/cmnordeste.pt\/publicacoes\/wp-json\/wp\/v2\/pages\/4776\/revisions"}],"predecessor-version":[{"id":4798,"href":"https:\/\/cmnordeste.pt\/publicacoes\/wp-json\/wp\/v2\/pages\/4776\/revisions\/4798"}],"up":[{"embeddable":true,"href":"https:\/\/cmnordeste.pt\/publicacoes\/wp-json\/wp\/v2\/pages\/66"}],"wp:attachment":[{"href":"https:\/\/cmnordeste.pt\/publicacoes\/wp-json\/wp\/v2\/media?parent=4776"}],"curies":[{"name":"wp","href":"https:\/\/api.w.org\/{rel}","templated":true}]}}

<p><a href="https://cmnordeste.pt/publicacoes/wp-content/uploads/sites/8/2023/01/mapa-de-pessoal-ano-2023.pdf" class="mtli_attachment mtli_pdf">Mapa de Pessoal Ano 2023</a></p>
<p><strong>Alteração do Mapa de Pessoal<br />
</strong>Proposta da Câmara Municipal de 14 de Setembro de 2018, aprovada em reunião da Assembleia Municipal de 28 de Setembro de 2018.</p>
<p><a href="https://cmnordeste.pt/municipio/wp-content/uploads/sites/3/2014/12/Mapa_Pessoal_2018_atualizado_em_10_09_2018.pdf" class="mtli_attachment mtli_pdf" rel="">Mapa de Pessoal &#8211; Atualização de 2018</a></p>
<p><a href="https://cmnordeste.pt/municipio/wp-content/uploads/sites/3/2014/12/Mapa_Resumo_Postos_de_Trabalho_atualizado_em_10_09_2018.pdf" class="mtli_attachment mtli_pdf" rel="">Mapa Resumo dos Postos de Trabalho &#8211; Atualização de 2018</a></p>

<p>Mapa de Pessoal Ano 2023 Alteração do Mapa de Pessoal Proposta da Câmara Municipal de 14 de Setembro de 2018, aprovada em reunião da Assembleia Municipal de 28 de Setembro de 2018. Mapa de Pessoal &#8211; Atualização de 2018 Mapa Resumo dos Postos de Trabalho &#8211; Atualização de 2018</p>

<!-- This site is optimized with the Yoast SEO plugin v27.4 - https://yoast.com/product/yoast-seo-wordpress/ -->
<title>Mapa de Pessoal - Publicações</title>
<meta name="robots" content="index, follow, max-snippet:-1, max-image-preview:large, max-video-preview:-1" />
<link rel="canonical" href="https://cmnordeste.pt/publicacoes/?page_id=4776" />
<meta property="og:locale" content="pt_PT" />
<meta property="og:type" content="article" />
<meta property="og:title" content="Mapa de Pessoal - Publicações" />
<meta property="og:description" content="Mapa de Pessoal Ano 2023 Alteração do Mapa de Pessoal Proposta da Câmara Municipal de 14 de Setembro de 2018, aprovada em reunião da Assembleia Municipal de 28 de Setembro de 2018. Mapa de Pessoal &#8211; Atualização de 2018 Mapa Resumo dos Postos de Trabalho &#8211; Atualização de 2018" />
<meta property="og:url" content="https://cmnordeste.pt/publicacoes/?page_id=4776" />
<meta property="og:site_name" content="Publicações" />
<meta property="article:modified_time" content="2024-05-28T17:00:36+00:00" />
<meta name="twitter:card" content="summary_large_image" />
<script type="application/ld+json" class="yoast-schema-graph">{"@context":"https:\/\/schema.org","@graph":[{"@type":"WebPage","@id":"https:\/\/cmnordeste.pt\/publicacoes\/?page_id=4776","url":"https:\/\/cmnordeste.pt\/publicacoes\/?page_id=4776","name":"Mapa de Pessoal - Publicações","isPartOf":{"@id":"https:\/\/cmnordeste.pt\/publicacoes\/#website"},"datePublished":"2024-01-22T16:39:34+00:00","dateModified":"2024-05-28T17:00:36+00:00","breadcrumb":{"@id":"https:\/\/cmnordeste.pt\/publicacoes\/?page_id=4776#breadcrumb"},"inLanguage":"pt-PT","potentialAction":[{"@type":"ReadAction","target":["https:\/\/cmnordeste.pt\/publicacoes\/?page_id=4776"]}]},{"@type":"BreadcrumbList","@id":"https:\/\/cmnordeste.pt\/publicacoes\/?page_id=4776#breadcrumb","itemListElement":[{"@type":"ListItem","position":1,"name":"Início","item":"https:\/\/cmnordeste.pt\/publicacoes\/"},{"@type":"ListItem","position":2,"name":"Recursos Humanos","item":"https:\/\/cmnordeste.pt\/publicacoes\/recursos-humanos\/"},{"@type":"ListItem","position":3,"name":"Mapa de Pessoal"}]},{"@type":"WebSite","@id":"https:\/\/cmnordeste.pt\/publicacoes\/#website","url":"https:\/\/cmnordeste.pt\/publicacoes\/","name":"Publicações","description":"Publicações do Município de Nordeste","potentialAction":[{"@type":"SearchAction","target":{"@type":"EntryPoint","urlTemplate":"https:\/\/cmnordeste.pt\/publicacoes\/?s={search_term_string}"},"query-input":{"@type":"PropertyValueSpecification","valueRequired":true,"valueName":"search_term_string"}}],"inLanguage":"pt-PT"}]}</script>
<!-- / Yoast SEO plugin. -->

Mapa de Pessoal - Publicações

Mapa de Pessoal Ano 2023 Alteração do Mapa de Pessoal Proposta da Câmara Municipal de 14 de Setembro de 2018, aprovada em reunião da Assembleia Municipal de 28 de Setembro de 2018. Mapa de Pessoal &#8211; Atualização de 2018 Mapa Resumo dos Postos de Trabalho &#8211; Atualização de 2018

Publicações

Início

Publicações do Município de Nordeste
