{"id":4778,"date":"2024-09-24T11:57:43","date_gmt":"2024-09-24T11:57:43","guid":{"rendered":"https:\/\/cmnordeste.pt\/publicacoes\/?page_id=4778"},"modified":"2024-09-24T11:57:27","modified_gmt":"2024-09-24T11:57:27","slug":"mobilidade","status":"publish","type":"page","link":"https:\/\/cmnordeste.pt\/publicacoes\/recursos-humanos\/mobilidade\/","title":{"rendered":"Mobilidade"},"content":{"rendered":"<p><strong>Mobilidade Interna Intercarreiras<\/strong><\/p>\n<p><a href=\"https:\/\/cmnordeste.pt\/publicacoes\/wp-content\/uploads\/sites\/8\/2024\/09\/mobilidade-interna-intercarreiras-de-trabalhador-em-funcoes-publicas-ruben-relvas-soares.pdf\" class=\"mtli_attachment mtli_pdf\">Mobilidade Interna Intercarreiras de Trabalhador em Fun\u00e7\u00f5es P\u00fablicas &#8211; R\u00faben Relvas Soares<\/a><\/p>\n<p><a href=\"https:\/\/cmnordeste.pt\/publicacoes\/wp-content\/uploads\/sites\/8\/2024\/04\/mobilidade-interna-intercarreiras-da-trabalhadora-em-funcoes-publicas-vanessa-lopes-ferreira.pdf\" class=\"mtli_attachment mtli_pdf\">Mobilidade Interna Intercarreiras da trabalhadora em fun\u00e7\u00f5es p\u00fablicas &#8211; Vanessa Lopes Ferreira<\/a><\/p>\n","protected":false},"excerpt":{"rendered":"<p>Mobilidade Interna Intercarreiras Mobilidade Interna Intercarreiras de Trabalhador em Fun\u00e7\u00f5es P\u00fablicas &#8211; R\u00faben Relvas Soares Mobilidade Interna Intercarreiras da trabalhadora em fun\u00e7\u00f5es p\u00fablicas &#8211; Vanessa Lopes Ferreira<\/p>\n","protected":false},"author":1,"featured_media":0,"parent":66,"menu_order":87,"comment_status":"closed","ping_status":"closed","template":"page-publicacoes.php","meta":{"_acf_changed":false,"footnotes":""},"class_list":["post-4778","page","type-page","status-publish","hentry"],"acf":[],"yoast_head":"<!-- This site is optimized with the Yoast SEO plugin v27.4 - https:\/\/yoast.com\/product\/yoast-seo-wordpress\/ -->\n<title>Mobilidade - Publica\u00e7\u00f5es<\/title>\n<meta name=\"robots\" content=\"index, follow, max-snippet:-1, max-image-preview:large, max-video-preview:-1\" \/>\n<link rel=\"canonical\" href=\"https:\/\/cmnordeste.pt\/publicacoes\/?page_id=4778\" \/>\n<meta property=\"og:locale\" content=\"pt_PT\" \/>\n<meta property=\"og:type\" content=\"article\" \/>\n<meta property=\"og:title\" content=\"Mobilidade - Publica\u00e7\u00f5es\" \/>\n<meta property=\"og:description\" content=\"Mobilidade Interna Intercarreiras Mobilidade Interna Intercarreiras de Trabalhador em Fun\u00e7\u00f5es P\u00fablicas &#8211; R\u00faben Relvas Soares Mobilidade Interna Intercarreiras da trabalhadora em fun\u00e7\u00f5es p\u00fablicas &#8211; Vanessa Lopes Ferreira\" \/>\n<meta property=\"og:url\" content=\"https:\/\/cmnordeste.pt\/publicacoes\/?page_id=4778\" \/>\n<meta property=\"og:site_name\" content=\"Publica\u00e7\u00f5es\" \/>\n<meta name=\"twitter:card\" content=\"summary_large_image\" \/>\n<script type=\"application\/ld+json\" class=\"yoast-schema-graph\">{\"@context\":\"https:\\\/\\\/schema.org\",\"@graph\":[{\"@type\":\"WebPage\",\"@id\":\"https:\\\/\\\/cmnordeste.pt\\\/publicacoes\\\/?page_id=4778\",\"url\":\"https:\\\/\\\/cmnordeste.pt\\\/publicacoes\\\/?page_id=4778\",\"name\":\"Mobilidade - Publica\u00e7\u00f5es\",\"isPartOf\":{\"@id\":\"https:\\\/\\\/cmnordeste.pt\\\/publicacoes\\\/#website\"},\"datePublished\":\"2024-09-24T11:57:43+00:00\",\"breadcrumb\":{\"@id\":\"https:\\\/\\\/cmnordeste.pt\\\/publicacoes\\\/?page_id=4778#breadcrumb\"},\"inLanguage\":\"pt-PT\",\"potentialAction\":[{\"@type\":\"ReadAction\",\"target\":[\"https:\\\/\\\/cmnordeste.pt\\\/publicacoes\\\/?page_id=4778\"]}]},{\"@type\":\"BreadcrumbList\",\"@id\":\"https:\\\/\\\/cmnordeste.pt\\\/publicacoes\\\/?page_id=4778#breadcrumb\",\"itemListElement\":[{\"@type\":\"ListItem\",\"position\":1,\"name\":\"In\u00edcio\",\"item\":\"https:\\\/\\\/cmnordeste.pt\\\/publicacoes\\\/\"},{\"@type\":\"ListItem\",\"position\":2,\"name\":\"Recursos Humanos\",\"item\":\"https:\\\/\\\/cmnordeste.pt\\\/publicacoes\\\/recursos-humanos\\\/\"},{\"@type\":\"ListItem\",\"position\":3,\"name\":\"Mobilidade\"}]},{\"@type\":\"WebSite\",\"@id\":\"https:\\\/\\\/cmnordeste.pt\\\/publicacoes\\\/#website\",\"url\":\"https:\\\/\\\/cmnordeste.pt\\\/publicacoes\\\/\",\"name\":\"Publica\u00e7\u00f5es\",\"description\":\"Publica\u00e7\u00f5es do Munic\u00edpio de Nordeste\",\"potentialAction\":[{\"@type\":\"SearchAction\",\"target\":{\"@type\":\"EntryPoint\",\"urlTemplate\":\"https:\\\/\\\/cmnordeste.pt\\\/publicacoes\\\/?s={search_term_string}\"},\"query-input\":{\"@type\":\"PropertyValueSpecification\",\"valueRequired\":true,\"valueName\":\"search_term_string\"}}],\"inLanguage\":\"pt-PT\"}]}<\/script>\n<!-- \/ Yoast SEO plugin. -->","yoast_head_json":{"title":"Mobilidade - Publica\u00e7\u00f5es","robots":{"index":"index","follow":"follow","max-snippet":"max-snippet:-1","max-image-preview":"max-image-preview:large","max-video-preview":"max-video-preview:-1"},"canonical":"https:\/\/cmnordeste.pt\/publicacoes\/?page_id=4778","og_locale":"pt_PT","og_type":"article","og_title":"Mobilidade - Publica\u00e7\u00f5es","og_description":"Mobilidade Interna Intercarreiras Mobilidade Interna Intercarreiras de Trabalhador em Fun\u00e7\u00f5es P\u00fablicas &#8211; R\u00faben Relvas Soares Mobilidade Interna Intercarreiras da trabalhadora em fun\u00e7\u00f5es p\u00fablicas &#8211; Vanessa Lopes Ferreira","og_url":"https:\/\/cmnordeste.pt\/publicacoes\/?page_id=4778","og_site_name":"Publica\u00e7\u00f5es","twitter_card":"summary_large_image","schema":{"@context":"https:\/\/schema.org","@graph":[{"@type":"WebPage","@id":"https:\/\/cmnordeste.pt\/publicacoes\/?page_id=4778","url":"https:\/\/cmnordeste.pt\/publicacoes\/?page_id=4778","name":"Mobilidade - Publica\u00e7\u00f5es","isPartOf":{"@id":"https:\/\/cmnordeste.pt\/publicacoes\/#website"},"datePublished":"2024-09-24T11:57:43+00:00","breadcrumb":{"@id":"https:\/\/cmnordeste.pt\/publicacoes\/?page_id=4778#breadcrumb"},"inLanguage":"pt-PT","potentialAction":[{"@type":"ReadAction","target":["https:\/\/cmnordeste.pt\/publicacoes\/?page_id=4778"]}]},{"@type":"BreadcrumbList","@id":"https:\/\/cmnordeste.pt\/publicacoes\/?page_id=4778#breadcrumb","itemListElement":[{"@type":"ListItem","position":1,"name":"In\u00edcio","item":"https:\/\/cmnordeste.pt\/publicacoes\/"},{"@type":"ListItem","position":2,"name":"Recursos Humanos","item":"https:\/\/cmnordeste.pt\/publicacoes\/recursos-humanos\/"},{"@type":"ListItem","position":3,"name":"Mobilidade"}]},{"@type":"WebSite","@id":"https:\/\/cmnordeste.pt\/publicacoes\/#website","url":"https:\/\/cmnordeste.pt\/publicacoes\/","name":"Publica\u00e7\u00f5es","description":"Publica\u00e7\u00f5es do Munic\u00edpio de Nordeste","potentialAction":[{"@type":"SearchAction","target":{"@type":"EntryPoint","urlTemplate":"https:\/\/cmnordeste.pt\/publicacoes\/?s={search_term_string}"},"query-input":{"@type":"PropertyValueSpecification","valueRequired":true,"valueName":"search_term_string"}}],"inLanguage":"pt-PT"}]}},"_links":{"self":[{"href":"https:\/\/cmnordeste.pt\/publicacoes\/wp-json\/wp\/v2\/pages\/4778","targetHints":{"allow":["GET"]}}],"collection":[{"href":"https:\/\/cmnordeste.pt\/publicacoes\/wp-json\/wp\/v2\/pages"}],"about":[{"href":"https:\/\/cmnordeste.pt\/publicacoes\/wp-json\/wp\/v2\/types\/page"}],"author":[{"embeddable":true,"href":"https:\/\/cmnordeste.pt\/publicacoes\/wp-json\/wp\/v2\/users\/1"}],"replies":[{"embeddable":true,"href":"https:\/\/cmnordeste.pt\/publicacoes\/wp-json\/wp\/v2\/comments?post=4778"}],"version-history":[{"count":3,"href":"https:\/\/cmnordeste.pt\/publicacoes\/wp-json\/wp\/v2\/pages\/4778\/revisions"}],"predecessor-version":[{"id":5085,"href":"https:\/\/cmnordeste.pt\/publicacoes\/wp-json\/wp\/v2\/pages\/4778\/revisions\/5085"}],"up":[{"embeddable":true,"href":"https:\/\/cmnordeste.pt\/publicacoes\/wp-json\/wp\/v2\/pages\/66"}],"wp:attachment":[{"href":"https:\/\/cmnordeste.pt\/publicacoes\/wp-json\/wp\/v2\/media?parent=4778"}],"curies":[{"name":"wp","href":"https:\/\/api.w.org\/{rel}","templated":true}]}}

<p><strong>Mobilidade Interna Intercarreiras</strong></p>
<p><a href="https://cmnordeste.pt/publicacoes/wp-content/uploads/sites/8/2024/09/mobilidade-interna-intercarreiras-de-trabalhador-em-funcoes-publicas-ruben-relvas-soares.pdf" class="mtli_attachment mtli_pdf">Mobilidade Interna Intercarreiras de Trabalhador em Funções Públicas &#8211; Rúben Relvas Soares</a></p>
<p><a href="https://cmnordeste.pt/publicacoes/wp-content/uploads/sites/8/2024/04/mobilidade-interna-intercarreiras-da-trabalhadora-em-funcoes-publicas-vanessa-lopes-ferreira.pdf" class="mtli_attachment mtli_pdf">Mobilidade Interna Intercarreiras da trabalhadora em funções públicas &#8211; Vanessa Lopes Ferreira</a></p>

<p>Mobilidade Interna Intercarreiras Mobilidade Interna Intercarreiras de Trabalhador em Funções Públicas &#8211; Rúben Relvas Soares Mobilidade Interna Intercarreiras da trabalhadora em funções públicas &#8211; Vanessa Lopes Ferreira</p>

<!-- This site is optimized with the Yoast SEO plugin v27.4 - https://yoast.com/product/yoast-seo-wordpress/ -->
<title>Mobilidade - Publicações</title>
<meta name="robots" content="index, follow, max-snippet:-1, max-image-preview:large, max-video-preview:-1" />
<link rel="canonical" href="https://cmnordeste.pt/publicacoes/?page_id=4778" />
<meta property="og:locale" content="pt_PT" />
<meta property="og:type" content="article" />
<meta property="og:title" content="Mobilidade - Publicações" />
<meta property="og:description" content="Mobilidade Interna Intercarreiras Mobilidade Interna Intercarreiras de Trabalhador em Funções Públicas &#8211; Rúben Relvas Soares Mobilidade Interna Intercarreiras da trabalhadora em funções públicas &#8211; Vanessa Lopes Ferreira" />
<meta property="og:url" content="https://cmnordeste.pt/publicacoes/?page_id=4778" />
<meta property="og:site_name" content="Publicações" />
<meta name="twitter:card" content="summary_large_image" />
<script type="application/ld+json" class="yoast-schema-graph">{"@context":"https:\/\/schema.org","@graph":[{"@type":"WebPage","@id":"https:\/\/cmnordeste.pt\/publicacoes\/?page_id=4778","url":"https:\/\/cmnordeste.pt\/publicacoes\/?page_id=4778","name":"Mobilidade - Publicações","isPartOf":{"@id":"https:\/\/cmnordeste.pt\/publicacoes\/#website"},"datePublished":"2024-09-24T11:57:43+00:00","breadcrumb":{"@id":"https:\/\/cmnordeste.pt\/publicacoes\/?page_id=4778#breadcrumb"},"inLanguage":"pt-PT","potentialAction":[{"@type":"ReadAction","target":["https:\/\/cmnordeste.pt\/publicacoes\/?page_id=4778"]}]},{"@type":"BreadcrumbList","@id":"https:\/\/cmnordeste.pt\/publicacoes\/?page_id=4778#breadcrumb","itemListElement":[{"@type":"ListItem","position":1,"name":"Início","item":"https:\/\/cmnordeste.pt\/publicacoes\/"},{"@type":"ListItem","position":2,"name":"Recursos Humanos","item":"https:\/\/cmnordeste.pt\/publicacoes\/recursos-humanos\/"},{"@type":"ListItem","position":3,"name":"Mobilidade"}]},{"@type":"WebSite","@id":"https:\/\/cmnordeste.pt\/publicacoes\/#website","url":"https:\/\/cmnordeste.pt\/publicacoes\/","name":"Publicações","description":"Publicações do Município de Nordeste","potentialAction":[{"@type":"SearchAction","target":{"@type":"EntryPoint","urlTemplate":"https:\/\/cmnordeste.pt\/publicacoes\/?s={search_term_string}"},"query-input":{"@type":"PropertyValueSpecification","valueRequired":true,"valueName":"search_term_string"}}],"inLanguage":"pt-PT"}]}</script>
<!-- / Yoast SEO plugin. -->

Mobilidade - Publicações

Mobilidade Interna Intercarreiras Mobilidade Interna Intercarreiras de Trabalhador em Funções Públicas &#8211; Rúben Relvas Soares Mobilidade Interna Intercarreiras da trabalhadora em funções públicas &#8211; Vanessa Lopes Ferreira

Publicações

Início

Publicações do Município de Nordeste
