{"id":48,"date":"2023-01-06T11:00:32","date_gmt":"2023-01-06T11:00:32","guid":{"rendered":"https:\/\/cmnordeste.pt\/publicacoes\/?page_id=48"},"modified":"2026-01-06T12:10:06","modified_gmt":"2026-01-06T12:10:06","slug":"taxas-municipais","status":"publish","type":"page","link":"https:\/\/cmnordeste.pt\/publicacoes\/taxas-municipais\/","title":{"rendered":"Taxas Municipais"},"content":{"rendered":"<p><a href=\"https:\/\/cmnordeste.pt\/publicacoes\/wp-content\/uploads\/sites\/8\/2026\/01\/tabela-de-taxas-e-outras-receitas-do-municipio-do-nordeste-para-2026.pdf\" class=\"mtli_attachment mtli_pdf\">Tabela de Taxas e Outras Receitas do Munic\u00edpio do Nordeste para 2026<\/a><\/p>\n<p><a href=\"https:\/\/cmnordeste.pt\/publicacoes\/wp-content\/uploads\/sites\/8\/2025\/01\/tabela-de-taxas-e-outras-receitas-do-municipio-de-nordeste-para-2025.pdf\" class=\"mtli_attachment mtli_pdf\">Tabela de Taxas e Outras Receitas do Munic\u00edpio de Nordeste para 2025<\/a><\/p>\n<p><a href=\"https:\/\/cmnordeste.pt\/publicacoes\/wp-content\/uploads\/sites\/8\/2023\/12\/tabela-de-taxas-para-o-ano-de-2024.pdf\" class=\"mtli_attachment mtli_pdf\">Tabela de Taxas e Outras Receitas do Munic\u00edpio de Nordeste para 2024<\/a><\/p>\n<p><a href=\"https:\/\/cmnordeste.pt\/publicacoes\/wp-content\/uploads\/sites\/8\/2023\/01\/tabela-de-taxas-e-outras-receitas-do-municipio-de-nordeste-para-2023.pdf\" class=\"mtli_attachment mtli_pdf\">Tabela de Taxas e Outras Receitas do Munic\u00edpio de Nordeste para 2023<\/a><\/p>\n<p><a href=\"https:\/\/cmnordeste.pt\/publicacoes\/wp-content\/uploads\/sites\/8\/2021\/12\/tabela-de-taxas-e-licencas-para-2022.pdf\" class=\"mtli_attachment mtli_pdf\">Tabela de Taxas e Outras Licen\u00e7as do Munic\u00edpio para 2022<\/a><\/p>\n<p><a href=\"https:\/\/cmnordeste.pt\/publicacoes\/wp-content\/uploads\/sites\/8\/2021\/01\/tabela-de-taxa-e-outras-receitas-do-municipio-para-2021-convertido.pdf\" class=\"mtli_attachment mtli_pdf\">Tabela de Taxas e Outras Receitas do Munic\u00edpio para 2021<\/a><\/p>\n<p><a href=\"https:\/\/cmnordeste.pt\/publicacoes\/wp-content\/uploads\/sites\/8\/2020\/01\/tabela-de-taxas-e-outras-receitas-do-municipio-de-nordeste-2020.pdf\" class=\"mtli_attachment mtli_pdf\">Tabela de Taxas e Outras Receitas do Munic\u00edpio para 2020<\/a><\/p>\n<p><a href=\"https:\/\/cmnordeste.pt\/municipio\/wp-content\/uploads\/sites\/3\/2014\/12\/Regulamento_da_Tabela_de_Taxas-e-Outras-Receitas-do-Municipio-do-Nordeste.pdf\" class=\"mtli_attachment mtli_pdf\">Regulamento da Tabela de Taxas e Outras Receitas do Munic\u00edpio do Nordeste<\/a><\/p>\n<p><a href=\"https:\/\/cmnordeste.pt\/municipio\/wp-content\/uploads\/sites\/3\/2014\/12\/Altera\u00e7\u00e3o-artigo-13\u00ba-do-Regulamento-da-Tabela-de-Taxas-e-Outras-Receitas-do-Municipio-de-Nordeste.pdf\" class=\"mtli_attachment mtli_pdf\">Altera\u00e7\u00e3o artigo 13\u00ba do Regulamento da Tabela de Taxas e Outras Receitas do Munic\u00edpio de Nordeste<\/a><\/p>\n<p>&nbsp;<\/p>\n","protected":false},"excerpt":{"rendered":"<p>Tabela de Taxas e Outras Receitas do Munic\u00edpio do Nordeste para 2026 Tabela de Taxas e Outras Receitas do Munic\u00edpio de Nordeste para 2025 Tabela de Taxas e Outras Receitas do Munic\u00edpio de Nordeste para 2024 Tabela de Taxas e Outras Receitas do Munic\u00edpio de Nordeste para 2023 Tabela de Taxas e Outras Licen\u00e7as do [&hellip;]<\/p>\n","protected":false},"author":1,"featured_media":0,"parent":0,"menu_order":64,"comment_status":"closed","ping_status":"closed","template":"page-publicacoes.php","meta":{"_acf_changed":false,"footnotes":""},"class_list":["post-48","page","type-page","status-publish","hentry"],"acf":[],"yoast_head":"<!-- This site is optimized with the Yoast SEO plugin v27.4 - https:\/\/yoast.com\/product\/yoast-seo-wordpress\/ -->\n<title>Taxas Municipais - Publica\u00e7\u00f5es<\/title>\n<meta name=\"robots\" content=\"index, follow, max-snippet:-1, max-image-preview:large, max-video-preview:-1\" \/>\n<link rel=\"canonical\" href=\"https:\/\/cmnordeste.pt\/publicacoes\/taxas-municipais\/\" \/>\n<meta property=\"og:locale\" content=\"pt_PT\" \/>\n<meta property=\"og:type\" content=\"article\" \/>\n<meta property=\"og:title\" content=\"Taxas Municipais - Publica\u00e7\u00f5es\" \/>\n<meta property=\"og:description\" content=\"Tabela de Taxas e Outras Receitas do Munic\u00edpio do Nordeste para 2026 Tabela de Taxas e Outras Receitas do Munic\u00edpio de Nordeste para 2025 Tabela de Taxas e Outras Receitas do Munic\u00edpio de Nordeste para 2024 Tabela de Taxas e Outras Receitas do Munic\u00edpio de Nordeste para 2023 Tabela de Taxas e Outras Licen\u00e7as do [&hellip;]\" \/>\n<meta property=\"og:url\" content=\"https:\/\/cmnordeste.pt\/publicacoes\/taxas-municipais\/\" \/>\n<meta property=\"og:site_name\" content=\"Publica\u00e7\u00f5es\" \/>\n<meta property=\"article:modified_time\" content=\"2026-01-06T12:10:06+00:00\" \/>\n<meta name=\"twitter:card\" content=\"summary_large_image\" \/>\n<meta name=\"twitter:label1\" content=\"Tempo estimado de leitura\" \/>\n\t<meta name=\"twitter:data1\" content=\"1 minuto\" \/>\n<script type=\"application\/ld+json\" class=\"yoast-schema-graph\">{\"@context\":\"https:\\\/\\\/schema.org\",\"@graph\":[{\"@type\":\"WebPage\",\"@id\":\"https:\\\/\\\/cmnordeste.pt\\\/publicacoes\\\/taxas-municipais\\\/\",\"url\":\"https:\\\/\\\/cmnordeste.pt\\\/publicacoes\\\/taxas-municipais\\\/\",\"name\":\"Taxas Municipais - Publica\u00e7\u00f5es\",\"isPartOf\":{\"@id\":\"https:\\\/\\\/cmnordeste.pt\\\/publicacoes\\\/#website\"},\"datePublished\":\"2023-01-06T11:00:32+00:00\",\"dateModified\":\"2026-01-06T12:10:06+00:00\",\"breadcrumb\":{\"@id\":\"https:\\\/\\\/cmnordeste.pt\\\/publicacoes\\\/taxas-municipais\\\/#breadcrumb\"},\"inLanguage\":\"pt-PT\",\"potentialAction\":[{\"@type\":\"ReadAction\",\"target\":[\"https:\\\/\\\/cmnordeste.pt\\\/publicacoes\\\/taxas-municipais\\\/\"]}]},{\"@type\":\"BreadcrumbList\",\"@id\":\"https:\\\/\\\/cmnordeste.pt\\\/publicacoes\\\/taxas-municipais\\\/#breadcrumb\",\"itemListElement\":[{\"@type\":\"ListItem\",\"position\":1,\"name\":\"In\u00edcio\",\"item\":\"https:\\\/\\\/cmnordeste.pt\\\/publicacoes\\\/\"},{\"@type\":\"ListItem\",\"position\":2,\"name\":\"Taxas Municipais\"}]},{\"@type\":\"WebSite\",\"@id\":\"https:\\\/\\\/cmnordeste.pt\\\/publicacoes\\\/#website\",\"url\":\"https:\\\/\\\/cmnordeste.pt\\\/publicacoes\\\/\",\"name\":\"Publica\u00e7\u00f5es\",\"description\":\"Publica\u00e7\u00f5es do Munic\u00edpio de Nordeste\",\"potentialAction\":[{\"@type\":\"SearchAction\",\"target\":{\"@type\":\"EntryPoint\",\"urlTemplate\":\"https:\\\/\\\/cmnordeste.pt\\\/publicacoes\\\/?s={search_term_string}\"},\"query-input\":{\"@type\":\"PropertyValueSpecification\",\"valueRequired\":true,\"valueName\":\"search_term_string\"}}],\"inLanguage\":\"pt-PT\"}]}<\/script>\n<!-- \/ Yoast SEO plugin. -->","yoast_head_json":{"title":"Taxas Municipais - Publica\u00e7\u00f5es","robots":{"index":"index","follow":"follow","max-snippet":"max-snippet:-1","max-image-preview":"max-image-preview:large","max-video-preview":"max-video-preview:-1"},"canonical":"https:\/\/cmnordeste.pt\/publicacoes\/taxas-municipais\/","og_locale":"pt_PT","og_type":"article","og_title":"Taxas Municipais - Publica\u00e7\u00f5es","og_description":"Tabela de Taxas e Outras Receitas do Munic\u00edpio do Nordeste para 2026 Tabela de Taxas e Outras Receitas do Munic\u00edpio de Nordeste para 2025 Tabela de Taxas e Outras Receitas do Munic\u00edpio de Nordeste para 2024 Tabela de Taxas e Outras Receitas do Munic\u00edpio de Nordeste para 2023 Tabela de Taxas e Outras Licen\u00e7as do [&hellip;]","og_url":"https:\/\/cmnordeste.pt\/publicacoes\/taxas-municipais\/","og_site_name":"Publica\u00e7\u00f5es","article_modified_time":"2026-01-06T12:10:06+00:00","twitter_card":"summary_large_image","twitter_misc":{"Tempo estimado de leitura":"1 minuto"},"schema":{"@context":"https:\/\/schema.org","@graph":[{"@type":"WebPage","@id":"https:\/\/cmnordeste.pt\/publicacoes\/taxas-municipais\/","url":"https:\/\/cmnordeste.pt\/publicacoes\/taxas-municipais\/","name":"Taxas Municipais - Publica\u00e7\u00f5es","isPartOf":{"@id":"https:\/\/cmnordeste.pt\/publicacoes\/#website"},"datePublished":"2023-01-06T11:00:32+00:00","dateModified":"2026-01-06T12:10:06+00:00","breadcrumb":{"@id":"https:\/\/cmnordeste.pt\/publicacoes\/taxas-municipais\/#breadcrumb"},"inLanguage":"pt-PT","potentialAction":[{"@type":"ReadAction","target":["https:\/\/cmnordeste.pt\/publicacoes\/taxas-municipais\/"]}]},{"@type":"BreadcrumbList","@id":"https:\/\/cmnordeste.pt\/publicacoes\/taxas-municipais\/#breadcrumb","itemListElement":[{"@type":"ListItem","position":1,"name":"In\u00edcio","item":"https:\/\/cmnordeste.pt\/publicacoes\/"},{"@type":"ListItem","position":2,"name":"Taxas Municipais"}]},{"@type":"WebSite","@id":"https:\/\/cmnordeste.pt\/publicacoes\/#website","url":"https:\/\/cmnordeste.pt\/publicacoes\/","name":"Publica\u00e7\u00f5es","description":"Publica\u00e7\u00f5es do Munic\u00edpio de Nordeste","potentialAction":[{"@type":"SearchAction","target":{"@type":"EntryPoint","urlTemplate":"https:\/\/cmnordeste.pt\/publicacoes\/?s={search_term_string}"},"query-input":{"@type":"PropertyValueSpecification","valueRequired":true,"valueName":"search_term_string"}}],"inLanguage":"pt-PT"}]}},"_links":{"self":[{"href":"https:\/\/cmnordeste.pt\/publicacoes\/wp-json\/wp\/v2\/pages\/48","targetHints":{"allow":["GET"]}}],"collection":[{"href":"https:\/\/cmnordeste.pt\/publicacoes\/wp-json\/wp\/v2\/pages"}],"about":[{"href":"https:\/\/cmnordeste.pt\/publicacoes\/wp-json\/wp\/v2\/types\/page"}],"author":[{"embeddable":true,"href":"https:\/\/cmnordeste.pt\/publicacoes\/wp-json\/wp\/v2\/users\/1"}],"replies":[{"embeddable":true,"href":"https:\/\/cmnordeste.pt\/publicacoes\/wp-json\/wp\/v2\/comments?post=48"}],"version-history":[{"count":6,"href":"https:\/\/cmnordeste.pt\/publicacoes\/wp-json\/wp\/v2\/pages\/48\/revisions"}],"predecessor-version":[{"id":6304,"href":"https:\/\/cmnordeste.pt\/publicacoes\/wp-json\/wp\/v2\/pages\/48\/revisions\/6304"}],"wp:attachment":[{"href":"https:\/\/cmnordeste.pt\/publicacoes\/wp-json\/wp\/v2\/media?parent=48"}],"curies":[{"name":"wp","href":"https:\/\/api.w.org\/{rel}","templated":true}]}}