{"id":70,"date":"2025-09-19T11:20:12","date_gmt":"2025-09-19T11:20:12","guid":{"rendered":"https:\/\/cmnordeste.pt\/publicacoes\/?page_id=70"},"modified":"2025-09-19T11:30:56","modified_gmt":"2025-09-19T11:30:56","slug":"impressos","status":"publish","type":"page","link":"https:\/\/cmnordeste.pt\/publicacoes\/impressos\/","title":{"rendered":"Impressos"},"content":{"rendered":"<h2>Instru\u00e7\u00f5es para utiliza\u00e7\u00e3o de Impressos da Autarquia<\/h2>\n<p>Para cada Impresso poder\u00e1 escolher um dos dois formatos dispon\u00edveis. Deste modo, existe um para preenchimento no pr\u00f3prio editor de texto (em formato DOC do Word) e o outro para escrita manual (em formato PDF).<\/p>\n<p>Se pretende o formato DOC, sugerimos que preencha os campos necess\u00e1rios no seu editor de texto (Microsoft Word\u00ae) e depois guarde e\/ou imprima o documento para posterior entrega no respectivo servi\u00e7o desta autarquia.<\/p>\n<p>Se, por outro lado, pretende preencher o impresso manualmente, sugerimos que seleccione o formato PDF para posterior impress\u00e3o.<\/p>\n<h2><\/h2>\n<h2>Servi\u00e7o Social<\/h2>\n<p>Impressos dispon\u00edveis no Separador Social.<\/p>\n<h2><\/h2>\n<h2>Apoio\/Expediente<\/h2>\n<p><strong style=\"padding-bottom: 10px;padding-top: 10px\">Apoio \/ Expediente Geral &#8211; 1<\/strong><\/p>\n<p>Este impresso serve para solicitar apoio ou apresentar reclama\u00e7\u00f5es sobre assuntos gen\u00e9ricos, desde que n\u00e3o se enquadrem devidamente nos outros impressos dispon\u00edveis por esta autarquia.<\/p>\n<p><a href=\"https:\/\/cmnordeste.pt\/publicacoes\/wp-content\/uploads\/sites\/8\/2020\/06\/apoio_geral_1.pdf\" class=\"mtli_attachment mtli_pdf\">Apoio geral PDF<\/a><\/p>\n<p><a href=\"https:\/\/cmnordeste.pt\/publicacoes\/wp-content\/uploads\/sites\/8\/2020\/06\/apoio_geral_1.doc\" class=\"mtli_attachment mtli_doc\">Apoio geral DOC<\/a><\/p>\n<p>&nbsp;<\/p>\n<h2>Recursos Humanos<\/h2>\n<p><strong style=\"padding-bottom: 10px;padding-top: 10px\">Formul\u00e1rio de candidatura ao procedimento concursal<\/strong><br \/>\n<a href=\"https:\/\/cmnordeste.pt\/publicacoes\/wp-content\/uploads\/sites\/8\/2020\/06\/rh_formulario_candidatura_12_02.pdf\" class=\"mtli_attachment mtli_pdf\">Documento PDF<\/a><\/p>\n<p>&nbsp;<\/p>\n<h2>Regulamenta\u00e7\u00e3o de Tr\u00e2nsito<\/h2>\n<p><strong style=\"padding-bottom: 10px;padding-top: 10px\">Pedido de Remo\u00e7\u00e3o de Ve\u00edculo<\/strong><br \/>\n<a href=\"https:\/\/cmnordeste.pt\/publicacoes\/wp-content\/uploads\/sites\/8\/2020\/06\/transito_01.pdf\" class=\"mtli_attachment mtli_pdf\">Documento PDF<\/a> <a href=\"https:\/\/cmnordeste.pt\/publicacoes\/wp-content\/uploads\/sites\/8\/2020\/06\/transito_01.doc\" class=\"mtli_attachment mtli_doc\">Documento DOC<\/a><\/p>\n<p><strong style=\"padding-bottom: 10px;padding-top: 10px\">Pedido de Sinaliza\u00e7\u00e3o<\/strong><br \/>\n<a href=\"https:\/\/cmnordeste.pt\/publicacoes\/wp-content\/uploads\/sites\/8\/2020\/06\/transito_02.pdf\" class=\"mtli_attachment mtli_pdf\">Documento PDF<\/a> <a href=\"https:\/\/cmnordeste.pt\/publicacoes\/wp-content\/uploads\/sites\/8\/2020\/06\/transito_02.doc\" class=\"mtli_attachment mtli_doc\">Documento DOC<\/a><\/p>\n<p><strong style=\"padding-bottom: 10px;padding-top: 10px\">Pedido de Sinaliza\u00e7\u00e3o para Cargas\/Descargas ou Dificientes<\/strong><br \/>\n<a href=\"https:\/\/cmnordeste.pt\/publicacoes\/wp-content\/uploads\/sites\/8\/2020\/06\/transito_03.pdf\" class=\"mtli_attachment mtli_pdf\">Documento PDF<\/a> <a href=\"https:\/\/cmnordeste.pt\/publicacoes\/wp-content\/uploads\/sites\/8\/2020\/06\/transito_03.doc\" class=\"mtli_attachment mtli_doc\">Documento DOC<\/a><\/p>\n<h2><\/h2>\n<h2>Processos de urbanismo<\/h2>\n<p><strong style=\"padding-bottom: 10px;padding-top: 10px\">Garantia Banc\u00e1ria em Substitui\u00e7\u00e3o de Hipoteca<\/strong><\/p>\n<p><a href=\"https:\/\/cmnordeste.pt\/publicacoes\/wp-content\/uploads\/sites\/8\/2021\/01\/garantia-bancaria-em-substituicao-de-hipoteca.pdf\" class=\"mtli_attachment mtli_pdf\">Documento PDF<\/a> <a href=\"https:\/\/cmnordeste.pt\/publicacoes\/wp-content\/uploads\/sites\/8\/2021\/01\/GARANTIA-BANC\u00c1RIA-EM-SUBSTITUI\u00c7\u00c3O-DE-HIPOTECA.doc\" class=\"mtli_attachment mtli_doc\">Documento Word<\/a><\/p>\n<p><strong style=\"padding-bottom: 10px;padding-top: 10px\">Pedido de Constitui\u00e7\u00e3o de Hipoteca sobre Lote<\/strong><br \/>\n<a href=\"https:\/\/cmnordeste.pt\/publicacoes\/wp-content\/uploads\/sites\/8\/2020\/06\/urbanismo_13.pdf\" class=\"mtli_attachment mtli_pdf\">Documento PDF<\/a> <a href=\"https:\/\/cmnordeste.pt\/publicacoes\/wp-content\/uploads\/sites\/8\/2020\/06\/urbanismo_13.doc\" class=\"mtli_attachment mtli_doc\">Documento DOC<\/a><\/p>\n<p><strong style=\"padding-bottom: 10px;padding-top: 10px\">Pedido de Cartografia \/ Informa\u00e7\u00e3o Geogr\u00e1fica<\/strong><\/p>\n<p><a href=\"https:\/\/cmnordeste.pt\/publicacoes\/wp-content\/uploads\/sites\/8\/2020\/06\/urbanismo_32.pdf\" class=\"mtli_attachment mtli_pdf\">Documento PDF <\/a> <a href=\"https:\/\/cmnordeste.pt\/publicacoes\/wp-content\/uploads\/sites\/8\/2020\/06\/urbanismo_32.doc\" class=\"mtli_attachment mtli_doc\">Documento DOC<\/a><\/p>\n","protected":false},"excerpt":{"rendered":"<p>Instru\u00e7\u00f5es para utiliza\u00e7\u00e3o de Impressos da Autarquia Para cada Impresso poder\u00e1 escolher um dos dois formatos dispon\u00edveis. Deste modo, existe um para preenchimento no pr\u00f3prio editor de texto (em formato DOC do Word) e o outro para escrita manual (em formato PDF). Se pretende o formato DOC, sugerimos que preencha os campos necess\u00e1rios no seu [&hellip;]<\/p>\n","protected":false},"author":1,"featured_media":0,"parent":0,"menu_order":100,"comment_status":"closed","ping_status":"closed","template":"page-publicacoes_impressos.php","meta":{"_acf_changed":false,"footnotes":""},"class_list":["post-70","page","type-page","status-publish","hentry"],"acf":[],"yoast_head":"<!-- This site is optimized with the Yoast SEO plugin v27.4 - https:\/\/yoast.com\/product\/yoast-seo-wordpress\/ -->\n<title>Impressos - Publica\u00e7\u00f5es<\/title>\n<meta name=\"robots\" content=\"index, follow, max-snippet:-1, max-image-preview:large, max-video-preview:-1\" \/>\n<link rel=\"canonical\" href=\"https:\/\/cmnordeste.pt\/publicacoes\/impressos\/\" \/>\n<meta property=\"og:locale\" content=\"pt_PT\" \/>\n<meta property=\"og:type\" content=\"article\" \/>\n<meta property=\"og:title\" content=\"Impressos - Publica\u00e7\u00f5es\" \/>\n<meta property=\"og:description\" content=\"Instru\u00e7\u00f5es para utiliza\u00e7\u00e3o de Impressos da Autarquia Para cada Impresso poder\u00e1 escolher um dos dois formatos dispon\u00edveis. Deste modo, existe um para preenchimento no pr\u00f3prio editor de texto (em formato DOC do Word) e o outro para escrita manual (em formato PDF). Se pretende o formato DOC, sugerimos que preencha os campos necess\u00e1rios no seu [&hellip;]\" \/>\n<meta property=\"og:url\" content=\"https:\/\/cmnordeste.pt\/publicacoes\/impressos\/\" \/>\n<meta property=\"og:site_name\" content=\"Publica\u00e7\u00f5es\" \/>\n<meta property=\"article:modified_time\" content=\"2025-09-19T11:30:56+00:00\" \/>\n<meta name=\"twitter:card\" content=\"summary_large_image\" \/>\n<meta name=\"twitter:label1\" content=\"Tempo estimado de leitura\" \/>\n\t<meta name=\"twitter:data1\" content=\"1 minuto\" \/>\n<script type=\"application\/ld+json\" class=\"yoast-schema-graph\">{\"@context\":\"https:\\\/\\\/schema.org\",\"@graph\":[{\"@type\":\"WebPage\",\"@id\":\"https:\\\/\\\/cmnordeste.pt\\\/publicacoes\\\/impressos\\\/\",\"url\":\"https:\\\/\\\/cmnordeste.pt\\\/publicacoes\\\/impressos\\\/\",\"name\":\"Impressos - Publica\u00e7\u00f5es\",\"isPartOf\":{\"@id\":\"https:\\\/\\\/cmnordeste.pt\\\/publicacoes\\\/#website\"},\"datePublished\":\"2025-09-19T11:20:12+00:00\",\"dateModified\":\"2025-09-19T11:30:56+00:00\",\"breadcrumb\":{\"@id\":\"https:\\\/\\\/cmnordeste.pt\\\/publicacoes\\\/impressos\\\/#breadcrumb\"},\"inLanguage\":\"pt-PT\",\"potentialAction\":[{\"@type\":\"ReadAction\",\"target\":[\"https:\\\/\\\/cmnordeste.pt\\\/publicacoes\\\/impressos\\\/\"]}]},{\"@type\":\"BreadcrumbList\",\"@id\":\"https:\\\/\\\/cmnordeste.pt\\\/publicacoes\\\/impressos\\\/#breadcrumb\",\"itemListElement\":[{\"@type\":\"ListItem\",\"position\":1,\"name\":\"In\u00edcio\",\"item\":\"https:\\\/\\\/cmnordeste.pt\\\/publicacoes\\\/\"},{\"@type\":\"ListItem\",\"position\":2,\"name\":\"Impressos\"}]},{\"@type\":\"WebSite\",\"@id\":\"https:\\\/\\\/cmnordeste.pt\\\/publicacoes\\\/#website\",\"url\":\"https:\\\/\\\/cmnordeste.pt\\\/publicacoes\\\/\",\"name\":\"Publica\u00e7\u00f5es\",\"description\":\"Publica\u00e7\u00f5es do Munic\u00edpio de Nordeste\",\"potentialAction\":[{\"@type\":\"SearchAction\",\"target\":{\"@type\":\"EntryPoint\",\"urlTemplate\":\"https:\\\/\\\/cmnordeste.pt\\\/publicacoes\\\/?s={search_term_string}\"},\"query-input\":{\"@type\":\"PropertyValueSpecification\",\"valueRequired\":true,\"valueName\":\"search_term_string\"}}],\"inLanguage\":\"pt-PT\"}]}<\/script>\n<!-- \/ Yoast SEO plugin. -->","yoast_head_json":{"title":"Impressos - Publica\u00e7\u00f5es","robots":{"index":"index","follow":"follow","max-snippet":"max-snippet:-1","max-image-preview":"max-image-preview:large","max-video-preview":"max-video-preview:-1"},"canonical":"https:\/\/cmnordeste.pt\/publicacoes\/impressos\/","og_locale":"pt_PT","og_type":"article","og_title":"Impressos - Publica\u00e7\u00f5es","og_description":"Instru\u00e7\u00f5es para utiliza\u00e7\u00e3o de Impressos da Autarquia Para cada Impresso poder\u00e1 escolher um dos dois formatos dispon\u00edveis. Deste modo, existe um para preenchimento no pr\u00f3prio editor de texto (em formato DOC do Word) e o outro para escrita manual (em formato PDF). Se pretende o formato DOC, sugerimos que preencha os campos necess\u00e1rios no seu [&hellip;]","og_url":"https:\/\/cmnordeste.pt\/publicacoes\/impressos\/","og_site_name":"Publica\u00e7\u00f5es","article_modified_time":"2025-09-19T11:30:56+00:00","twitter_card":"summary_large_image","twitter_misc":{"Tempo estimado de leitura":"1 minuto"},"schema":{"@context":"https:\/\/schema.org","@graph":[{"@type":"WebPage","@id":"https:\/\/cmnordeste.pt\/publicacoes\/impressos\/","url":"https:\/\/cmnordeste.pt\/publicacoes\/impressos\/","name":"Impressos - Publica\u00e7\u00f5es","isPartOf":{"@id":"https:\/\/cmnordeste.pt\/publicacoes\/#website"},"datePublished":"2025-09-19T11:20:12+00:00","dateModified":"2025-09-19T11:30:56+00:00","breadcrumb":{"@id":"https:\/\/cmnordeste.pt\/publicacoes\/impressos\/#breadcrumb"},"inLanguage":"pt-PT","potentialAction":[{"@type":"ReadAction","target":["https:\/\/cmnordeste.pt\/publicacoes\/impressos\/"]}]},{"@type":"BreadcrumbList","@id":"https:\/\/cmnordeste.pt\/publicacoes\/impressos\/#breadcrumb","itemListElement":[{"@type":"ListItem","position":1,"name":"In\u00edcio","item":"https:\/\/cmnordeste.pt\/publicacoes\/"},{"@type":"ListItem","position":2,"name":"Impressos"}]},{"@type":"WebSite","@id":"https:\/\/cmnordeste.pt\/publicacoes\/#website","url":"https:\/\/cmnordeste.pt\/publicacoes\/","name":"Publica\u00e7\u00f5es","description":"Publica\u00e7\u00f5es do Munic\u00edpio de Nordeste","potentialAction":[{"@type":"SearchAction","target":{"@type":"EntryPoint","urlTemplate":"https:\/\/cmnordeste.pt\/publicacoes\/?s={search_term_string}"},"query-input":{"@type":"PropertyValueSpecification","valueRequired":true,"valueName":"search_term_string"}}],"inLanguage":"pt-PT"}]}},"_links":{"self":[{"href":"https:\/\/cmnordeste.pt\/publicacoes\/wp-json\/wp\/v2\/pages\/70","targetHints":{"allow":["GET"]}}],"collection":[{"href":"https:\/\/cmnordeste.pt\/publicacoes\/wp-json\/wp\/v2\/pages"}],"about":[{"href":"https:\/\/cmnordeste.pt\/publicacoes\/wp-json\/wp\/v2\/types\/page"}],"author":[{"embeddable":true,"href":"https:\/\/cmnordeste.pt\/publicacoes\/wp-json\/wp\/v2\/users\/1"}],"replies":[{"embeddable":true,"href":"https:\/\/cmnordeste.pt\/publicacoes\/wp-json\/wp\/v2\/comments?post=70"}],"version-history":[{"count":7,"href":"https:\/\/cmnordeste.pt\/publicacoes\/wp-json\/wp\/v2\/pages\/70\/revisions"}],"predecessor-version":[{"id":6031,"href":"https:\/\/cmnordeste.pt\/publicacoes\/wp-json\/wp\/v2\/pages\/70\/revisions\/6031"}],"wp:attachment":[{"href":"https:\/\/cmnordeste.pt\/publicacoes\/wp-json\/wp\/v2\/media?parent=70"}],"curies":[{"name":"wp","href":"https:\/\/api.w.org\/{rel}","templated":true}]}}