{"id":11,"date":"2015-01-22T17:23:01","date_gmt":"2015-01-22T17:23:01","guid":{"rendered":"https:\/\/cmnordeste.pt\/social\/?page_id=11"},"modified":"2019-05-01T12:56:37","modified_gmt":"2019-05-01T12:56:37","slug":"orcamento-participativo","status":"publish","type":"page","link":"https:\/\/cmnordeste.pt\/social\/orcamento-participativo\/","title":{"rendered":"Or\u00e7amento Participativo"},"content":{"rendered":"<h2>Regulamentos e Documentos<\/h2>\n<p><a href=\"https:\/\/cmnordeste.pt\/social\/wp-content\/uploads\/sites\/6\/2015\/01\/Aviso-Per\u00edodo-de-Vota\u00e7\u00e3o.pdf\" class=\"mtli_attachment mtli_pdf\">Aviso &#8211; Per\u00edodo de Vota\u00e7\u00e3o<\/a><\/p>\n<p><a href=\"https:\/\/cmnordeste.pt\/municipio\/wp-content\/uploads\/sites\/3\/2014\/12\/1130_Orcamento_Participativo_Regulamento.pdf\" class=\"mtli_attachment mtli_pdf\">Regulamento Or\u00e7amento Participativo de Nordeste<\/a><\/p>\n<p><a href=\"https:\/\/cmnordeste.pt\/municipio\/wp-content\/uploads\/sites\/3\/2014\/12\/1131_Orcamento_Participativo_Despacho_Const_Comissao.pdf\" class=\"mtli_attachment mtli_pdf\">Constitui\u00e7\u00e3o da An\u00e1lise T\u00e9cnica do Or\u00e7amento Participativo de Nordeste<\/a><\/p>\n<p><a href=\"https:\/\/cmnordeste.pt\/municipio\/wp-content\/uploads\/sites\/3\/2014\/12\/1132_orcamento_participativo_apresentacao_de_proposta.pdf\" class=\"mtli_attachment mtli_pdf\">Impresso para a apresenta\u00e7\u00e3o de proposta<\/a><\/p>\n<h2>Publica\u00e7\u00f5es<\/h2>\n<p><a href=\"https:\/\/cmnordeste.pt\/social\/wp-content\/uploads\/sites\/6\/2015\/01\/Lista-Final-de-Propostas-a-submeter-a-Vota\u00e7\u00e3o1.pdf\" class=\"mtli_attachment mtli_pdf\">Lista Final de Propostas a submeter a Vota\u00e7\u00e3o<\/a><\/p>\n<p><a href=\"https:\/\/cmnordeste.pt\/municipio\/wp-content\/uploads\/sites\/3\/2014\/12\/1141_orcamento_participativo_prorrogacao_prazo_entrega_propostas.pdf\" class=\"mtli_attachment mtli_pdf\">Prazo de Entrega de Propostas<\/a><\/p>\n<p><a href=\"https:\/\/cmnordeste.pt\/municipio\/wp-content\/uploads\/sites\/3\/2014\/12\/1142_orcamento_participativo_convite_ii.pdf\" class=\"mtli_attachment mtli_pdf\">II Assembleia Participativa<\/a><\/p>\n<h2>Apresenta\u00e7\u00e3o de Propostas<\/h2>\n<p>Este espa\u00e7o \u00e9 disponibilizado \u00e0 popula\u00e7\u00e3o do Nordeste para entrega das propostas\/projetos referentes ao Or\u00e7amento Participativo de Nordeste.<\/p>\n<p>As propostas dever\u00e3o ser enviadas para o email <a href=\"mailto:vaniaferreira@cmnordeste.pt\">apoiopresidencia@cmnordeste.pt<\/a>; e, posteriormente, ficar\u00e3o vis\u00edveis neste espa\u00e7o.<\/p>\n<p><strong>As propostas tamb\u00e9m poder\u00e3o ser entregues em suporte papel nas Assembleias Participativas<\/strong><\/p>\n<p>&nbsp;<\/p>\n<h3><strong>ASSEMBLEIAS PARTICIPATIVAS- CALEND\u00c1RIO<\/strong><\/h3>\n<p>&nbsp;<\/p>\n<p><strong>10 de agosto<\/strong> 2016 &#8211; Associa\u00e7\u00e3o dos Bombeiros V. do Nordeste, pelas 20h30<strong><br \/>\n24 de agosto <\/strong>2016 &#8211; Casa do Povo da Achada, pelas 20h30<strong><br \/>\n29 de julho<\/strong> \u00a02015- Achada, na Casa do Povo, pelas 20h30<br \/>\n<strong>26 de agosto <\/strong>2015<strong>&#8211; <\/strong>Vila do Nordeste<strong>,<\/strong> no sal\u00e3o dos Bombeiros Volunt\u00e1rios, pelas 20h30<\/p>\n<p>&nbsp;<\/p>\n<p><strong>PARTICIPA E DECIDE O FUTURO DO TEU CONCELHO !<\/strong><\/p>\n","protected":false},"excerpt":{"rendered":"<p>Regulamentos e Documentos Aviso &#8211; Per\u00edodo de Vota\u00e7\u00e3o Regulamento Or\u00e7amento Participativo de Nordeste Constitui\u00e7\u00e3o da An\u00e1lise T\u00e9cnica do Or\u00e7amento Participativo de Nordeste Impresso para a apresenta\u00e7\u00e3o de proposta Publica\u00e7\u00f5es Lista Final de Propostas a submeter a Vota\u00e7\u00e3o Prazo de Entrega de Propostas II Assembleia Participativa Apresenta\u00e7\u00e3o de Propostas Este espa\u00e7o \u00e9 disponibilizado \u00e0 popula\u00e7\u00e3o do [&hellip;]<\/p>\n","protected":false},"author":1,"featured_media":59,"parent":0,"menu_order":60,"comment_status":"closed","ping_status":"closed","template":"","meta":{"_acf_changed":false,"footnotes":""},"class_list":["post-11","page","type-page","status-publish","has-post-thumbnail","hentry"],"acf":[],"yoast_head":"<!-- This site is optimized with the Yoast SEO plugin v27.4 - https:\/\/yoast.com\/product\/yoast-seo-wordpress\/ -->\n<title>Or\u00e7amento Participativo - Social<\/title>\n<meta name=\"robots\" content=\"index, follow, max-snippet:-1, max-image-preview:large, max-video-preview:-1\" \/>\n<link rel=\"canonical\" href=\"https:\/\/cmnordeste.pt\/social\/orcamento-participativo\/\" \/>\n<meta property=\"og:locale\" content=\"pt_PT\" \/>\n<meta property=\"og:type\" content=\"article\" \/>\n<meta property=\"og:title\" content=\"Or\u00e7amento Participativo - Social\" \/>\n<meta property=\"og:description\" content=\"Regulamentos e Documentos Aviso &#8211; Per\u00edodo de Vota\u00e7\u00e3o Regulamento Or\u00e7amento Participativo de Nordeste Constitui\u00e7\u00e3o da An\u00e1lise T\u00e9cnica do Or\u00e7amento Participativo de Nordeste Impresso para a apresenta\u00e7\u00e3o de proposta Publica\u00e7\u00f5es Lista Final de Propostas a submeter a Vota\u00e7\u00e3o Prazo de Entrega de Propostas II Assembleia Participativa Apresenta\u00e7\u00e3o de Propostas Este espa\u00e7o \u00e9 disponibilizado \u00e0 popula\u00e7\u00e3o do [&hellip;]\" \/>\n<meta property=\"og:url\" content=\"https:\/\/cmnordeste.pt\/social\/orcamento-participativo\/\" \/>\n<meta property=\"og:site_name\" content=\"Social\" \/>\n<meta property=\"article:publisher\" content=\"https:\/\/www.facebook.com\/camaramunicipalnordeste\" \/>\n<meta property=\"article:modified_time\" content=\"2019-05-01T12:56:37+00:00\" \/>\n<meta property=\"og:image\" content=\"https:\/\/cmnordeste.pt\/social\/wp-content\/uploads\/sites\/6\/2015\/01\/caixa-voto-jpg.jpg\" \/>\n\t<meta property=\"og:image:width\" content=\"1916\" \/>\n\t<meta property=\"og:image:height\" content=\"1336\" \/>\n\t<meta property=\"og:image:type\" content=\"image\/jpeg\" \/>\n<meta name=\"twitter:card\" content=\"summary_large_image\" \/>\n<meta name=\"twitter:label1\" content=\"Tempo estimado de leitura\" \/>\n\t<meta name=\"twitter:data1\" content=\"1 minuto\" \/>\n<script type=\"application\/ld+json\" class=\"yoast-schema-graph\">{\"@context\":\"https:\\\/\\\/schema.org\",\"@graph\":[{\"@type\":\"WebPage\",\"@id\":\"https:\\\/\\\/cmnordeste.pt\\\/social\\\/orcamento-participativo\\\/\",\"url\":\"https:\\\/\\\/cmnordeste.pt\\\/social\\\/orcamento-participativo\\\/\",\"name\":\"Or\u00e7amento Participativo - Social\",\"isPartOf\":{\"@id\":\"https:\\\/\\\/cmnordeste.pt\\\/social\\\/#website\"},\"primaryImageOfPage\":{\"@id\":\"https:\\\/\\\/cmnordeste.pt\\\/social\\\/orcamento-participativo\\\/#primaryimage\"},\"image\":{\"@id\":\"https:\\\/\\\/cmnordeste.pt\\\/social\\\/orcamento-participativo\\\/#primaryimage\"},\"thumbnailUrl\":\"https:\\\/\\\/cmnordeste.pt\\\/social\\\/wp-content\\\/uploads\\\/sites\\\/6\\\/2015\\\/01\\\/caixa-voto-jpg.jpg\",\"datePublished\":\"2015-01-22T17:23:01+00:00\",\"dateModified\":\"2019-05-01T12:56:37+00:00\",\"breadcrumb\":{\"@id\":\"https:\\\/\\\/cmnordeste.pt\\\/social\\\/orcamento-participativo\\\/#breadcrumb\"},\"inLanguage\":\"pt-PT\",\"potentialAction\":[{\"@type\":\"ReadAction\",\"target\":[\"https:\\\/\\\/cmnordeste.pt\\\/social\\\/orcamento-participativo\\\/\"]}]},{\"@type\":\"ImageObject\",\"inLanguage\":\"pt-PT\",\"@id\":\"https:\\\/\\\/cmnordeste.pt\\\/social\\\/orcamento-participativo\\\/#primaryimage\",\"url\":\"https:\\\/\\\/cmnordeste.pt\\\/social\\\/wp-content\\\/uploads\\\/sites\\\/6\\\/2015\\\/01\\\/caixa-voto-jpg.jpg\",\"contentUrl\":\"https:\\\/\\\/cmnordeste.pt\\\/social\\\/wp-content\\\/uploads\\\/sites\\\/6\\\/2015\\\/01\\\/caixa-voto-jpg.jpg\",\"width\":1916,\"height\":1336},{\"@type\":\"BreadcrumbList\",\"@id\":\"https:\\\/\\\/cmnordeste.pt\\\/social\\\/orcamento-participativo\\\/#breadcrumb\",\"itemListElement\":[{\"@type\":\"ListItem\",\"position\":1,\"name\":\"In\u00edcio\",\"item\":\"https:\\\/\\\/cmnordeste.pt\\\/social\\\/\"},{\"@type\":\"ListItem\",\"position\":2,\"name\":\"Or\u00e7amento Participativo\"}]},{\"@type\":\"WebSite\",\"@id\":\"https:\\\/\\\/cmnordeste.pt\\\/social\\\/#website\",\"url\":\"https:\\\/\\\/cmnordeste.pt\\\/social\\\/\",\"name\":\"Social\",\"description\":\"Social - Nordeste\",\"publisher\":{\"@id\":\"https:\\\/\\\/cmnordeste.pt\\\/social\\\/#organization\"},\"potentialAction\":[{\"@type\":\"SearchAction\",\"target\":{\"@type\":\"EntryPoint\",\"urlTemplate\":\"https:\\\/\\\/cmnordeste.pt\\\/social\\\/?s={search_term_string}\"},\"query-input\":{\"@type\":\"PropertyValueSpecification\",\"valueRequired\":true,\"valueName\":\"search_term_string\"}}],\"inLanguage\":\"pt-PT\"},{\"@type\":\"Organization\",\"@id\":\"https:\\\/\\\/cmnordeste.pt\\\/social\\\/#organization\",\"name\":\"Munic\u00edpio de Nordeste\",\"url\":\"https:\\\/\\\/cmnordeste.pt\\\/social\\\/\",\"logo\":{\"@type\":\"ImageObject\",\"inLanguage\":\"pt-PT\",\"@id\":\"https:\\\/\\\/cmnordeste.pt\\\/social\\\/#\\\/schema\\\/logo\\\/image\\\/\",\"url\":\"https:\\\/\\\/cmnordeste.pt\\\/social\\\/wp-content\\\/uploads\\\/sites\\\/6\\\/2019\\\/05\\\/logo_cmn_800.png\",\"contentUrl\":\"https:\\\/\\\/cmnordeste.pt\\\/social\\\/wp-content\\\/uploads\\\/sites\\\/6\\\/2019\\\/05\\\/logo_cmn_800.png\",\"width\":800,\"height\":254,\"caption\":\"Munic\u00edpio de Nordeste\"},\"image\":{\"@id\":\"https:\\\/\\\/cmnordeste.pt\\\/social\\\/#\\\/schema\\\/logo\\\/image\\\/\"},\"sameAs\":[\"https:\\\/\\\/www.facebook.com\\\/camaramunicipalnordeste\",\"https:\\\/\\\/www.instagram.com\\\/municipiodonordeste\"]}]}<\/script>\n<!-- \/ Yoast SEO plugin. -->","yoast_head_json":{"title":"Or\u00e7amento Participativo - Social","robots":{"index":"index","follow":"follow","max-snippet":"max-snippet:-1","max-image-preview":"max-image-preview:large","max-video-preview":"max-video-preview:-1"},"canonical":"https:\/\/cmnordeste.pt\/social\/orcamento-participativo\/","og_locale":"pt_PT","og_type":"article","og_title":"Or\u00e7amento Participativo - Social","og_description":"Regulamentos e Documentos Aviso &#8211; Per\u00edodo de Vota\u00e7\u00e3o Regulamento Or\u00e7amento Participativo de Nordeste Constitui\u00e7\u00e3o da An\u00e1lise T\u00e9cnica do Or\u00e7amento Participativo de Nordeste Impresso para a apresenta\u00e7\u00e3o de proposta Publica\u00e7\u00f5es Lista Final de Propostas a submeter a Vota\u00e7\u00e3o Prazo de Entrega de Propostas II Assembleia Participativa Apresenta\u00e7\u00e3o de Propostas Este espa\u00e7o \u00e9 disponibilizado \u00e0 popula\u00e7\u00e3o do [&hellip;]","og_url":"https:\/\/cmnordeste.pt\/social\/orcamento-participativo\/","og_site_name":"Social","article_publisher":"https:\/\/www.facebook.com\/camaramunicipalnordeste","article_modified_time":"2019-05-01T12:56:37+00:00","og_image":[{"width":1916,"height":1336,"url":"https:\/\/cmnordeste.pt\/social\/wp-content\/uploads\/sites\/6\/2015\/01\/caixa-voto-jpg.jpg","type":"image\/jpeg"}],"twitter_card":"summary_large_image","twitter_misc":{"Tempo estimado de leitura":"1 minuto"},"schema":{"@context":"https:\/\/schema.org","@graph":[{"@type":"WebPage","@id":"https:\/\/cmnordeste.pt\/social\/orcamento-participativo\/","url":"https:\/\/cmnordeste.pt\/social\/orcamento-participativo\/","name":"Or\u00e7amento Participativo - Social","isPartOf":{"@id":"https:\/\/cmnordeste.pt\/social\/#website"},"primaryImageOfPage":{"@id":"https:\/\/cmnordeste.pt\/social\/orcamento-participativo\/#primaryimage"},"image":{"@id":"https:\/\/cmnordeste.pt\/social\/orcamento-participativo\/#primaryimage"},"thumbnailUrl":"https:\/\/cmnordeste.pt\/social\/wp-content\/uploads\/sites\/6\/2015\/01\/caixa-voto-jpg.jpg","datePublished":"2015-01-22T17:23:01+00:00","dateModified":"2019-05-01T12:56:37+00:00","breadcrumb":{"@id":"https:\/\/cmnordeste.pt\/social\/orcamento-participativo\/#breadcrumb"},"inLanguage":"pt-PT","potentialAction":[{"@type":"ReadAction","target":["https:\/\/cmnordeste.pt\/social\/orcamento-participativo\/"]}]},{"@type":"ImageObject","inLanguage":"pt-PT","@id":"https:\/\/cmnordeste.pt\/social\/orcamento-participativo\/#primaryimage","url":"https:\/\/cmnordeste.pt\/social\/wp-content\/uploads\/sites\/6\/2015\/01\/caixa-voto-jpg.jpg","contentUrl":"https:\/\/cmnordeste.pt\/social\/wp-content\/uploads\/sites\/6\/2015\/01\/caixa-voto-jpg.jpg","width":1916,"height":1336},{"@type":"BreadcrumbList","@id":"https:\/\/cmnordeste.pt\/social\/orcamento-participativo\/#breadcrumb","itemListElement":[{"@type":"ListItem","position":1,"name":"In\u00edcio","item":"https:\/\/cmnordeste.pt\/social\/"},{"@type":"ListItem","position":2,"name":"Or\u00e7amento Participativo"}]},{"@type":"WebSite","@id":"https:\/\/cmnordeste.pt\/social\/#website","url":"https:\/\/cmnordeste.pt\/social\/","name":"Social","description":"Social - Nordeste","publisher":{"@id":"https:\/\/cmnordeste.pt\/social\/#organization"},"potentialAction":[{"@type":"SearchAction","target":{"@type":"EntryPoint","urlTemplate":"https:\/\/cmnordeste.pt\/social\/?s={search_term_string}"},"query-input":{"@type":"PropertyValueSpecification","valueRequired":true,"valueName":"search_term_string"}}],"inLanguage":"pt-PT"},{"@type":"Organization","@id":"https:\/\/cmnordeste.pt\/social\/#organization","name":"Munic\u00edpio de Nordeste","url":"https:\/\/cmnordeste.pt\/social\/","logo":{"@type":"ImageObject","inLanguage":"pt-PT","@id":"https:\/\/cmnordeste.pt\/social\/#\/schema\/logo\/image\/","url":"https:\/\/cmnordeste.pt\/social\/wp-content\/uploads\/sites\/6\/2019\/05\/logo_cmn_800.png","contentUrl":"https:\/\/cmnordeste.pt\/social\/wp-content\/uploads\/sites\/6\/2019\/05\/logo_cmn_800.png","width":800,"height":254,"caption":"Munic\u00edpio de Nordeste"},"image":{"@id":"https:\/\/cmnordeste.pt\/social\/#\/schema\/logo\/image\/"},"sameAs":["https:\/\/www.facebook.com\/camaramunicipalnordeste","https:\/\/www.instagram.com\/municipiodonordeste"]}]}},"_links":{"self":[{"href":"https:\/\/cmnordeste.pt\/social\/wp-json\/wp\/v2\/pages\/11","targetHints":{"allow":["GET"]}}],"collection":[{"href":"https:\/\/cmnordeste.pt\/social\/wp-json\/wp\/v2\/pages"}],"about":[{"href":"https:\/\/cmnordeste.pt\/social\/wp-json\/wp\/v2\/types\/page"}],"author":[{"embeddable":true,"href":"https:\/\/cmnordeste.pt\/social\/wp-json\/wp\/v2\/users\/1"}],"replies":[{"embeddable":true,"href":"https:\/\/cmnordeste.pt\/social\/wp-json\/wp\/v2\/comments?post=11"}],"version-history":[{"count":1,"href":"https:\/\/cmnordeste.pt\/social\/wp-json\/wp\/v2\/pages\/11\/revisions"}],"predecessor-version":[{"id":1403,"href":"https:\/\/cmnordeste.pt\/social\/wp-json\/wp\/v2\/pages\/11\/revisions\/1403"}],"wp:featuredmedia":[{"embeddable":true,"href":"https:\/\/cmnordeste.pt\/social\/wp-json\/wp\/v2\/media\/59"}],"wp:attachment":[{"href":"https:\/\/cmnordeste.pt\/social\/wp-json\/wp\/v2\/media?parent=11"}],"curies":[{"name":"wp","href":"https:\/\/api.w.org\/{rel}","templated":true}]}}