{"id":1424,"date":"2025-12-29T15:52:20","date_gmt":"2025-12-29T15:52:20","guid":{"rendered":"https:\/\/cmnordeste.pt\/turismo\/?page_id=1424"},"modified":"2025-12-30T12:25:54","modified_gmt":"2025-12-30T12:25:54","slug":"industria","status":"publish","type":"page","link":"https:\/\/cmnordeste.pt\/turismo\/comercio-local\/industria\/","title":{"rendered":"Ind\u00fastria"},"content":{"rendered":"<h2>Alum\u00ednios e outros<\/h2>\n<p>&nbsp;<\/p>\n<h4><strong>Jos\u00e9 D\u00e2maso Pimentel \/ Alum\u00ednios<\/strong><\/h4>\n<p>Rua Capit\u00e3o Machado N\u00ba 2<\/p>\n<p>Vila de Nordeste<\/p>\n<p>9630\u00a0Vila de Nordeste<\/p>\n<p>Tel. oficina: 296488094<\/p>\n<p>&nbsp;<\/p>\n<h4><strong>Lu\u00eds Miguel Raposo Medeiros \/ Alum\u00ednios<\/strong><\/h4>\n<p>Rua do Outeiro de Cima, 26<\/p>\n<p>9630 &#8211; 116 Lomba da Fazenda<\/p>\n<p>Tel.: 296 486 146;<br \/>\nTlm: 914 514 510<\/p>\n<p>&nbsp;<\/p>\n<h4><strong>Serralharia HM<\/strong><\/h4>\n<p>Rua do Roch\u00e3o, n.\u00ba 8<br \/>\nSalga<\/p>\n<p>Telefone: 918816316 \/ 962296874<\/p>\n<p>Email: hmsmelo@gmail.com<\/p>\n<p>&nbsp;<\/p>\n<h4><strong>Albano Vieira \u2013 F\u00e1brica de Blocos<\/strong><\/h4>\n<p>Rua do Pico<\/p>\n<p>Algarvia<\/p>\n<p>Tel.: 296 452 129<\/p>\n<p>&nbsp;<\/p>\n<h2>Cooperativas &#8211; Agricultura\u00a0<\/h2>\n<h4><strong>A Granja &#8211; Nordeste\u00a0<\/strong><\/h4>\n<p>Rua do Poceir\u00e3o n.\u00ba 1<\/p>\n<p>\u00a09630 &#8211; 171, Vila de Nordeste<\/p>\n<p>\u00a0Tel: 296 488 350<\/p>\n<p>\u00a0Email: <span><a href=\"mailto:nordeste@granja.pt\">nordeste@granja.pt<\/a><\/span><\/p>\n<h4><strong>Cooperativa Agr\u00edcola Bom Pastor\u00a0<\/strong><\/h4>\n<p>\u00a0 Ramal do Porto n.\u00ba 21<\/p>\n<p>\u00a0 9630 &#8211; 024, Achada<\/p>\n<p>\u00a0 Tel: 296 205 790<\/p>\n<p>\u00a0 Email: <span><a href=\"mailto:geral@bompastor.pt\">geral@bompastor.pt<\/a><\/span><\/p>\n<h4><strong>Agro Cora\u00e7\u00e3o\u00a0<\/strong><\/h4>\n<p>\u00a0Travessa do Moio, n.\u00ba 1<\/p>\n<p>\u00a09630 &#8211; 200 Lomba da Pedreira<\/p>\n<p>\u00a0Tel: 296 240 873<\/p>\n<p>\u00a0Email: geral.agro.coracao@gmail.com<\/p>\n","protected":false},"excerpt":{"rendered":"<p>Alum\u00ednios e outros &nbsp; Jos\u00e9 D\u00e2maso Pimentel \/ Alum\u00ednios Rua Capit\u00e3o Machado N\u00ba 2 Vila de Nordeste 9630\u00a0Vila de Nordeste Tel. oficina: 296488094 &nbsp; Lu\u00eds Miguel Raposo Medeiros \/ Alum\u00ednios Rua do Outeiro de Cima, 26 9630 &#8211; 116 Lomba da Fazenda Tel.: 296 486 146; Tlm: 914 514 510 &nbsp; Serralharia HM Rua do [&hellip;]<\/p>\n","protected":false},"author":1,"featured_media":0,"parent":1420,"menu_order":0,"comment_status":"closed","ping_status":"closed","template":"page-servicos.php","meta":{"_acf_changed":false,"footnotes":""},"class_list":["post-1424","page","type-page","status-publish","hentry"],"acf":[],"yoast_head":"<!-- This site is optimized with the Yoast SEO plugin v27.4 - https:\/\/yoast.com\/product\/yoast-seo-wordpress\/ -->\n<title>Ind\u00fastria - Turismo<\/title>\n<meta name=\"robots\" content=\"index, follow, max-snippet:-1, max-image-preview:large, max-video-preview:-1\" \/>\n<link rel=\"canonical\" href=\"https:\/\/cmnordeste.pt\/turismo\/comercio-local\/industria\/\" \/>\n<meta property=\"og:locale\" content=\"pt_PT\" \/>\n<meta property=\"og:type\" content=\"article\" \/>\n<meta property=\"og:title\" content=\"Ind\u00fastria - Turismo\" \/>\n<meta property=\"og:description\" content=\"Alum\u00ednios e outros &nbsp; Jos\u00e9 D\u00e2maso Pimentel \/ Alum\u00ednios Rua Capit\u00e3o Machado N\u00ba 2 Vila de Nordeste 9630\u00a0Vila de Nordeste Tel. oficina: 296488094 &nbsp; Lu\u00eds Miguel Raposo Medeiros \/ Alum\u00ednios Rua do Outeiro de Cima, 26 9630 &#8211; 116 Lomba da Fazenda Tel.: 296 486 146; Tlm: 914 514 510 &nbsp; Serralharia HM Rua do [&hellip;]\" \/>\n<meta property=\"og:url\" content=\"https:\/\/cmnordeste.pt\/turismo\/comercio-local\/industria\/\" \/>\n<meta property=\"og:site_name\" content=\"Turismo\" \/>\n<meta property=\"article:modified_time\" content=\"2025-12-30T12:25:54+00:00\" \/>\n<meta name=\"twitter:card\" content=\"summary_large_image\" \/>\n<meta name=\"twitter:label1\" content=\"Tempo estimado de leitura\" \/>\n\t<meta name=\"twitter:data1\" content=\"2 minutos\" \/>\n<script type=\"application\/ld+json\" class=\"yoast-schema-graph\">{\"@context\":\"https:\\\/\\\/schema.org\",\"@graph\":[{\"@type\":\"WebPage\",\"@id\":\"https:\\\/\\\/cmnordeste.pt\\\/turismo\\\/comercio-local\\\/industria\\\/\",\"url\":\"https:\\\/\\\/cmnordeste.pt\\\/turismo\\\/comercio-local\\\/industria\\\/\",\"name\":\"Ind\u00fastria - Turismo\",\"isPartOf\":{\"@id\":\"https:\\\/\\\/cmnordeste.pt\\\/turismo\\\/#website\"},\"datePublished\":\"2025-12-29T15:52:20+00:00\",\"dateModified\":\"2025-12-30T12:25:54+00:00\",\"breadcrumb\":{\"@id\":\"https:\\\/\\\/cmnordeste.pt\\\/turismo\\\/comercio-local\\\/industria\\\/#breadcrumb\"},\"inLanguage\":\"pt-PT\",\"potentialAction\":[{\"@type\":\"ReadAction\",\"target\":[\"https:\\\/\\\/cmnordeste.pt\\\/turismo\\\/comercio-local\\\/industria\\\/\"]}]},{\"@type\":\"BreadcrumbList\",\"@id\":\"https:\\\/\\\/cmnordeste.pt\\\/turismo\\\/comercio-local\\\/industria\\\/#breadcrumb\",\"itemListElement\":[{\"@type\":\"ListItem\",\"position\":1,\"name\":\"In\u00edcio\",\"item\":\"https:\\\/\\\/cmnordeste.pt\\\/turismo\\\/pt\\\/\"},{\"@type\":\"ListItem\",\"position\":2,\"name\":\"Com\u00e9rcio local\",\"item\":\"https:\\\/\\\/cmnordeste.pt\\\/turismo\\\/comercio-local\\\/\"},{\"@type\":\"ListItem\",\"position\":3,\"name\":\"Ind\u00fastria\"}]},{\"@type\":\"WebSite\",\"@id\":\"https:\\\/\\\/cmnordeste.pt\\\/turismo\\\/#website\",\"url\":\"https:\\\/\\\/cmnordeste.pt\\\/turismo\\\/\",\"name\":\"Turismo\",\"description\":\"Turismo no Nordeste\",\"potentialAction\":[{\"@type\":\"SearchAction\",\"target\":{\"@type\":\"EntryPoint\",\"urlTemplate\":\"https:\\\/\\\/cmnordeste.pt\\\/turismo\\\/?s={search_term_string}\"},\"query-input\":{\"@type\":\"PropertyValueSpecification\",\"valueRequired\":true,\"valueName\":\"search_term_string\"}}],\"inLanguage\":\"pt-PT\"}]}<\/script>\n<!-- \/ Yoast SEO plugin. -->","yoast_head_json":{"title":"Ind\u00fastria - Turismo","robots":{"index":"index","follow":"follow","max-snippet":"max-snippet:-1","max-image-preview":"max-image-preview:large","max-video-preview":"max-video-preview:-1"},"canonical":"https:\/\/cmnordeste.pt\/turismo\/comercio-local\/industria\/","og_locale":"pt_PT","og_type":"article","og_title":"Ind\u00fastria - Turismo","og_description":"Alum\u00ednios e outros &nbsp; Jos\u00e9 D\u00e2maso Pimentel \/ Alum\u00ednios Rua Capit\u00e3o Machado N\u00ba 2 Vila de Nordeste 9630\u00a0Vila de Nordeste Tel. oficina: 296488094 &nbsp; Lu\u00eds Miguel Raposo Medeiros \/ Alum\u00ednios Rua do Outeiro de Cima, 26 9630 &#8211; 116 Lomba da Fazenda Tel.: 296 486 146; Tlm: 914 514 510 &nbsp; Serralharia HM Rua do [&hellip;]","og_url":"https:\/\/cmnordeste.pt\/turismo\/comercio-local\/industria\/","og_site_name":"Turismo","article_modified_time":"2025-12-30T12:25:54+00:00","twitter_card":"summary_large_image","twitter_misc":{"Tempo estimado de leitura":"2 minutos"},"schema":{"@context":"https:\/\/schema.org","@graph":[{"@type":"WebPage","@id":"https:\/\/cmnordeste.pt\/turismo\/comercio-local\/industria\/","url":"https:\/\/cmnordeste.pt\/turismo\/comercio-local\/industria\/","name":"Ind\u00fastria - Turismo","isPartOf":{"@id":"https:\/\/cmnordeste.pt\/turismo\/#website"},"datePublished":"2025-12-29T15:52:20+00:00","dateModified":"2025-12-30T12:25:54+00:00","breadcrumb":{"@id":"https:\/\/cmnordeste.pt\/turismo\/comercio-local\/industria\/#breadcrumb"},"inLanguage":"pt-PT","potentialAction":[{"@type":"ReadAction","target":["https:\/\/cmnordeste.pt\/turismo\/comercio-local\/industria\/"]}]},{"@type":"BreadcrumbList","@id":"https:\/\/cmnordeste.pt\/turismo\/comercio-local\/industria\/#breadcrumb","itemListElement":[{"@type":"ListItem","position":1,"name":"In\u00edcio","item":"https:\/\/cmnordeste.pt\/turismo\/pt\/"},{"@type":"ListItem","position":2,"name":"Com\u00e9rcio local","item":"https:\/\/cmnordeste.pt\/turismo\/comercio-local\/"},{"@type":"ListItem","position":3,"name":"Ind\u00fastria"}]},{"@type":"WebSite","@id":"https:\/\/cmnordeste.pt\/turismo\/#website","url":"https:\/\/cmnordeste.pt\/turismo\/","name":"Turismo","description":"Turismo no Nordeste","potentialAction":[{"@type":"SearchAction","target":{"@type":"EntryPoint","urlTemplate":"https:\/\/cmnordeste.pt\/turismo\/?s={search_term_string}"},"query-input":{"@type":"PropertyValueSpecification","valueRequired":true,"valueName":"search_term_string"}}],"inLanguage":"pt-PT"}]}},"_links":{"self":[{"href":"https:\/\/cmnordeste.pt\/turismo\/wp-json\/wp\/v2\/pages\/1424","targetHints":{"allow":["GET"]}}],"collection":[{"href":"https:\/\/cmnordeste.pt\/turismo\/wp-json\/wp\/v2\/pages"}],"about":[{"href":"https:\/\/cmnordeste.pt\/turismo\/wp-json\/wp\/v2\/types\/page"}],"author":[{"embeddable":true,"href":"https:\/\/cmnordeste.pt\/turismo\/wp-json\/wp\/v2\/users\/1"}],"replies":[{"embeddable":true,"href":"https:\/\/cmnordeste.pt\/turismo\/wp-json\/wp\/v2\/comments?post=1424"}],"version-history":[{"count":10,"href":"https:\/\/cmnordeste.pt\/turismo\/wp-json\/wp\/v2\/pages\/1424\/revisions"}],"predecessor-version":[{"id":8979,"href":"https:\/\/cmnordeste.pt\/turismo\/wp-json\/wp\/v2\/pages\/1424\/revisions\/8979"}],"up":[{"embeddable":true,"href":"https:\/\/cmnordeste.pt\/turismo\/wp-json\/wp\/v2\/pages\/1420"}],"wp:attachment":[{"href":"https:\/\/cmnordeste.pt\/turismo\/wp-json\/wp\/v2\/media?parent=1424"}],"curies":[{"name":"wp","href":"https:\/\/api.w.org\/{rel}","templated":true}]}}

Indústria

<h2>Alumínios e outros</h2>
<p>&nbsp;</p>
<h4><strong>José Dâmaso Pimentel / Alumínios</strong></h4>
<p>Rua Capitão Machado Nº 2</p>
<p>Vila de Nordeste</p>
<p>9630 Vila de Nordeste</p>
<p>Tel. oficina: 296488094</p>
<p>&nbsp;</p>
<h4><strong>Luís Miguel Raposo Medeiros / Alumínios</strong></h4>
<p>Rua do Outeiro de Cima, 26</p>
<p>9630 &#8211; 116 Lomba da Fazenda</p>
<p>Tel.: 296 486 146;<br />
Tlm: 914 514 510</p>
<p>&nbsp;</p>
<h4><strong>Serralharia HM</strong></h4>
<p>Rua do Rochão, n.º 8<br />
Salga</p>
<p>Telefone: 918816316 / 962296874</p>
<p>Email: hmsmelo@gmail.com</p>
<p>&nbsp;</p>
<h4><strong>Albano Vieira – Fábrica de Blocos</strong></h4>
<p>Rua do Pico</p>
<p>Algarvia</p>
<p>Tel.: 296 452 129</p>
<p>&nbsp;</p>
<h2>Cooperativas &#8211; Agricultura </h2>
<h4><strong>A Granja &#8211; Nordeste </strong></h4>
<p>Rua do Poceirão n.º 1</p>
<p> 9630 &#8211; 171, Vila de Nordeste</p>
<p> Tel: 296 488 350</p>
<p> Email: <span><a href="mailto:nordeste@granja.pt">nordeste@granja.pt</a></span></p>
<h4><strong>Cooperativa Agrícola Bom Pastor </strong></h4>
<p>  Ramal do Porto n.º 21</p>
<p>  9630 &#8211; 024, Achada</p>
<p>  Tel: 296 205 790</p>
<p>  Email: <span><a href="mailto:geral@bompastor.pt">geral@bompastor.pt</a></span></p>
<h4><strong>Agro Coração </strong></h4>
<p> Travessa do Moio, n.º 1</p>
<p> 9630 &#8211; 200 Lomba da Pedreira</p>
<p> Tel: 296 240 873</p>
<p> Email: geral.agro.coracao@gmail.com</p>

<p>Alumínios e outros &nbsp; José Dâmaso Pimentel / Alumínios Rua Capitão Machado Nº 2 Vila de Nordeste 9630 Vila de Nordeste Tel. oficina: 296488094 &nbsp; Luís Miguel Raposo Medeiros / Alumínios Rua do Outeiro de Cima, 26 9630 &#8211; 116 Lomba da Fazenda Tel.: 296 486 146; Tlm: 914 514 510 &nbsp; Serralharia HM Rua do [&hellip;]</p>

<!-- This site is optimized with the Yoast SEO plugin v27.4 - https://yoast.com/product/yoast-seo-wordpress/ -->
<title>Indústria - Turismo</title>
<meta name="robots" content="index, follow, max-snippet:-1, max-image-preview:large, max-video-preview:-1" />
<link rel="canonical" href="https://cmnordeste.pt/turismo/comercio-local/industria/" />
<meta property="og:locale" content="pt_PT" />
<meta property="og:type" content="article" />
<meta property="og:title" content="Indústria - Turismo" />
<meta property="og:description" content="Alumínios e outros &nbsp; José Dâmaso Pimentel / Alumínios Rua Capitão Machado Nº 2 Vila de Nordeste 9630 Vila de Nordeste Tel. oficina: 296488094 &nbsp; Luís Miguel Raposo Medeiros / Alumínios Rua do Outeiro de Cima, 26 9630 &#8211; 116 Lomba da Fazenda Tel.: 296 486 146; Tlm: 914 514 510 &nbsp; Serralharia HM Rua do [&hellip;]" />
<meta property="og:url" content="https://cmnordeste.pt/turismo/comercio-local/industria/" />
<meta property="og:site_name" content="Turismo" />
<meta property="article:modified_time" content="2025-12-30T12:25:54+00:00" />
<meta name="twitter:card" content="summary_large_image" />
<meta name="twitter:label1" content="Tempo estimado de leitura" />
	<meta name="twitter:data1" content="2 minutos" />
<script type="application/ld+json" class="yoast-schema-graph">{"@context":"https:\/\/schema.org","@graph":[{"@type":"WebPage","@id":"https:\/\/cmnordeste.pt\/turismo\/comercio-local\/industria\/","url":"https:\/\/cmnordeste.pt\/turismo\/comercio-local\/industria\/","name":"Indústria - Turismo","isPartOf":{"@id":"https:\/\/cmnordeste.pt\/turismo\/#website"},"datePublished":"2025-12-29T15:52:20+00:00","dateModified":"2025-12-30T12:25:54+00:00","breadcrumb":{"@id":"https:\/\/cmnordeste.pt\/turismo\/comercio-local\/industria\/#breadcrumb"},"inLanguage":"pt-PT","potentialAction":[{"@type":"ReadAction","target":["https:\/\/cmnordeste.pt\/turismo\/comercio-local\/industria\/"]}]},{"@type":"BreadcrumbList","@id":"https:\/\/cmnordeste.pt\/turismo\/comercio-local\/industria\/#breadcrumb","itemListElement":[{"@type":"ListItem","position":1,"name":"Início","item":"https:\/\/cmnordeste.pt\/turismo\/pt\/"},{"@type":"ListItem","position":2,"name":"Comércio local","item":"https:\/\/cmnordeste.pt\/turismo\/comercio-local\/"},{"@type":"ListItem","position":3,"name":"Indústria"}]},{"@type":"WebSite","@id":"https:\/\/cmnordeste.pt\/turismo\/#website","url":"https:\/\/cmnordeste.pt\/turismo\/","name":"Turismo","description":"Turismo no Nordeste","potentialAction":[{"@type":"SearchAction","target":{"@type":"EntryPoint","urlTemplate":"https:\/\/cmnordeste.pt\/turismo\/?s={search_term_string}"},"query-input":{"@type":"PropertyValueSpecification","valueRequired":true,"valueName":"search_term_string"}}],"inLanguage":"pt-PT"}]}</script>
<!-- / Yoast SEO plugin. -->

Indústria - Turismo

Alumínios e outros &nbsp; José Dâmaso Pimentel / Alumínios Rua Capitão Machado Nº 2 Vila de Nordeste 9630 Vila de Nordeste Tel. oficina: 296488094 &nbsp; Luís Miguel Raposo Medeiros / Alumínios Rua do Outeiro de Cima, 26 9630 &#8211; 116 Lomba da Fazenda Tel.: 296 486 146; Tlm: 914 514 510 &nbsp; Serralharia HM Rua do [&hellip;]

Início

Comércio local
