{"id":1434,"date":"2025-12-30T10:36:26","date_gmt":"2025-12-30T10:36:26","guid":{"rendered":"https:\/\/cmnordeste.pt\/turismo\/?page_id=1434"},"modified":"2026-01-05T17:29:38","modified_gmt":"2026-01-05T17:29:38","slug":"servicos","status":"publish","type":"page","link":"https:\/\/cmnordeste.pt\/turismo\/comercio-local\/servicos\/","title":{"rendered":"Servi\u00e7os"},"content":{"rendered":"<h2>Bancos<\/h2>\n<h4><strong>Santander Totta (ENCERRADO)<\/strong><\/h4>\n<p>Rua Ant\u00f3nio Alves Oliveira<br \/>\nVila de Nordeste<\/p>\n<p>Tel.: 296 480 170<\/p>\n<h4><strong>Montepio Geral<\/strong><\/h4>\n<p>Pra\u00e7a da Rep\u00fablica<br \/>\nVila de Nordeste<\/p>\n<p>Tel.: 296 000 090<\/p>\n<h4><strong>Caixa Geral de Dep\u00f3sitos<\/strong><\/h4>\n<p>Rua Ant\u00f3nio Alves de Oliveira<br \/>\n<span>Vila de Nordeste<\/span><\/p>\n<p><span>Tel.: 296 480 040<\/span><\/p>\n<h4><strong>Novo Banco<\/strong><\/h4>\n<p><span>Estrada Regional<br \/>\n<\/span>Lomba da Fazenda<\/p>\n<p>Tel.: 296 488 048<\/p>\n<h2>Inform\u00e1tica e Contabilidade\u00a0<\/h2>\n<h4><strong>Infornordeste\u00a0<\/strong><\/h4>\n<p>Inform\u00e1tica, Multim\u00e9dia &amp; Comunica\u00e7\u00f5es<\/p>\n<p>Rua do Ros\u00e1rio N\u00ba6 B<br \/>\n9630 Vila de Nordeste<\/p>\n<p>Tel.: 296 488 344<\/p>\n<h4><strong>Conta Top Mais\u00a0<\/strong><\/h4>\n<p>Fiscalidade e Contabilidade Lda.<\/p>\n<p>Rua Dona Maria do Ros\u00e1rio, N\u00ba 4<br \/>\n9630-144 Nordeste<\/p>\n<p>Tel.: 296 488 205<\/p>\n<p>Email: contatopmais@sapo.pt<\/p>\n<h4 class=\"html-h1 xdj266r x14z9mp xat24cr x1lziwak xexx8yu xyri2b x18d9i69 x1c1uobl x1vvkbs x1heor9g x1qlqyl8 x1pd3egz x1a2a7pz\"><strong>Carlos Arruda Sociedade Media\u00e7\u00e3o Seguros LDA\u00a0<\/strong><\/h4>\n<p>Rua do Vig\u00e1rio, Achada\u00a0<\/p>\n<p>Tel: 296 452 038<\/p>\n<h2>Cl\u00ednicas M\u00e9dicas e Veterin\u00e1ria<\/h2>\n<h4><strong>Centro M\u00e9dico Dra. Cristina Gaspar<\/strong><\/h4>\n<p>Rua\u00a0<span>Doutor Ant\u00f3nio A Oliveira, 1-C<br \/>\n<\/span><span>9630-141 Vila do Nordeste<\/span><\/p>\n<p><span>Tel.: 296 488 689<\/span><\/p>\n<p><span>Email:\u00a0<a href=\"mailto:mbcgaspar@mail.telepac.pt\">mbcgaspar@mail.telepac.pt<\/a><br \/>\n<\/span><\/p>\n<h4><strong>Fitness Absoluto<\/strong> &#8211; Policl\u00ednica e Gin\u00e1sio do Nordeste<\/h4>\n<p>Rua D. Maria do Ros\u00e1rio N\u00ba4<br \/>\n9630 &#8211; 144 Vila do Nordeste<\/p>\n<p>Tel.: <span>919 741 729<\/span><\/p>\n<h4><strong>Gabinete M\u00e9dico de Carlos Mendon\u00e7a<\/strong><\/h4>\n<p>Fisioterapia e outros servi\u00e7os<\/p>\n<p>Para marca\u00e7\u00f5es contactar:<br \/>\nTel.: 913016393<\/p>\n<p>Email: gabinetemedico.cm@gmail.com<\/p>\n<h4><strong>Clinica Veterin\u00e1ria do Nordeste<\/strong><\/h4>\n<p>Rua Francisco Duarte S\/N<br \/>\n9630 -104 Lomba da Fazenda\u00a0<\/p>\n<p>Tel.: 926 940 772<\/p>\n<h2>Cabeleireiros e Est\u00e9tica\u00a0<\/h2>\n<h4><strong>Paulazita<\/strong><\/h4>\n<p>Rua da Autonomia, N\u00ba 33, 9630 \u2013 168<br \/>\nVila de Nordeste<\/p>\n<p>Tel.: 296 488 265<\/p>\n<h4><strong>Sandra Cabeleireiros<\/strong><\/h4>\n<p>Rua Nova N\u00ba3B<\/p>\n<p>9630-160 Vila do Nordeste<\/p>\n<p>Tel: 916 545 425<\/p>\n<p>&nbsp;<\/p>\n<h4><strong>Marco Lima Barber Shop<\/strong><\/h4>\n<p>Rua Ant\u00f3nio Alves de Oliveira<br \/>\nVila do Nordeste<\/p>\n<p>Tel.: 967 608 220<\/p>\n<h4><\/h4>\n<h4><strong>Gra\u00e7a Teves<\/strong><\/h4>\n<p>Estrada Regional, N\u00ba 4<br \/>\n9630 \u2013 103 Lomba da Fazenda<\/p>\n<p>Tel.: 296 486 396<\/p>\n<p>&nbsp;<\/p>\n<h4><strong>Vitor Studio Hair<\/strong><\/h4>\n<p>Dr. Manuel Jo\u00e3o da Silveira N.8<\/p>\n<p>9630 Vila do Nordeste<\/p>\n<p>Tel: 914 737\u00a0297<\/p>\n<h4><\/h4>\n<h4><strong>Elisabete Cabral<\/strong> (Cabeleireiro)<\/h4>\n<p>Rua Ant\u00f3nio Alves de Oliveira, 50<br \/>\n9630 Vila do Nordeste<\/p>\n<p>Tel.: 917 391 426<\/p>\n<h4><strong>C\u00e2ndida Cabral Est\u00e9tica e Massagem<\/strong><\/h4>\n<p>Pra\u00e7a da Rep\u00fablica N\u00ba11<br \/>\n9630 Vila do Nordeste<\/p>\n<p>Marca\u00e7\u00e3o atrav\u00e9s de p\u00e1gina <a href=\"https:\/\/www.facebook.com\/profile.php?id=100063692480138\">Facebook<\/a>\u00a0e presencialmente<\/p>\n<p>&nbsp;<\/p>\n<h4><strong>Instituto de Beleza Beauty 4U<\/strong><\/h4>\n<p>Estrada Regional &#8211; Concei\u00e7\u00e3o n.\u00ba 27<\/p>\n<p>9630 &#8211; 103 Lomba da Fazenda<\/p>\n<p>Tel.: 912 368 342<\/p>\n<p>&nbsp;<\/p>\n<h4><strong>Barbearia Hugo Pacheco<\/strong><\/h4>\n<p>Rua Nova<\/p>\n<p>9630-014 Achada<\/p>\n<p>Tel: 910689065<\/p>\n","protected":false},"excerpt":{"rendered":"<p>Bancos Santander Totta (ENCERRADO) Rua Ant\u00f3nio Alves Oliveira Vila de Nordeste Tel.: 296 480 170 Montepio Geral Pra\u00e7a da Rep\u00fablica Vila de Nordeste Tel.: 296 000 090 Caixa Geral de Dep\u00f3sitos Rua Ant\u00f3nio Alves de Oliveira Vila de Nordeste Tel.: 296 480 040 Novo Banco Estrada Regional Lomba da Fazenda Tel.: 296 488 048 Inform\u00e1tica [&hellip;]<\/p>\n","protected":false},"author":1,"featured_media":0,"parent":1420,"menu_order":0,"comment_status":"closed","ping_status":"closed","template":"page-servicos.php","meta":{"_acf_changed":false,"footnotes":""},"class_list":["post-1434","page","type-page","status-publish","hentry"],"acf":[],"yoast_head":"<!-- This site is optimized with the Yoast SEO plugin v27.4 - https:\/\/yoast.com\/product\/yoast-seo-wordpress\/ -->\n<title>Servi\u00e7os - Turismo<\/title>\n<meta name=\"robots\" content=\"index, follow, max-snippet:-1, max-image-preview:large, max-video-preview:-1\" \/>\n<link rel=\"canonical\" href=\"https:\/\/cmnordeste.pt\/turismo\/comercio-local\/servicos\/\" \/>\n<meta property=\"og:locale\" content=\"pt_PT\" \/>\n<meta property=\"og:type\" content=\"article\" \/>\n<meta property=\"og:title\" content=\"Servi\u00e7os - Turismo\" \/>\n<meta property=\"og:description\" content=\"Bancos Santander Totta (ENCERRADO) Rua Ant\u00f3nio Alves Oliveira Vila de Nordeste Tel.: 296 480 170 Montepio Geral Pra\u00e7a da Rep\u00fablica Vila de Nordeste Tel.: 296 000 090 Caixa Geral de Dep\u00f3sitos Rua Ant\u00f3nio Alves de Oliveira Vila de Nordeste Tel.: 296 480 040 Novo Banco Estrada Regional Lomba da Fazenda Tel.: 296 488 048 Inform\u00e1tica [&hellip;]\" \/>\n<meta property=\"og:url\" content=\"https:\/\/cmnordeste.pt\/turismo\/comercio-local\/servicos\/\" \/>\n<meta property=\"og:site_name\" content=\"Turismo\" \/>\n<meta property=\"article:modified_time\" content=\"2026-01-05T17:29:38+00:00\" \/>\n<meta name=\"twitter:card\" content=\"summary_large_image\" \/>\n<meta name=\"twitter:label1\" content=\"Tempo estimado de leitura\" \/>\n\t<meta name=\"twitter:data1\" content=\"2 minutos\" \/>\n<script type=\"application\/ld+json\" class=\"yoast-schema-graph\">{\"@context\":\"https:\\\/\\\/schema.org\",\"@graph\":[{\"@type\":\"WebPage\",\"@id\":\"https:\\\/\\\/cmnordeste.pt\\\/turismo\\\/comercio-local\\\/servicos\\\/\",\"url\":\"https:\\\/\\\/cmnordeste.pt\\\/turismo\\\/comercio-local\\\/servicos\\\/\",\"name\":\"Servi\u00e7os - Turismo\",\"isPartOf\":{\"@id\":\"https:\\\/\\\/cmnordeste.pt\\\/turismo\\\/#website\"},\"datePublished\":\"2025-12-30T10:36:26+00:00\",\"dateModified\":\"2026-01-05T17:29:38+00:00\",\"breadcrumb\":{\"@id\":\"https:\\\/\\\/cmnordeste.pt\\\/turismo\\\/comercio-local\\\/servicos\\\/#breadcrumb\"},\"inLanguage\":\"pt-PT\",\"potentialAction\":[{\"@type\":\"ReadAction\",\"target\":[\"https:\\\/\\\/cmnordeste.pt\\\/turismo\\\/comercio-local\\\/servicos\\\/\"]}]},{\"@type\":\"BreadcrumbList\",\"@id\":\"https:\\\/\\\/cmnordeste.pt\\\/turismo\\\/comercio-local\\\/servicos\\\/#breadcrumb\",\"itemListElement\":[{\"@type\":\"ListItem\",\"position\":1,\"name\":\"In\u00edcio\",\"item\":\"https:\\\/\\\/cmnordeste.pt\\\/turismo\\\/pt\\\/\"},{\"@type\":\"ListItem\",\"position\":2,\"name\":\"Com\u00e9rcio local\",\"item\":\"https:\\\/\\\/cmnordeste.pt\\\/turismo\\\/comercio-local\\\/\"},{\"@type\":\"ListItem\",\"position\":3,\"name\":\"Servi\u00e7os\"}]},{\"@type\":\"WebSite\",\"@id\":\"https:\\\/\\\/cmnordeste.pt\\\/turismo\\\/#website\",\"url\":\"https:\\\/\\\/cmnordeste.pt\\\/turismo\\\/\",\"name\":\"Turismo\",\"description\":\"Turismo no Nordeste\",\"potentialAction\":[{\"@type\":\"SearchAction\",\"target\":{\"@type\":\"EntryPoint\",\"urlTemplate\":\"https:\\\/\\\/cmnordeste.pt\\\/turismo\\\/?s={search_term_string}\"},\"query-input\":{\"@type\":\"PropertyValueSpecification\",\"valueRequired\":true,\"valueName\":\"search_term_string\"}}],\"inLanguage\":\"pt-PT\"}]}<\/script>\n<!-- \/ Yoast SEO plugin. -->","yoast_head_json":{"title":"Servi\u00e7os - Turismo","robots":{"index":"index","follow":"follow","max-snippet":"max-snippet:-1","max-image-preview":"max-image-preview:large","max-video-preview":"max-video-preview:-1"},"canonical":"https:\/\/cmnordeste.pt\/turismo\/comercio-local\/servicos\/","og_locale":"pt_PT","og_type":"article","og_title":"Servi\u00e7os - Turismo","og_description":"Bancos Santander Totta (ENCERRADO) Rua Ant\u00f3nio Alves Oliveira Vila de Nordeste Tel.: 296 480 170 Montepio Geral Pra\u00e7a da Rep\u00fablica Vila de Nordeste Tel.: 296 000 090 Caixa Geral de Dep\u00f3sitos Rua Ant\u00f3nio Alves de Oliveira Vila de Nordeste Tel.: 296 480 040 Novo Banco Estrada Regional Lomba da Fazenda Tel.: 296 488 048 Inform\u00e1tica [&hellip;]","og_url":"https:\/\/cmnordeste.pt\/turismo\/comercio-local\/servicos\/","og_site_name":"Turismo","article_modified_time":"2026-01-05T17:29:38+00:00","twitter_card":"summary_large_image","twitter_misc":{"Tempo estimado de leitura":"2 minutos"},"schema":{"@context":"https:\/\/schema.org","@graph":[{"@type":"WebPage","@id":"https:\/\/cmnordeste.pt\/turismo\/comercio-local\/servicos\/","url":"https:\/\/cmnordeste.pt\/turismo\/comercio-local\/servicos\/","name":"Servi\u00e7os - Turismo","isPartOf":{"@id":"https:\/\/cmnordeste.pt\/turismo\/#website"},"datePublished":"2025-12-30T10:36:26+00:00","dateModified":"2026-01-05T17:29:38+00:00","breadcrumb":{"@id":"https:\/\/cmnordeste.pt\/turismo\/comercio-local\/servicos\/#breadcrumb"},"inLanguage":"pt-PT","potentialAction":[{"@type":"ReadAction","target":["https:\/\/cmnordeste.pt\/turismo\/comercio-local\/servicos\/"]}]},{"@type":"BreadcrumbList","@id":"https:\/\/cmnordeste.pt\/turismo\/comercio-local\/servicos\/#breadcrumb","itemListElement":[{"@type":"ListItem","position":1,"name":"In\u00edcio","item":"https:\/\/cmnordeste.pt\/turismo\/pt\/"},{"@type":"ListItem","position":2,"name":"Com\u00e9rcio local","item":"https:\/\/cmnordeste.pt\/turismo\/comercio-local\/"},{"@type":"ListItem","position":3,"name":"Servi\u00e7os"}]},{"@type":"WebSite","@id":"https:\/\/cmnordeste.pt\/turismo\/#website","url":"https:\/\/cmnordeste.pt\/turismo\/","name":"Turismo","description":"Turismo no Nordeste","potentialAction":[{"@type":"SearchAction","target":{"@type":"EntryPoint","urlTemplate":"https:\/\/cmnordeste.pt\/turismo\/?s={search_term_string}"},"query-input":{"@type":"PropertyValueSpecification","valueRequired":true,"valueName":"search_term_string"}}],"inLanguage":"pt-PT"}]}},"_links":{"self":[{"href":"https:\/\/cmnordeste.pt\/turismo\/wp-json\/wp\/v2\/pages\/1434","targetHints":{"allow":["GET"]}}],"collection":[{"href":"https:\/\/cmnordeste.pt\/turismo\/wp-json\/wp\/v2\/pages"}],"about":[{"href":"https:\/\/cmnordeste.pt\/turismo\/wp-json\/wp\/v2\/types\/page"}],"author":[{"embeddable":true,"href":"https:\/\/cmnordeste.pt\/turismo\/wp-json\/wp\/v2\/users\/1"}],"replies":[{"embeddable":true,"href":"https:\/\/cmnordeste.pt\/turismo\/wp-json\/wp\/v2\/comments?post=1434"}],"version-history":[{"count":10,"href":"https:\/\/cmnordeste.pt\/turismo\/wp-json\/wp\/v2\/pages\/1434\/revisions"}],"predecessor-version":[{"id":8995,"href":"https:\/\/cmnordeste.pt\/turismo\/wp-json\/wp\/v2\/pages\/1434\/revisions\/8995"}],"up":[{"embeddable":true,"href":"https:\/\/cmnordeste.pt\/turismo\/wp-json\/wp\/v2\/pages\/1420"}],"wp:attachment":[{"href":"https:\/\/cmnordeste.pt\/turismo\/wp-json\/wp\/v2\/media?parent=1434"}],"curies":[{"name":"wp","href":"https:\/\/api.w.org\/{rel}","templated":true}]}}